{"entities":{"Q451340":{"pageid":418253,"ns":120,"title":"Item:Q451340","lastrevid":1037228,"modified":"2025-04-14T22:31:23Z","type":"item","id":"Q451340","labels":{"hu":{"language":"hu","value":"\u201eA hal\u00e1lt meg lehet sz\u00e9gyen\u00edteni\u201d. Oravecz Imre 1972. szeptember c\u00edm\u0171 m\u0171v\u00e9nek olasz fogadtat\u00e1s\u00e1b\u00f3l"},"en":{"language":"en","value":"\u201eA hal\u00e1lt meg lehet sz\u00e9gyen\u00edteni\u201d. Oravecz Imre 1972. szeptember c\u00edm\u0171 m\u0171v\u00e9nek olasz fogadtat\u00e1s\u00e1b\u00f3l"}},"descriptions":{"hu":{"language":"hu","value":"Todero Anna, sz\u00f6vegkiad\u00e1s, \u00c9let \u00e9s Irodalom, 2020"}},"aliases":{},"claims":{"P1":[{"mainsnak":{"snaktype":"value","property":"P1","datavalue":{"value":{"entity-type":"item","numeric-id":24,"id":"Q24"},"type":"wikibase-entityid"},"datatype":"wikibase-item"},"type":"statement","id":"Q451340$C31CB709-8036-4CB4-B159-10DD80A8E699","rank":"normal"}],"P17":[{"mainsnak":{"snaktype":"value","property":"P17","datavalue":{"value":{"entity-type":"item","numeric-id":2138,"id":"Q2138"},"type":"wikibase-entityid"},"datatype":"wikibase-item"},"type":"statement","id":"Q451340$9567D355-A992-43D8-99DE-934F951AA00C","rank":"normal"}],"P192":[{"mainsnak":{"snaktype":"value","property":"P192","datavalue":{"value":{"entity-type":"item","numeric-id":149264,"id":"Q149264"},"type":"wikibase-entityid"},"datatype":"wikibase-item"},"type":"statement","id":"Q451340$5EBC0FE1-99D4-43BA-A656-2F05CE6F85F2","rank":"normal"}],"P225":[{"mainsnak":{"snaktype":"value","property":"P225","datavalue":{"value":"mib2013Todero 2020","type":"string"},"datatype":"string"},"type":"statement","id":"Q451340$7F045D7E-769A-49B3-8FE0-D7BE01DDB431","rank":"normal"}],"P37":[{"mainsnak":{"snaktype":"value","property":"P37","datavalue":{"value":"Todero Anna","type":"string"},"datatype":"string"},"type":"statement","id":"Q451340$F07AF698-6A95-4BAB-A73A-745D7AFCB20F","rank":"normal"}],"P41":[{"mainsnak":{"snaktype":"value","property":"P41","datavalue":{"value":{"entity-type":"item","numeric-id":242357,"id":"Q242357"},"type":"wikibase-entityid"},"datatype":"wikibase-item"},"type":"statement","id":"Q451340$B8F0B051-58EB-4210-AAD6-6635FEE23A31","rank":"normal"}],"P44":[{"mainsnak":{"snaktype":"value","property":"P44","datavalue":{"value":{"entity-type":"item","numeric-id":23987,"id":"Q23987"},"type":"wikibase-entityid"},"datatype":"wikibase-item"},"type":"statement","id":"Q451340$6FB6758C-5848-48F8-972B-6EF24E6101CE","rank":"normal"}],"P45":[{"mainsnak":{"snaktype":"value","property":"P45","datavalue":{"value":"64","type":"string"},"datatype":"string"},"type":"statement","id":"Q451340$7EE7F47B-109D-42F8-94A6-2D376CC0D00D","rank":"normal"}],"P46":[{"mainsnak":{"snaktype":"value","property":"P46","datavalue":{"value":"3","type":"string"},"datatype":"string"},"type":"statement","id":"Q451340$CF2B12A6-BBE8-4721-AEF7-C2D7F363E03A","rank":"normal"}],"P49":[{"mainsnak":{"snaktype":"value","property":"P49","datavalue":{"value":"21","type":"string"},"datatype":"string"},"type":"statement","id":"Q451340$100D40EF-DE5C-49F0-91B5-84424488C080","rank":"normal"}],"P57":[{"mainsnak":{"snaktype":"value","property":"P57","datavalue":{"value":{"time":"+2020-00-00T00:00:00Z","timezone":0,"before":0,"after":0,"precision":9,"calendarmodel":"http://www.wikidata.org/entity/Q1985727"},"type":"time"},"datatype":"time"},"type":"statement","id":"Q451340$C6298ABC-7986-4DC2-846C-BCE07D2860A4","rank":"normal"}],"P18":[{"mainsnak":{"snaktype":"value","property":"P18","datavalue":{"value":{"text":"Imre Oravecz: Settembre 1972. Ford.: Vera Gheno. [Reg\u00e9ny] Mil\u00e1n\u00f3, Anfora Kiad\u00f3, 2019, 132 l. Rosella Postorino: A szerelmi b\u00e1nat m\u00e9rc\u00e9je huszon\u00f6t sor, La Stampa TuttoLibri, 2019. m\u00e1jus 31.; Rosella Postorino: A szerelmi b\u00e1nat m\u00e9rc\u00e9je huszon\u00f6t sor, La Stampa TuttoLibri, 2019. m\u00e1jus 31.; Raffaello Palumbo Mosca: Kilencvenkilenc pillanatk\u00e9p a szerelemr\u0151l, Il Sole 24 Ore, 2019. szeptember 15.; Vanni Santoni: 1972. szeptember, a magyar irodalom \u00fajabb gy\u00f6ngyszeme, Il Foglio, 2019. augusztus 4.; Gian Paolo Serino: Oravecz Imre 1972. szeptember-e egy k\u00f6lt\u0151i \u00e9let remekm\u0171ve, Il Giornale 2019. szeptember 15.; Krasznahorkai L\u00e1szl\u00f3: Meghalni \u00fajra meg \u00fajra: ez a szerelem. [Krasznahorkai a Corriere della Ser\u00e1nak \u00edrta a cikket \u2013 magyarul, amit azt\u00e1n Szil\u00e1gyi M\u00f3nika ford\u00edtott olaszra, de itt az eredeti magyar sz\u00f6vegb\u0151l val\u00f3 az id\u00e9zet.] Corriere della Sera, 2019. okt\u00f3ber 20.; Eleonora Daniel: A felid\u00e9z\u00e9s mint k\u00f6teless\u00e9g, Altri Animali, 2019. szeptember 9.; Federica Privitera: Oravecz Imre: 1972. szeptember, egy f\u00e1jdalmas \u00e9s sz\u00e9ps\u00e9ges olvasm\u00e1ny, Critica Letteraria, 2019. szeptember 18. V\u00e1logatta \u00e9s ford\u00edtotta: Todero Anna.","language":"en"},"type":"monolingualtext"},"datatype":"monolingualtext"},"type":"statement","id":"Q451340$0CF23DC4-BE95-4F35-90AE-33AB7DA2CD4E","rank":"normal"}]},"sitelinks":{}}}}

„A halált meg lehet szégyeníteni”. Oravecz Imre 1972. szeptember című művének olasz fogadtatásából

Todero Anna, szövegkiadás, Élet és Irodalom, 2020

Imre Oravecz: Settembre 1972. Ford.: Vera Gheno. [Regény] Milánó, Anfora Kiadó, 2019, 132 l. Rosella Postorino: A szerelmi bánat mércéje huszonöt sor, La Stampa TuttoLibri, 2019. május 31.; Rosella Postorino: A szerelmi bánat mércéje huszonöt sor, La Stampa TuttoLibri, 2019. május 31.; Raffaello Palumbo Mosca: Kilencvenkilenc pillanatkép a szerelemről, Il Sole 24 Ore, 2019. szeptember 15.; Vanni Santoni: 1972. szeptember, a magyar irodalom újabb gyöngyszeme, Il Foglio, 2019. augusztus 4.; Gian Paolo Serino: Oravecz Imre 1972. szeptember-e egy költői élet remekműve, Il Giornale 2019. szeptember 15.; Krasznahorkai László: Meghalni újra meg újra: ez a szerelem. [Krasznahorkai a Corriere della Serának írta a cikket – magyarul, amit aztán Szilágyi Mónika fordított olaszra, de itt az eredeti magyar szövegből való az idézet.] Corriere della Sera, 2019. október 20.; Eleonora Daniel: A felidézés mint kötelesség, Altri Animali, 2019. szeptember 9.; Federica Privitera: Oravecz Imre: 1972. szeptember, egy fájdalmas és szépséges olvasmány, Critica Letteraria, 2019. szeptember 18. Válogatta és fordította: Todero Anna.
