{"entities":{"Q449982":{"pageid":416915,"ns":120,"title":"Item:Q449982","lastrevid":1037102,"modified":"2025-04-14T22:29:18Z","type":"item","id":"Q449982","labels":{"hu":{"language":"hu","value":"A fiatal Miksz\u00e1th \u00e9s a b\u0171n\u00fcgyi reg\u00e9ny formaelvei [Az ap\u00e1m ismer\u0151sei]"},"en":{"language":"en","value":"A fiatal Miksz\u00e1th \u00e9s a b\u0171n\u00fcgyi reg\u00e9ny formaelvei [Az ap\u00e1m ismer\u0151sei]"}},"descriptions":{"hu":{"language":"hu","value":"Szil\u00e1gyi M\u00e1rton, tanulm\u00e1ny, Irodalomismeret, 2016"}},"aliases":{},"claims":{"P1":[{"mainsnak":{"snaktype":"value","property":"P1","datavalue":{"value":{"entity-type":"item","numeric-id":24,"id":"Q24"},"type":"wikibase-entityid"},"datatype":"wikibase-item"},"type":"statement","id":"Q449982$D6C55D1D-0FC6-408C-B86B-9750F17C5ED6","rank":"normal"}],"P17":[{"mainsnak":{"snaktype":"value","property":"P17","datavalue":{"value":{"entity-type":"item","numeric-id":2138,"id":"Q2138"},"type":"wikibase-entityid"},"datatype":"wikibase-item"},"type":"statement","id":"Q449982$BEA08F29-5F97-4917-99BF-2C8BD0BF7045","rank":"normal"}],"P192":[{"mainsnak":{"snaktype":"value","property":"P192","datavalue":{"value":{"entity-type":"item","numeric-id":244650,"id":"Q244650"},"type":"wikibase-entityid"},"datatype":"wikibase-item"},"type":"statement","id":"Q449982$A5F851FD-1696-499C-BA81-2C795BD1C851","rank":"normal"}],"P225":[{"mainsnak":{"snaktype":"value","property":"P225","datavalue":{"value":"mib2013Szil\u00e1gyi 2016a","type":"string"},"datatype":"string"},"type":"statement","id":"Q449982$D70993F4-719F-45F8-80F0-B4E798A2DB2D","rank":"normal"}],"P37":[{"mainsnak":{"snaktype":"value","property":"P37","datavalue":{"value":"Szil\u00e1gyi M\u00e1rton","type":"string"},"datatype":"string"},"type":"statement","id":"Q449982$120333E4-A062-4200-853A-5130DEB42AE7","rank":"normal"}],"P41":[{"mainsnak":{"snaktype":"value","property":"P41","datavalue":{"value":{"entity-type":"item","numeric-id":329375,"id":"Q329375"},"type":"wikibase-entityid"},"datatype":"wikibase-item"},"type":"statement","id":"Q449982$07F6C404-E5EF-467F-A444-FBC4D72BA748","rank":"normal"}],"P44":[{"mainsnak":{"snaktype":"value","property":"P44","datavalue":{"value":{"entity-type":"item","numeric-id":23783,"id":"Q23783"},"type":"wikibase-entityid"},"datatype":"wikibase-item"},"type":"statement","id":"Q449982$02939758-1C56-45B5-8FD3-4654ECDC7C9C","rank":"normal"}],"P45":[{"mainsnak":{"snaktype":"value","property":"P45","datavalue":{"value":"105","type":"string"},"datatype":"string"},"type":"statement","id":"Q449982$8CB9D3D6-A01F-4119-8266-75C444528F83","rank":"normal"}],"P46":[{"mainsnak":{"snaktype":"value","property":"P46","datavalue":{"value":"1","type":"string"},"datatype":"string"},"type":"statement","id":"Q449982$C51276E5-D7C1-467E-938F-352104EEE732","rank":"normal"}],"P49":[{"mainsnak":{"snaktype":"value","property":"P49","datavalue":{"value":"60\u201367","type":"string"},"datatype":"string"},"type":"statement","id":"Q449982$58609CB7-9A6D-4F49-9301-AD4F7FDDF5E8","rank":"normal"}],"P57":[{"mainsnak":{"snaktype":"value","property":"P57","datavalue":{"value":{"time":"+2016-00-00T00:00:00Z","timezone":0,"before":0,"after":0,"precision":9,"calendarmodel":"http://www.wikidata.org/entity/Q1985727"},"type":"time"},"datatype":"time"},"type":"statement","id":"Q449982$8F966751-5A5B-4A7F-9D5B-C175854DC16A","rank":"normal"}],"P18":[{"mainsnak":{"snaktype":"value","property":"P18","datavalue":{"value":{"text":"Miksz\u00e1th K\u00e1lm\u00e1nnak A t\u00f3t atyafiak \u2013 A j\u00f3 pal\u00f3cok sikere el\u0151tti, kev\u00e9sb\u00e9 ismert korszak\u00e1r\u00f3l, els\u0151 reg\u00e9ny\u00e9r\u0151l, Az ap\u00e1m ismer\u0151seir\u0151l. A reg\u00e9ny pr\u00f3zapo\u00e9tikai \u00fajdons\u00e1gair\u00f3l. A b\u0171n st\u00e1tusza, a Bach-korszakot megid\u00e9z\u0151 id\u0151jel\u0151l\u0151 mozzanatok a reg\u00e9nyben. Eml\u00edtve: Miksz\u00e1th K\u00e1lm\u00e1n: Hom\u00e1lyos \u00fcgy; Mikor utols\u00f3 f\u00f6ldesurunk a deszk\u00e1n fek\u00fcdt c. novell\u00e1i, Mad\u00e1ch Imre: A civiliz\u00e1tor c. sz\u00ednm\u0171ve. A tanulm\u00e1ny el\u0151ad\u00e1sk\u00e9nt elhangzott az ELTE, a Magyar Irodalomt\u00f6rt\u00e9neti T\u00e1rsas\u00e1g \u00e9s a Pet\u0151fi Irodalmi M\u00fazeum \u00e1ltal rendezett Miksz\u00e1th-konferenci\u00e1n, 2015. okt\u00f3ber 8-\u00e1n.","language":"en"},"type":"monolingualtext"},"datatype":"monolingualtext"},"type":"statement","id":"Q449982$75EC4A8B-CF96-4390-9E84-53A92D76D49A","rank":"normal"}]},"sitelinks":{}}}}

A fiatal Mikszáth és a bűnügyi regény formaelvei [Az apám ismerősei]

Szilágyi Márton, tanulmány, Irodalomismeret, 2016

mib2013Szilágyi 2016a

Szilágyi Márton

Mikszáth Kálmánnak A tót atyafiak – A jó palócok sikere előtti, kevésbé ismert korszakáról, első regényéről, Az apám ismerőseiről. A regény prózapoétikai újdonságairól. A bűn státusza, a Bach-korszakot megidéző időjelőlő mozzanatok a regényben. Említve: Mikszáth Kálmán: Homályos ügy; Mikor utolsó földesurunk a deszkán feküdt c. novellái, Madách Imre: A civilizátor c. színműve. A tanulmány előadásként elhangzott az ELTE, a Magyar Irodalomtörténeti Társaság és a Petőfi Irodalmi Múzeum által rendezett Mikszáth-konferencián, 2015. október 8-án.
