{"entities":{"Q392919":{"pageid":368004,"ns":120,"title":"Item:Q392919","lastrevid":687770,"modified":"2024-01-13T14:02:39Z","type":"item","id":"Q392919","labels":{"hu":{"language":"hu","value":"Zensur und Geistesfreiheit unter Joseph II. Beitrag zur Kulturgeschichte der Habsburgischen L\u00e4nder"},"en":{"language":"en","value":"Zensur und Geistesfreiheit unter Joseph II. Beitrag zur Kulturgeschichte der Habsburgischen L\u00e4nder"}},"descriptions":{"hu":{"language":"hu","value":"Sashegyi Oszk\u00e1r, 1958"}},"aliases":{},"claims":{"P1":[{"mainsnak":{"snaktype":"value","property":"P1","datavalue":{"value":{"entity-type":"item","numeric-id":24104,"id":"Q24104"},"type":"wikibase-entityid"},"datatype":"wikibase-item"},"type":"statement","id":"Q392919$83282BA6-467F-4D0B-93DC-44FDC376233B","rank":"normal"}],"P17":[{"mainsnak":{"snaktype":"value","property":"P17","datavalue":{"value":{"entity-type":"item","numeric-id":2138,"id":"Q2138"},"type":"wikibase-entityid"},"datatype":"wikibase-item"},"type":"statement","id":"Q392919$03B6D20C-AFBF-423D-987E-265867867BA0","rank":"normal"}],"P225":[{"mainsnak":{"snaktype":"value","property":"P225","datavalue":{"value":"mib02K\u00f6nyv 1958i","type":"string"},"datatype":"string"},"type":"statement","id":"Q392919$AF48706A-1EFE-4B13-A043-0501B49BFDFD","rank":"normal"}],"P226":[{"mainsnak":{"snaktype":"value","property":"P226","datavalue":{"value":"I. \u00c1ltal\u00e1nos r\u00e9sz/4. Az irodalmi folyamat t\u00f6rt\u00e9nete/Kort\u00f6rt\u00e9neti \u00e1ttekint\u00e9sek/T\u00f6rt\u00e9neti irodalom/Jozefinizmus, nemesi reformizmus kora/\u00d6sszefoglal\u00f3 munk\u00e1k","type":"string"},"datatype":"string"},"type":"statement","id":"Q392919$B37FB6F8-CFB9-4F16-A020-A73979D06E91","rank":"normal"}],"P37":[{"mainsnak":{"snaktype":"value","property":"P37","datavalue":{"value":"Sashegyi Oszk\u00e1r","type":"string"},"datatype":"string"},"type":"statement","id":"Q392919$7628BF58-B1BC-46C8-BB58-5733FA50F810","rank":"normal"}],"P57":[{"mainsnak":{"snaktype":"value","property":"P57","datavalue":{"value":{"time":"+1958-00-00T00:00:00Z","timezone":0,"before":0,"after":0,"precision":9,"calendarmodel":"http://www.wikidata.org/entity/Q1985727"},"type":"time"},"datatype":"time"},"type":"statement","id":"Q392919$8C80385B-9712-407C-972B-29B4B4E787FD","rank":"normal"}]},"sitelinks":{}}}}

Zensur und Geistesfreiheit unter Joseph II. Beitrag zur Kulturgeschichte der Habsburgischen Länder

Sashegyi Oszkár, 1958

mib02Könyv 1958i

I. Általános rész/4. Az irodalmi folyamat története/Kortörténeti áttekintések/Történeti irodalom/Jozefinizmus, nemesi reformizmus kora/Összefoglaló munkák

Sashegyi Oszkár
