{"entities":{"Q72":{"pageid":166,"ns":120,"title":"Item:Q72","lastrevid":955,"modified":"2022-02-10T08:45:37Z","type":"item","id":"Q72","labels":{"en":{"language":"en","value":"politician"},"hu":{"language":"hu","value":"politikus"}},"descriptions":{"en":{"language":"en","value":"person involved in politics; person who holds or seeks positions in government"},"hu":{"language":"hu","value":"politikai tev\u00e9kenys\u00e9get folytat\u00f3 szem\u00e9ly"}},"aliases":{},"claims":{"P2":[{"mainsnak":{"snaktype":"value","property":"P2","datavalue":{"value":"Q82955","type":"string"},"datatype":"external-id"},"type":"statement","id":"Q72$b913fd30-44ad-b127-98d4-88a61e48a109","rank":"normal"}],"P1":[{"mainsnak":{"snaktype":"value","property":"P1","datavalue":{"value":{"entity-type":"item","numeric-id":56,"id":"Q56"},"type":"wikibase-entityid"},"datatype":"wikibase-item"},"type":"statement","id":"Q72$90b1db4c-4051-8d69-23fc-70b76ae63eb1","rank":"normal"}],"P12":[{"mainsnak":{"snaktype":"value","property":"P12","datavalue":{"value":"Q82955","type":"string"},"datatype":"external-id"},"type":"statement","id":"Q72$c4329826-4e62-b96c-abc8-c6d584e7ddc2","rank":"normal"}]},"sitelinks":{}}}}

politikai tevékenységet folytató személy
