{"entities":{"Q469543":{"pageid":433964,"ns":120,"title":"Item:Q469543","lastrevid":1046089,"modified":"2025-04-15T22:54:18Z","type":"item","id":"Q469543","labels":{"hu":{"language":"hu","value":"K\u00f6lt\u0151k bar\u00e1ts\u00e1g\u00e1t\u00f3l n\u00e9pek testv\u00e9ris\u00e9g\u00e9ig. Magyar-orosz m\u0171vel\u0151d\u00e9si kapcsolatok a dualizmus kor\u00e1ban"},"en":{"language":"en","value":"K\u00f6lt\u0151k bar\u00e1ts\u00e1g\u00e1t\u00f3l n\u00e9pek testv\u00e9ris\u00e9g\u00e9ig. Magyar-orosz m\u0171vel\u0151d\u00e9si kapcsolatok a dualizmus kor\u00e1ban"}},"descriptions":{"hu":{"language":"hu","value":"Dolm\u00e1nyos Istv\u00e1n, 1959"}},"aliases":{},"claims":{"P1":[{"mainsnak":{"snaktype":"value","property":"P1","datavalue":{"value":{"entity-type":"item","numeric-id":24104,"id":"Q24104"},"type":"wikibase-entityid"},"datatype":"wikibase-item"},"type":"statement","id":"Q469543$138372FF-E030-46AB-A0F8-D7797D98EA4C","rank":"normal"}],"P17":[{"mainsnak":{"snaktype":"value","property":"P17","datavalue":{"value":{"entity-type":"item","numeric-id":2138,"id":"Q2138"},"type":"wikibase-entityid"},"datatype":"wikibase-item"},"type":"statement","id":"Q469543$22C0993B-388F-4F06-BBF7-91983CC1E21E","rank":"normal"}],"P18":[{"mainsnak":{"snaktype":"value","property":"P18","datavalue":{"value":{"text":"\u2013 Ism.: M. S., Kt\u00e1ros 1959. 716\u2013717. \u2013 Arat\u00f3 Endre, Sz\u00e1z 1961. 403\u2013406","language":"hu"},"type":"monolingualtext"},"datatype":"monolingualtext"},"type":"statement","id":"Q469543$22C978B5-1F77-4D8E-9213-0BF85DDD9FA2","rank":"normal"}],"P225":[{"mainsnak":{"snaktype":"value","property":"P225","datavalue":{"value":"mib03K\u00f6nyv 1959r","type":"string"},"datatype":"string"},"type":"statement","id":"Q469543$BB0BCA21-E382-43EA-B284-65281B2C2D75","rank":"normal"}],"P226":[{"mainsnak":{"snaktype":"value","property":"P226","datavalue":{"value":"I. \u00c1ltal\u00e1nos r\u00e9sz/6. A magyar irodalom \u00e9s a vil\u00e1girodalom k\u00f6lcs\u00f6nhat\u00e1sai/A magyar irodalom kapcsolata k\u00fclf\u00f6ldi irodalmakkal/Orosz\u2013magyar kapcsolatok/Irodalom/\u00d6sszefoglal\u00f3 \u00e9s gy\u0171jtem\u00e9nyes munk\u00e1k","type":"string"},"datatype":"string"},"type":"statement","id":"Q469543$6FB9F0C0-3749-40AA-AEAD-78B0053E572A","rank":"normal"}],"P37":[{"mainsnak":{"snaktype":"value","property":"P37","datavalue":{"value":"Dolm\u00e1nyos Istv\u00e1n","type":"string"},"datatype":"string"},"type":"statement","id":"Q469543$A471D25C-D25F-4A8D-9018-39691047FFC6","rank":"normal"}],"P57":[{"mainsnak":{"snaktype":"value","property":"P57","datavalue":{"value":{"time":"+1959-00-00T00:00:00Z","timezone":0,"before":0,"after":0,"precision":9,"calendarmodel":"http://www.wikidata.org/entity/Q1985727"},"type":"time"},"datatype":"time"},"type":"statement","id":"Q469543$396A0927-698B-4772-A847-74FE2CA3D9BF","rank":"normal"}]},"sitelinks":{}}}}

Költők barátságától népek testvériségéig. Magyar-orosz művelődési kapcsolatok a dualizmus korában

Dolmányos István, 1959

– Ism.: M. S., Ktáros 1959. 716–717. – Arató Endre, Száz 1961. 403–406

mib03Könyv 1959r

I. Általános rész/6. A magyar irodalom és a világirodalom kölcsönhatásai/A magyar irodalom kapcsolata külföldi irodalmakkal/Orosz–magyar kapcsolatok/Irodalom/Összefoglaló és gyűjteményes munkák

Dolmányos István
