{"entities":{"Q469432":{"pageid":433872,"ns":120,"title":"Item:Q469432","lastrevid":1046032,"modified":"2025-04-15T22:53:10Z","type":"item","id":"Q469432","labels":{"hu":{"language":"hu","value":"Az ember trag\u00e9di\u00e1ja \u00e9s a Faust"},"en":{"language":"en","value":"Az ember trag\u00e9di\u00e1ja \u00e9s a Faust"}},"descriptions":{"hu":{"language":"hu","value":"Pr\u00f6hle Vilma, 1929"}},"aliases":{},"claims":{"P1":[{"mainsnak":{"snaktype":"value","property":"P1","datavalue":{"value":{"entity-type":"item","numeric-id":24104,"id":"Q24104"},"type":"wikibase-entityid"},"datatype":"wikibase-item"},"type":"statement","id":"Q469432$2D9599D8-341B-44B3-919E-FF53B2672810","rank":"normal"}],"P17":[{"mainsnak":{"snaktype":"value","property":"P17","datavalue":{"value":{"entity-type":"item","numeric-id":2138,"id":"Q2138"},"type":"wikibase-entityid"},"datatype":"wikibase-item"},"type":"statement","id":"Q469432$DA773769-BFCE-45E4-BECF-69E302E7F2E1","rank":"normal"}],"P18":[{"mainsnak":{"snaktype":"value","property":"P18","datavalue":{"value":{"text":"\u2013 Ism.: [Cs\u00e1sz\u00e1r Elem\u00e9r] r. r., \u00dajNemz 1929. nov. 17. 262. sz. 9. \u2013 Kerekes Emil, ItK 1931. 119.","language":"hu"},"type":"monolingualtext"},"datatype":"monolingualtext"},"type":"statement","id":"Q469432$4C6C0B1E-68F6-437C-B409-9E43C8D3D363","rank":"normal"}],"P225":[{"mainsnak":{"snaktype":"value","property":"P225","datavalue":{"value":"mib03K\u00f6nyv 1929t","type":"string"},"datatype":"string"},"type":"statement","id":"Q469432$745E29C1-6C9C-4D13-BCAC-E7FDB1BB3AC7","rank":"normal"}],"P226":[{"mainsnak":{"snaktype":"value","property":"P226","datavalue":{"value":"I. \u00c1ltal\u00e1nos r\u00e9sz/6. A magyar irodalom \u00e9s a vil\u00e1girodalom k\u00f6lcs\u00f6nhat\u00e1sai/A magyar irodalom kapcsolata k\u00fclf\u00f6ldi irodalmakkal/N\u00e9met\u2013magyar kapcsolatok/Irodalom/Egyes n\u00e9met \u00edr\u00f3k kapcsolatai \u00e9s hat\u00e1sa/Goethe, Johann Wolfgang/Irodalom","type":"string"},"datatype":"string"},"type":"statement","id":"Q469432$DD09989C-FB4E-4A2B-A3CE-3C233D41D83F","rank":"normal"}],"P37":[{"mainsnak":{"snaktype":"value","property":"P37","datavalue":{"value":"Pr\u00f6hle Vilma","type":"string"},"datatype":"string"},"type":"statement","id":"Q469432$C4A2E060-9744-40DB-A61A-7358C02A0774","rank":"normal"}],"P57":[{"mainsnak":{"snaktype":"value","property":"P57","datavalue":{"value":{"time":"+1929-00-00T00:00:00Z","timezone":0,"before":0,"after":0,"precision":9,"calendarmodel":"http://www.wikidata.org/entity/Q1985727"},"type":"time"},"datatype":"time"},"type":"statement","id":"Q469432$120EE9AE-7D70-4341-A462-B7A15AFE611A","rank":"normal"}]},"sitelinks":{}}}}

Az ember tragédiája és a Faust

Pröhle Vilma, 1929

– Ism.: [Császár Elemér] r. r., ÚjNemz 1929. nov. 17. 262. sz. 9. – Kerekes Emil, ItK 1931. 119.

mib03Könyv 1929t

I. Általános rész/6. A magyar irodalom és a világirodalom kölcsönhatásai/A magyar irodalom kapcsolata külföldi irodalmakkal/Német–magyar kapcsolatok/Irodalom/Egyes német írók kapcsolatai és hatása/Goethe, Johann Wolfgang/Irodalom

Pröhle Vilma
