{"entities":{"Q469399":{"pageid":433846,"ns":120,"title":"Item:Q469399","lastrevid":1046015,"modified":"2025-04-15T22:52:52Z","type":"item","id":"Q469399","labels":{"hu":{"language":"hu","value":"A magyar st\u00edlus. 2. k\u00f6t. 2. r\u00e9sz: A jelz\u0151k sorrendje. A hat\u00e1roz\u00f3. A t\u00e1rgy. Az \u00f6sszetett mondat"},"en":{"language":"en","value":"A magyar st\u00edlus. 2. k\u00f6t. 2. r\u00e9sz: A jelz\u0151k sorrendje. A hat\u00e1roz\u00f3. A t\u00e1rgy. Az \u00f6sszetett mondat"}},"descriptions":{"hu":{"language":"hu","value":"Kulcs\u00e1r Endre, 1921"}},"aliases":{},"claims":{"P1":[{"mainsnak":{"snaktype":"value","property":"P1","datavalue":{"value":{"entity-type":"item","numeric-id":24104,"id":"Q24104"},"type":"wikibase-entityid"},"datatype":"wikibase-item"},"type":"statement","id":"Q469399$C4C71874-6F23-4765-91D2-63FE1390B72E","rank":"normal"}],"P17":[{"mainsnak":{"snaktype":"value","property":"P17","datavalue":{"value":{"entity-type":"item","numeric-id":2138,"id":"Q2138"},"type":"wikibase-entityid"},"datatype":"wikibase-item"},"type":"statement","id":"Q469399$2DF7474A-CEBA-4821-8477-4DA133D6175B","rank":"normal"}],"P18":[{"mainsnak":{"snaktype":"value","property":"P18","datavalue":{"value":{"text":"[A k\u00f6nyv 1. k\u00f6t. \u00e9s 2. k\u00f6t. 1. r\u00e9sze 1896\u20131897-ben jelent meg.]","language":"hu"},"type":"monolingualtext"},"datatype":"monolingualtext"},"type":"statement","id":"Q469399$CCA536BB-B576-477E-BD07-38B92B8E6F08","rank":"normal"}],"P225":[{"mainsnak":{"snaktype":"value","property":"P225","datavalue":{"value":"mib03K\u00f6nyv 1921d","type":"string"},"datatype":"string"},"type":"statement","id":"Q469399$917F4507-9285-4109-9F80-D12D80312F50","rank":"normal"}],"P226":[{"mainsnak":{"snaktype":"value","property":"P226","datavalue":{"value":"I. \u00c1ltal\u00e1nos r\u00e9sz/3. Az irodalmi m\u0171fajok, kifejez\u0151eszk\u00f6z\u00f6k elm\u00e9lete \u00e9s t\u00f6rt\u00e9nete/Az irodalmi kifejez\u0151eszk\u00f6z\u00f6k elm\u00e9lete \u00e9s t\u00f6rt\u00e9nete/Stilisztika/\u00d6sszefoglal\u00f3 \u00e9s gy\u0171jtem\u00e9nyes munk\u00e1k","type":"string"},"datatype":"string"},"type":"statement","id":"Q469399$DD2C18A6-03A3-4E7D-B519-0FACB9E43F57","rank":"normal"}],"P37":[{"mainsnak":{"snaktype":"value","property":"P37","datavalue":{"value":"Kulcs\u00e1r Endre","type":"string"},"datatype":"string"},"type":"statement","id":"Q469399$9964948E-1B35-46E7-BF68-89E29F3E09B1","rank":"normal"}],"P57":[{"mainsnak":{"snaktype":"value","property":"P57","datavalue":{"value":{"time":"+1921-00-00T00:00:00Z","timezone":0,"before":0,"after":0,"precision":9,"calendarmodel":"http://www.wikidata.org/entity/Q1985727"},"type":"time"},"datatype":"time"},"type":"statement","id":"Q469399$FF6AA4B5-80B6-43E3-90C9-83652460D8DA","rank":"normal"}]},"sitelinks":{}}}}

A magyar stílus. 2. köt. 2. rész: A jelzők sorrendje. A határozó. A tárgy. Az összetett mondat

Kulcsár Endre, 1921

[A könyv 1. köt. és 2. köt. 1. része 1896–1897-ben jelent meg.]

mib03Könyv 1921d

I. Általános rész/3. Az irodalmi műfajok, kifejezőeszközök elmélete és története/Az irodalmi kifejezőeszközök elmélete és története/Stilisztika/Összefoglaló és gyűjteményes munkák

Kulcsár Endre
