{"entities":{"Q469157":{"pageid":433633,"ns":120,"title":"Item:Q469157","lastrevid":1045872,"modified":"2025-04-15T22:50:22Z","type":"item","id":"Q469157","labels":{"hu":{"language":"hu","value":"A vil\u00e1girodalom egy magyar koncepci\u00f3ja"},"en":{"language":"en","value":"A vil\u00e1girodalom egy magyar koncepci\u00f3ja"}},"descriptions":{"hu":{"language":"hu","value":"Berczik \u00c1rp\u00e1d, 1961"}},"aliases":{},"claims":{"P1":[{"mainsnak":{"snaktype":"value","property":"P1","datavalue":{"value":{"entity-type":"item","numeric-id":24,"id":"Q24"},"type":"wikibase-entityid"},"datatype":"wikibase-item"},"type":"statement","id":"Q469157$65FE58DD-C588-462C-BCF2-261C3ADCF6C6","rank":"normal"}],"P17":[{"mainsnak":{"snaktype":"value","property":"P17","datavalue":{"value":{"entity-type":"item","numeric-id":2138,"id":"Q2138"},"type":"wikibase-entityid"},"datatype":"wikibase-item"},"type":"statement","id":"Q469157$10727425-1AF4-4EC1-9E04-3329651ACDBB","rank":"normal"}],"P18":[{"mainsnak":{"snaktype":"value","property":"P18","datavalue":{"value":{"text":"\u00e9s ALitt 1962. 287\u2013294., La litt\u00e9rature compar\u00e9e en Europe Orientale. Bp. 1963. 287\u2013294. [K\u00f6tetben \u201eEine ungarische Konzeption der Weltliteratur. [Hugo v. Meltzls vergleichende Literaturtheorie.]\u201d c\u00edmmel.]","language":"hu"},"type":"monolingualtext"},"datatype":"monolingualtext"},"type":"statement","id":"Q469157$38ABE47F-D35C-4C6F-B5CF-30487C9FE280","rank":"normal"}],"P225":[{"mainsnak":{"snaktype":"value","property":"P225","datavalue":{"value":"mib03Fejezet 1961o","type":"string"},"datatype":"string"},"type":"statement","id":"Q469157$C8F0181B-CC3F-4746-8F5A-B9497A87A46F","rank":"normal"}],"P226":[{"mainsnak":{"snaktype":"value","property":"P226","datavalue":{"value":"I. \u00c1ltal\u00e1nos r\u00e9sz/6. A magyar irodalom \u00e9s a vil\u00e1girodalom k\u00f6lcs\u00f6nhat\u00e1sai/Kapcsolatt\u00f6rt\u00e9net \u00e1ltal\u00e1ban. A komparatisztika k\u00e9rd\u00e9sei/Az \u00f6sszehasonl\u00edt\u00f3 irodalomt\u00f6rt\u00e9net\u00edr\u00e1s elvi \u00e9s t\u00f6rt\u00e9neti k\u00e9rd\u00e9sei","type":"string"},"datatype":"string"},"type":"statement","id":"Q469157$F17A767B-A631-4DFC-ADC6-E55F7D491A78","rank":"normal"}],"P37":[{"mainsnak":{"snaktype":"value","property":"P37","datavalue":{"value":"Berczik \u00c1rp\u00e1d","type":"string"},"datatype":"string"},"type":"statement","id":"Q469157$CA860D1F-BAA7-4290-BE26-52BBD5011B06","rank":"normal"}],"P57":[{"mainsnak":{"snaktype":"value","property":"P57","datavalue":{"value":{"time":"+1961-00-00T00:00:00Z","timezone":0,"before":0,"after":0,"precision":9,"calendarmodel":"http://www.wikidata.org/entity/Q1985727"},"type":"time"},"datatype":"time"},"type":"statement","id":"Q469157$BA101E75-5F2C-419E-BF4B-4FB0EBE4E19A","rank":"normal"}]},"sitelinks":{}}}}

A világirodalom egy magyar koncepciója

Berczik Árpád, 1961

és ALitt 1962. 287–294., La littérature comparée en Europe Orientale. Bp. 1963. 287–294. [Kötetben „Eine ungarische Konzeption der Weltliteratur. [Hugo v. Meltzls vergleichende Literaturtheorie.]” címmel.]

I. Általános rész/6. A magyar irodalom és a világirodalom kölcsönhatásai/Kapcsolattörténet általában. A komparatisztika kérdései/Az összehasonlító irodalomtörténetírás elvi és történeti kérdései

Berczik Árpád
