{"entities":{"Q468857":{"pageid":433395,"ns":120,"title":"Item:Q468857","lastrevid":1045672,"modified":"2025-04-15T22:47:14Z","type":"item","id":"Q468857","labels":{"hu":{"language":"hu","value":"Imre Mad\u00e1ch et les fran\u00e7ais"},"en":{"language":"en","value":"Imre Mad\u00e1ch et les fran\u00e7ais"}},"descriptions":{"hu":{"language":"hu","value":"Rad\u00f3, Gy\u00f6rgy, Nouvelles \u00c9tudes Hongroises, 1969"}},"aliases":{},"claims":{"P1":[{"mainsnak":{"snaktype":"value","property":"P1","datavalue":{"value":{"entity-type":"item","numeric-id":24,"id":"Q24"},"type":"wikibase-entityid"},"datatype":"wikibase-item"},"type":"statement","id":"Q468857$D40BC0CD-6374-4813-B168-A3F259C8B760","rank":"normal"}],"P17":[{"mainsnak":{"snaktype":"value","property":"P17","datavalue":{"value":{"entity-type":"item","numeric-id":2138,"id":"Q2138"},"type":"wikibase-entityid"},"datatype":"wikibase-item"},"type":"statement","id":"Q468857$7E827C00-8ABA-4A89-9E80-6929AA3B582C","rank":"normal"}],"P225":[{"mainsnak":{"snaktype":"value","property":"P225","datavalue":{"value":"mib03Cikk 1969\u20131970","type":"string"},"datatype":"string"},"type":"statement","id":"Q468857$BF918AA4-D0A5-469E-B607-32CDBD740BC7","rank":"normal"}],"P226":[{"mainsnak":{"snaktype":"value","property":"P226","datavalue":{"value":"I. \u00c1ltal\u00e1nos r\u00e9sz/6. A magyar irodalom \u00e9s a vil\u00e1girodalom k\u00f6lcs\u00f6nhat\u00e1sai/A magyar irodalom kapcsolata k\u00fclf\u00f6ldi irodalmakkal/Francia\u2013magyar kapcsolatok/Irodalom/Tanulm\u00e1nyok, cikkek","type":"string"},"datatype":"string"},"type":"statement","id":"Q468857$FB498BCC-D018-4793-9984-5C22539695AF","rank":"normal"}],"P37":[{"mainsnak":{"snaktype":"value","property":"P37","datavalue":{"value":"Rad\u00f3, Gy\u00f6rgy","type":"string"},"datatype":"string"},"type":"statement","id":"Q468857$CF7F2EFA-F89F-4D97-8A44-BD715AC41841","rank":"normal"}],"P44":[{"mainsnak":{"snaktype":"value","property":"P44","datavalue":{"value":{"entity-type":"item","numeric-id":328419,"id":"Q328419"},"type":"wikibase-entityid"},"datatype":"wikibase-item"},"type":"statement","id":"Q468857$4742F6B4-DF63-4010-A21F-C6261E98F7F6","rank":"normal"}],"P49":[{"mainsnak":{"snaktype":"value","property":"P49","datavalue":{"value":"208\u2013222","type":"string"},"datatype":"string"},"type":"statement","id":"Q468857$E8E4E697-8B4F-4271-A528-0E701F862230","rank":"normal"}],"P57":[{"mainsnak":{"snaktype":"value","property":"P57","datavalue":{"value":{"time":"+1969-00-00T00:00:00Z","timezone":0,"before":0,"after":0,"precision":9,"calendarmodel":"http://www.wikidata.org/entity/Q1985727"},"type":"time"},"datatype":"time"},"type":"statement","id":"Q468857$04387BD1-5C91-4EDA-851F-8CBA5D0123ED","rank":"normal"}],"P18":[{"mainsnak":{"snaktype":"value","property":"P18","datavalue":{"value":{"text":"[Francia hat\u00e1sok az \u00edr\u00f3 m\u0171velts\u00e9g\u00e9ben; a Trag\u00e9di\u00e1ra vonatkoz\u00f3 francia irodalom az 1860-as \u00e9vekt\u0151l.]","language":"en"},"type":"monolingualtext"},"datatype":"monolingualtext"},"type":"statement","id":"Q468857$EA7DD2F3-2113-4197-9627-D0CA852921C2","rank":"normal"}]},"sitelinks":{}}}}

Imre Madách et les français

Radó, György, Nouvelles Études Hongroises, 1969

I. Általános rész/6. A magyar irodalom és a világirodalom kölcsönhatásai/A magyar irodalom kapcsolata külföldi irodalmakkal/Francia–magyar kapcsolatok/Irodalom/Tanulmányok, cikkek

Radó, György

[Francia hatások az író műveltségében; a Tragédiára vonatkozó francia irodalom az 1860-as évektől.]
