{"entities":{"Q465230":{"pageid":430782,"ns":120,"title":"Item:Q465230","lastrevid":1044033,"modified":"2025-04-15T22:14:47Z","type":"item","id":"Q465230","labels":{"hu":{"language":"hu","value":"A filoz\u00f3fi\u00e1nak talpigazs\u00e1gira \u00e9p\u00edtett felelet a nemzeti museum nev\u00e9ben a magyar nyelv ir\u00e1nt tett, s az 1818. esztend\u0151ben b\u0151jt el\u0151 hav\u00e1nak 7. napj\u00e1nn a hazai tudos\u00edt\u00e1sokba iktatott k\u00e9rd\u00e9sekre, melly \u00e9rtekez\u00e9s gyan\u00e1nt is szolg\u00e1l egyszersmind a nyelvm\u0171vel\u00e9snek mivolt\u00e1rul \u00e9s akad\u00e1llyairul"},"en":{"language":"en","value":"A filoz\u00f3fi\u00e1nak talpigazs\u00e1gira \u00e9p\u00edtett felelet a nemzeti museum nev\u00e9ben a magyar nyelv ir\u00e1nt tett, s az 1818. esztend\u0151ben b\u0151jt el\u0151 hav\u00e1nak 7. napj\u00e1nn a hazai tudos\u00edt\u00e1sokba iktatott k\u00e9rd\u00e9sekre, melly \u00e9rtekez\u00e9s gyan\u00e1nt is szolg\u00e1l egyszersmind a nyelvm\u0171vel\u00e9snek mivolt\u00e1rul \u00e9s akad\u00e1llyairul"}},"descriptions":{"hu":{"language":"hu","value":"Verseghy Ferenc, 1818"}},"aliases":{},"claims":{"P1":[{"mainsnak":{"snaktype":"value","property":"P1","datavalue":{"value":{"entity-type":"item","numeric-id":24104,"id":"Q24104"},"type":"wikibase-entityid"},"datatype":"wikibase-item"},"type":"statement","id":"Q465230$95F29937-CD5E-4BF5-9B25-C1E9DFA9FD5E","rank":"normal"}],"P17":[{"mainsnak":{"snaktype":"value","property":"P17","datavalue":{"value":{"entity-type":"item","numeric-id":2138,"id":"Q2138"},"type":"wikibase-entityid"},"datatype":"wikibase-item"},"type":"statement","id":"Q465230$88890C2B-290F-4FD3-AE4B-E896840F589E","rank":"normal"}],"P225":[{"mainsnak":{"snaktype":"value","property":"P225","datavalue":{"value":"mib02K\u00f6nyv 1818a","type":"string"},"datatype":"string"},"type":"statement","id":"Q465230$021C8692-C148-45F7-B1D2-56F8B3B342FB","rank":"normal"}],"P226":[{"mainsnak":{"snaktype":"value","property":"P226","datavalue":{"value":"I. \u00c1ltal\u00e1nos r\u00e9sz/3. Az irodalmi m\u0171fajok, kifejez\u0151eszk\u00f6z\u00f6k elm\u00e9lete \u00e9s t\u00f6rt\u00e9nete/Az irodalmi kifejez\u0151eszk\u00f6z\u00f6k elm\u00e9lete \u00e9s t\u00f6rt\u00e9nete/Nyelv/Nyelvi p\u00e1ly\u00e1zatok/A Marczib\u00e1nyi bizotts\u00e1g p\u00e1lyak\u00e9rd\u00e9sei/P\u00e1lyam\u0171vek","type":"string"},"datatype":"string"},"type":"statement","id":"Q465230$24101CCF-ADA9-4385-A95C-696CEB9BAD0D","rank":"normal"}],"P37":[{"mainsnak":{"snaktype":"value","property":"P37","datavalue":{"value":"Verseghy Ferenc","type":"string"},"datatype":"string"},"type":"statement","id":"Q465230$5C3F444E-C192-455A-906F-006560A5A826","rank":"normal"}],"P57":[{"mainsnak":{"snaktype":"value","property":"P57","datavalue":{"value":{"time":"+1818-00-00T00:00:00Z","timezone":0,"before":0,"after":0,"precision":9,"calendarmodel":"http://www.wikidata.org/entity/Q1985727"},"type":"time"},"datatype":"time"},"type":"statement","id":"Q465230$C88C1E1F-3B07-4404-BE40-C867D2E48E9D","rank":"normal"}]},"sitelinks":{}}}}

A filozófiának talpigazságira épített felelet a nemzeti museum nevében a magyar nyelv iránt tett, s az 1818. esztendőben bőjt elő havának 7. napjánn a hazai tudosításokba iktatott kérdésekre, melly értekezés gyanánt is szolgál egyszersmind a nyelvművelésnek mivoltárul és akadállyairul

mib02Könyv 1818a

I. Általános rész/3. Az irodalmi műfajok, kifejezőeszközök elmélete és története/Az irodalmi kifejezőeszközök elmélete és története/Nyelv/Nyelvi pályázatok/A Marczibányi bizottság pályakérdései/Pályaművek
