{"entities":{"Q432424":{"pageid":401569,"ns":120,"title":"Item:Q432424","lastrevid":721345,"modified":"2024-01-14T17:27:08Z","type":"item","id":"Q432424","labels":{"hu":{"language":"hu","value":"\u201eMinden ilyen elj\u00e1r\u00e1ssal gyeng\u00edtj\u00fck a saj\u00e1t poz\u00edci\u00f3nkat a Berlin-k\u00e9rd\u00e9sben.\u201d Els\u0151 r\u00e9sz: Dalos Gy\u00f6rgy \u00edr\u00f3 \u00e9s Jov\u00e1novics Gy\u00f6rgy k\u00e9pz\u0151m\u0171v\u00e9sz besz\u00e9lget a DAAD Berlini M\u0171v\u00e9szprogramj\u00e1r\u00f3l [Berliner K\u00fcnstlerprogramm des DAAD], amelynek a nyolcvanas \u00e9vekben mindketten \u00f6szt\u00f6nd\u00edjasai voltak"},"en":{"language":"en","value":"\u201eMinden ilyen elj\u00e1r\u00e1ssal gyeng\u00edtj\u00fck a saj\u00e1t poz\u00edci\u00f3nkat a Berlin-k\u00e9rd\u00e9sben.\u201d Els\u0151 r\u00e9sz: Dalos Gy\u00f6rgy \u00edr\u00f3 \u00e9s Jov\u00e1novics Gy\u00f6rgy k\u00e9pz\u0151m\u0171v\u00e9sz besz\u00e9lget a DAAD Berlini M\u0171v\u00e9szprogramj\u00e1r\u00f3l [Berliner K\u00fcnstlerprogramm des DAAD], amelynek a nyolcvanas \u00e9vekben mindketten \u00f6szt\u00f6nd\u00edjasai voltak"}},"descriptions":{"hu":{"language":"hu","value":"Luk\u00e1cs N\u00f3ra, interj\u00fa, Balkon, 2020"}},"aliases":{},"claims":{"P1":[{"mainsnak":{"snaktype":"value","property":"P1","datavalue":{"value":{"entity-type":"item","numeric-id":24,"id":"Q24"},"type":"wikibase-entityid"},"datatype":"wikibase-item"},"type":"statement","id":"Q432424$C7103B2F-3553-4ACC-B2EA-B30DDE0CCE30","rank":"normal"}],"P17":[{"mainsnak":{"snaktype":"value","property":"P17","datavalue":{"value":{"entity-type":"item","numeric-id":2138,"id":"Q2138"},"type":"wikibase-entityid"},"datatype":"wikibase-item"},"type":"statement","id":"Q432424$CE1B9760-31D4-4E6F-9EFD-FE78E2E202BA","rank":"normal"}],"P18":[{"mainsnak":{"snaktype":"value","property":"P18","datavalue":{"value":{"text":"Dalos Gy\u00f6rgy \u00e9s Jov\u00e1novics Gy\u00f6rgy nyolcvanas \u00e9vek DAAD \u00f6szt\u00f6nd\u00edjas m\u0171v\u00e9szei. A kort\u00e1rs magyar k\u00e9pz\u0151m\u0171v\u00e9szet \u00e9s irodalom a hetvenes, nyolcvanas \u00e9vekben. A darabb\u00e9r-per \u00e9s a betiltott \u00edr\u00f3k. Eml\u00edtve: Konr\u00e1d Gy\u00f6rgy, Haraszti Mikl\u00f3s, Szentj\u00f3by Tam\u00e1s, Szel\u00e9nyi Iv\u00e1n, M\u00e9sz\u00f6ly Mikl\u00f3s. Illy\u00e9s Gyula, Konr\u00e1d Gy\u00f6rgy, D\u00e9ry Tibor, Kass\u00e1k Lajos.","language":"hu"},"type":"monolingualtext"},"datatype":"monolingualtext"},"type":"statement","id":"Q432424$3009837E-A0A2-429E-86C1-056D82FF1DAC","rank":"normal"}],"P225":[{"mainsnak":{"snaktype":"value","property":"P225","datavalue":{"value":"mib2013Luk\u00e1cs 2020","type":"string"},"datatype":"string"},"type":"statement","id":"Q432424$271E97B1-5F88-4620-8545-A31DAE4B2DE3","rank":"normal"}],"P37":[{"mainsnak":{"snaktype":"value","property":"P37","datavalue":{"value":"Luk\u00e1cs N\u00f3ra","type":"string"},"datatype":"string"},"type":"statement","id":"Q432424$215664C4-8468-48A4-878F-3A49D43F68ED","rank":"normal"}],"P41":[{"mainsnak":{"snaktype":"value","property":"P41","datavalue":{"value":{"entity-type":"item","numeric-id":40,"id":"Q40"},"type":"wikibase-entityid"},"datatype":"wikibase-item"},"type":"statement","id":"Q432424$D1A83403-3BDA-4CDF-8918-9B3C272CD466","rank":"normal"}],"P44":[{"mainsnak":{"snaktype":"value","property":"P44","datavalue":{"value":{"entity-type":"item","numeric-id":6742,"id":"Q6742"},"type":"wikibase-entityid"},"datatype":"wikibase-item"},"type":"statement","id":"Q432424$AC5844EF-1C8B-4760-93A1-A3B62B301A7E","rank":"normal"}],"P46":[{"mainsnak":{"snaktype":"value","property":"P46","datavalue":{"value":"4","type":"string"},"datatype":"string"},"type":"statement","id":"Q432424$0F9CCC1C-98AB-482A-9245-F6C9154F24BE","rank":"normal"}],"P49":[{"mainsnak":{"snaktype":"value","property":"P49","datavalue":{"value":"4\u201313","type":"string"},"datatype":"string"},"type":"statement","id":"Q432424$824EAF38-AE49-4F14-891E-C89CDC711A8F","rank":"normal"}],"P57":[{"mainsnak":{"snaktype":"value","property":"P57","datavalue":{"value":{"time":"+2020-00-00T00:00:00Z","timezone":0,"before":0,"after":0,"precision":9,"calendarmodel":"http://www.wikidata.org/entity/Q1985727"},"type":"time"},"datatype":"time"},"type":"statement","id":"Q432424$03EE3147-9CAE-4963-BD6C-87DDBD1EDE85","rank":"normal"}]},"sitelinks":{}}}}

„Minden ilyen eljárással gyengítjük a saját pozíciónkat a Berlin-kérdésben.” Első rész: Dalos György író és Jovánovics György képzőművész beszélget a DAAD Berlini Művészprogramjáról [Berliner Künstlerprogramm des DAAD], amelynek a nyolcvanas években mindketten ösztöndíjasai voltak

Lukács Nóra, interjú, Balkon, 2020

Dalos György és Jovánovics György nyolcvanas évek DAAD ösztöndíjas művészei. A kortárs magyar képzőművészet és irodalom a hetvenes, nyolcvanas években. A darabbér-per és a betiltott írók. Említve: Konrád György, Haraszti Miklós, Szentjóby Tamás, Szelényi Iván, Mészöly Miklós. Illyés Gyula, Konrád György, Déry Tibor, Kassák Lajos.

mib2013Lukács 2020

Lukács Nóra
