{"entities":{"Q431085":{"pageid":400241,"ns":120,"title":"Item:Q431085","lastrevid":1035674,"modified":"2025-04-14T22:05:39Z","type":"item","id":"Q431085","labels":{"hu":{"language":"hu","value":"R\u00e9gi\u00f3k k\u00f6z\u00f6tti diskurzusok. A Bosch+Bosch Csoport a jugoszl\u00e1v \u00e9s a magyar avantg\u00e1rdban"},"en":{"language":"en","value":"R\u00e9gi\u00f3k k\u00f6z\u00f6tti diskurzusok. A Bosch+Bosch Csoport a jugoszl\u00e1v \u00e9s a magyar avantg\u00e1rdban"}},"descriptions":{"hu":{"language":"hu","value":"K\u00fcrti Emese, tanulm\u00e1ny, Magyar M\u0171hely: M\u0171v\u00e9szeti, irodalmi foly\u00f3irat, 2016"}},"aliases":{},"claims":{"P1":[{"mainsnak":{"snaktype":"value","property":"P1","datavalue":{"value":{"entity-type":"item","numeric-id":24,"id":"Q24"},"type":"wikibase-entityid"},"datatype":"wikibase-item"},"type":"statement","id":"Q431085$8EA2347A-E2C3-460F-BB74-9C0E757F16A7","rank":"normal"}],"P17":[{"mainsnak":{"snaktype":"value","property":"P17","datavalue":{"value":{"entity-type":"item","numeric-id":2138,"id":"Q2138"},"type":"wikibase-entityid"},"datatype":"wikibase-item"},"type":"statement","id":"Q431085$1D5BDCB5-3A59-4EFA-8148-E60BD45D9ABA","rank":"normal"}],"P192":[{"mainsnak":{"snaktype":"value","property":"P192","datavalue":{"value":{"entity-type":"item","numeric-id":153630,"id":"Q153630"},"type":"wikibase-entityid"},"datatype":"wikibase-item"},"type":"statement","id":"Q431085$4976B66C-4A31-40E1-A1DF-6AE4843849B0","rank":"normal"},{"mainsnak":{"snaktype":"value","property":"P192","datavalue":{"value":{"entity-type":"item","numeric-id":243898,"id":"Q243898"},"type":"wikibase-entityid"},"datatype":"wikibase-item"},"type":"statement","id":"Q431085$5C2DEA2B-2725-4B12-A991-D6CD7DB432B0","rank":"normal"}],"P225":[{"mainsnak":{"snaktype":"value","property":"P225","datavalue":{"value":"mib2013K\u00fcrti 2016","type":"string"},"datatype":"string"},"type":"statement","id":"Q431085$F64016F7-485B-492C-B3B4-1FA3BB868BB3","rank":"normal"}],"P37":[{"mainsnak":{"snaktype":"value","property":"P37","datavalue":{"value":"K\u00fcrti Emese","type":"string"},"datatype":"string"},"type":"statement","id":"Q431085$F9BA2951-A268-469B-B3EE-DDDEC2D11D13","rank":"normal"}],"P41":[{"mainsnak":{"snaktype":"value","property":"P41","datavalue":{"value":{"entity-type":"item","numeric-id":329375,"id":"Q329375"},"type":"wikibase-entityid"},"datatype":"wikibase-item"},"type":"statement","id":"Q431085$28B13DB5-AD64-46E8-9942-68736B9FD780","rank":"normal"}],"P44":[{"mainsnak":{"snaktype":"value","property":"P44","datavalue":{"value":{"entity-type":"item","numeric-id":23937,"id":"Q23937"},"type":"wikibase-entityid"},"datatype":"wikibase-item"},"type":"statement","id":"Q431085$25AF8FF5-67ED-44BA-B09F-4393719D0C9D","rank":"normal"}],"P45":[{"mainsnak":{"snaktype":"value","property":"P45","datavalue":{"value":"53","type":"string"},"datatype":"string"},"type":"statement","id":"Q431085$017E6055-44A5-4483-AD55-293921153B20","rank":"normal"}],"P46":[{"mainsnak":{"snaktype":"value","property":"P46","datavalue":{"value":"177","type":"string"},"datatype":"string"},"type":"statement","id":"Q431085$E2E7AD5C-F5B1-415F-B0FE-AF188CB10508","rank":"normal"}],"P49":[{"mainsnak":{"snaktype":"value","property":"P49","datavalue":{"value":"26\u201341","type":"string"},"datatype":"string"},"type":"statement","id":"Q431085$74FD6CEF-EF5F-4657-A917-9E83BECA397A","rank":"normal"}],"P57":[{"mainsnak":{"snaktype":"value","property":"P57","datavalue":{"value":{"time":"+2016-00-00T00:00:00Z","timezone":0,"before":0,"after":0,"precision":9,"calendarmodel":"http://www.wikidata.org/entity/Q1985727"},"type":"time"},"datatype":"time"},"type":"statement","id":"Q431085$7D8AA4D9-EEA8-4E8D-AD2B-A21EE3987E60","rank":"normal"}],"P18":[{"mainsnak":{"snaktype":"value","property":"P18","datavalue":{"value":{"text":"Az interdiszciplin\u00e1ris \u00e9s vizu\u00e1lis k\u00f6lt\u00e9szeti, 1969-ben Szabadk\u00e1n alakult Bosch+Bosch Csoport t\u00f6rt\u00e9nete. A Bosch+Bosch Csoport mint a vajdas\u00e1gi m\u0171v\u00e9szek korszer\u0171s\u00e9gre, integr\u00e1ci\u00f3ra \u00e9s nemzetk\u00f6zi szinkronit\u00e1sra val\u00f3 t\u00f6rekv\u00e9s\u00e9nek egyik szimb\u00f3luma. A csoport, amelynek magyar tagjai Kerekes L\u00e1szl\u00f3 k\u00e9pz\u0151m\u0171v\u00e9sz \u00e9s Szombathy B\u00e1lint voltak, nyelvhaszn\u00e1lat\u00e1r\u00f3l. Kass\u00e1k Lajos \u00e9s a dimenzionista Tamk\u00f3 Sirat\u00f3 K\u00e1roly hat\u00e1sa. Eml\u00edtve: Gion N\u00e1ndor: V\u00e9res patk\u00e1nyirt\u00e1s idom\u00edtott g\u00f6r\u00e9nyekkel c. k\u00f6tete, az \u00daj Symposion foly\u00f3irat, Ladik Katalin: Poemim; O-pus [Csernik Attil\u00e1val k\u00f6z\u00f6sen] c. k\u00eds\u00e9rleti filmjei.","language":"en"},"type":"monolingualtext"},"datatype":"monolingualtext"},"type":"statement","id":"Q431085$F9B33A57-65A3-48E4-9EDB-A4E6D2B6F92E","rank":"normal"}]},"sitelinks":{}}}}

Régiók közötti diskurzusok. A Bosch+Bosch Csoport a jugoszláv és a magyar avantgárdban

Kürti Emese, tanulmány, Magyar Műhely: Művészeti, irodalmi folyóirat, 2016

mib2013Kürti 2016

Kürti Emese

Az interdiszciplináris és vizuális költészeti, 1969-ben Szabadkán alakult Bosch+Bosch Csoport története. A Bosch+Bosch Csoport mint a vajdasági művészek korszerűségre, integrációra és nemzetközi szinkronitásra való törekvésének egyik szimbóluma. A csoport, amelynek magyar tagjai Kerekes László képzőművész és Szombathy Bálint voltak, nyelvhasználatáról. Kassák Lajos és a dimenzionista Tamkó Sirató Károly hatása. Említve: Gion Nándor: Véres patkányirtás idomított görényekkel c. kötete, az Új Symposion folyóirat, Ladik Katalin: Poemim; O-pus [Csernik Attilával közösen] c. kísérleti filmjei.
