{"entities":{"Q429892":{"pageid":399061,"ns":120,"title":"Item:Q429892","lastrevid":1035524,"modified":"2025-04-14T22:03:10Z","type":"item","id":"Q429892","labels":{"hu":{"language":"hu","value":"\u201eSok jelent\u00e9s\u0171, \u00f6sszetett, titokzatos opus\u201d. [V\u00e1logat\u00e1s B\u00e1n Zs\u00f3fia Esti iskola c\u00edm\u0171 k\u00f6tet\u00e9nek n\u00e9met nyelv\u0171 recenzi\u00f3ib\u00f3l]"},"en":{"language":"en","value":"\u201eSok jelent\u00e9s\u0171, \u00f6sszetett, titokzatos opus\u201d. [V\u00e1logat\u00e1s B\u00e1n Zs\u00f3fia Esti iskola c\u00edm\u0171 k\u00f6tet\u00e9nek n\u00e9met nyelv\u0171 recenzi\u00f3ib\u00f3l]"}},"descriptions":{"hu":{"language":"hu","value":"Kov\u00e1cs Eszter, sz\u00f6vegkiad\u00e1s, \u00c9let \u00e9s Irodalom, 2013"}},"aliases":{},"claims":{"P1":[{"mainsnak":{"snaktype":"value","property":"P1","datavalue":{"value":{"entity-type":"item","numeric-id":24,"id":"Q24"},"type":"wikibase-entityid"},"datatype":"wikibase-item"},"type":"statement","id":"Q429892$C6554092-8999-4E90-9D16-D46C514B64FA","rank":"normal"}],"P17":[{"mainsnak":{"snaktype":"value","property":"P17","datavalue":{"value":{"entity-type":"item","numeric-id":2138,"id":"Q2138"},"type":"wikibase-entityid"},"datatype":"wikibase-item"},"type":"statement","id":"Q429892$B375997B-F863-4B94-9A4D-48335BB1A681","rank":"normal"}],"P192":[{"mainsnak":{"snaktype":"value","property":"P192","datavalue":{"value":{"entity-type":"item","numeric-id":110483,"id":"Q110483"},"type":"wikibase-entityid"},"datatype":"wikibase-item"},"type":"statement","id":"Q429892$CEF6AEB2-29E1-4D61-BCB8-310CFBAB85F2","rank":"normal"}],"P225":[{"mainsnak":{"snaktype":"value","property":"P225","datavalue":{"value":"mib2013Kov\u00e1cs 2013m","type":"string"},"datatype":"string"},"type":"statement","id":"Q429892$6BEAEC3C-8B9F-4C35-90AA-2B231F347572","rank":"normal"}],"P37":[{"mainsnak":{"snaktype":"value","property":"P37","datavalue":{"value":"Kov\u00e1cs Eszter","type":"string"},"datatype":"string"},"type":"statement","id":"Q429892$B0B2DE6C-844C-4A09-A8CE-107969B45827","rank":"normal"}],"P41":[{"mainsnak":{"snaktype":"value","property":"P41","datavalue":{"value":{"entity-type":"item","numeric-id":242357,"id":"Q242357"},"type":"wikibase-entityid"},"datatype":"wikibase-item"},"type":"statement","id":"Q429892$1480C1EF-A5B2-421E-96C8-AB66BC03F828","rank":"normal"}],"P44":[{"mainsnak":{"snaktype":"value","property":"P44","datavalue":{"value":{"entity-type":"item","numeric-id":23987,"id":"Q23987"},"type":"wikibase-entityid"},"datatype":"wikibase-item"},"type":"statement","id":"Q429892$1FAC8A91-C074-44B9-9D3E-66A43105EBFB","rank":"normal"}],"P45":[{"mainsnak":{"snaktype":"value","property":"P45","datavalue":{"value":"57","type":"string"},"datatype":"string"},"type":"statement","id":"Q429892$A5E9BD3D-8023-44CC-9A17-A97C555BA168","rank":"normal"}],"P46":[{"mainsnak":{"snaktype":"value","property":"P46","datavalue":{"value":"11","type":"string"},"datatype":"string"},"type":"statement","id":"Q429892$D5788D3A-4AD6-4CD2-BD54-C6774A5B2E37","rank":"normal"}],"P49":[{"mainsnak":{"snaktype":"value","property":"P49","datavalue":{"value":"21","type":"string"},"datatype":"string"},"type":"statement","id":"Q429892$2F7D7D88-4CE4-42FB-B216-ADDFF3D69508","rank":"normal"}],"P57":[{"mainsnak":{"snaktype":"value","property":"P57","datavalue":{"value":{"time":"+2013-00-00T00:00:00Z","timezone":0,"before":0,"after":0,"precision":9,"calendarmodel":"http://www.wikidata.org/entity/Q1985727"},"type":"time"},"datatype":"time"},"type":"statement","id":"Q429892$994D758E-5DB6-4C60-B5D1-C0C245168D9E","rank":"normal"}],"P18":[{"mainsnak":{"snaktype":"value","property":"P18","datavalue":{"value":{"text":"B\u00e1n, Zs\u00f3fia: Abendschule. Fibel f\u00fcr Erwachsene, [Ford. Ter\u00e9zia Mora, Ut\u00f3sz\u00f3: N\u00e1das P\u00e9ter.] Berlin, 2012. Suhrkamp, 239 p. Lothar M\u00fcller, S\u00fcddeutsche Zeitung; Ilma Rakusa, Neue Z\u00fcrcher Zeitung; Fiona Sara Schmidt, Das feministische Monatsmagazin; J\u00f6rg Plath, ORF; \u201esom\u201d, Die Presse; Nicole Henneberg, Frankfurter Allgemeine Zeitung; Sieglinde Geisel, Neue Z\u00fcrcher Zeitung am Sonntag; Bettina Schulte, Badische Zeitung; Daniela Strigl, Literaturen. V\u00e1l. \u00e9s ford. Kov\u00e1cs Eszter.","language":"en"},"type":"monolingualtext"},"datatype":"monolingualtext"},"type":"statement","id":"Q429892$2F84670F-61A7-4FCD-B942-86F7CCF004C5","rank":"normal"}]},"sitelinks":{}}}}

„Sok jelentésű, összetett, titokzatos opus”. [Válogatás Bán Zsófia Esti iskola című kötetének német nyelvű recenzióiból]

Kovács Eszter, szövegkiadás, Élet és Irodalom, 2013

mib2013Kovács 2013m

Kovács Eszter

Bán, Zsófia: Abendschule. Fibel für Erwachsene, [Ford. Terézia Mora, Utószó: Nádas Péter.] Berlin, 2012. Suhrkamp, 239 p. Lothar Müller, Süddeutsche Zeitung; Ilma Rakusa, Neue Zürcher Zeitung; Fiona Sara Schmidt, Das feministische Monatsmagazin; Jörg Plath, ORF; „som”, Die Presse; Nicole Henneberg, Frankfurter Allgemeine Zeitung; Sieglinde Geisel, Neue Zürcher Zeitung am Sonntag; Bettina Schulte, Badische Zeitung; Daniela Strigl, Literaturen. Vál. és ford. Kovács Eszter.
