{"entities":{"Q429671":{"pageid":398841,"ns":120,"title":"Item:Q429671","lastrevid":1035498,"modified":"2025-04-14T22:02:44Z","type":"item","id":"Q429671","labels":{"hu":{"language":"hu","value":"Tobias Gottfried Schr\u00f6er and his compendium of aesthetics Isagoge in eruditionem aestheticam [1842]"},"en":{"language":"en","value":"Tobias Gottfried Schr\u00f6er and his compendium of aesthetics Isagoge in eruditionem aestheticam [1842]"}},"descriptions":{"hu":{"language":"hu","value":"Kop\u010d\u00e1kov\u00e1 Sl\u00e1vka, tanulm\u00e1ny, Kult\u00farne dejiny, 2020"}},"aliases":{},"claims":{"P1":[{"mainsnak":{"snaktype":"value","property":"P1","datavalue":{"value":{"entity-type":"item","numeric-id":24,"id":"Q24"},"type":"wikibase-entityid"},"datatype":"wikibase-item"},"type":"statement","id":"Q429671$61E664B8-CE2B-42E1-9906-905178ADBD64","rank":"normal"}],"P17":[{"mainsnak":{"snaktype":"value","property":"P17","datavalue":{"value":{"entity-type":"item","numeric-id":2138,"id":"Q2138"},"type":"wikibase-entityid"},"datatype":"wikibase-item"},"type":"statement","id":"Q429671$C6066991-A1D6-4FFE-8994-85BAB4C31B4A","rank":"normal"}],"P225":[{"mainsnak":{"snaktype":"value","property":"P225","datavalue":{"value":"mib2013Kopc\u00e1kov\u00e1 2020","type":"string"},"datatype":"string"},"type":"statement","id":"Q429671$B00290E1-398D-45D4-B2D4-3A4FA9B7B2D3","rank":"normal"}],"P37":[{"mainsnak":{"snaktype":"value","property":"P37","datavalue":{"value":"Kop\u010d\u00e1kov\u00e1 Sl\u00e1vka","type":"string"},"datatype":"string"},"type":"statement","id":"Q429671$A388EC85-050F-4485-8605-98911CF6870D","rank":"normal"}],"P41":[{"mainsnak":{"snaktype":"value","property":"P41","datavalue":{"value":{"entity-type":"item","numeric-id":329375,"id":"Q329375"},"type":"wikibase-entityid"},"datatype":"wikibase-item"},"type":"statement","id":"Q429671$25D6040A-72AF-4674-9FC3-43B99D8002F7","rank":"normal"}],"P44":[{"mainsnak":{"snaktype":"value","property":"P44","datavalue":{"value":{"entity-type":"item","numeric-id":23896,"id":"Q23896"},"type":"wikibase-entityid"},"datatype":"wikibase-item"},"type":"statement","id":"Q429671$503AFF1F-FE56-4D1B-B0D5-2ED12F426EA8","rank":"normal"}],"P45":[{"mainsnak":{"snaktype":"value","property":"P45","datavalue":{"value":"11","type":"string"},"datatype":"string"},"type":"statement","id":"Q429671$157CE35B-52B3-40AA-8773-EFDD0AE49B28","rank":"normal"}],"P46":[{"mainsnak":{"snaktype":"value","property":"P46","datavalue":{"value":"1","type":"string"},"datatype":"string"},"type":"statement","id":"Q429671$8327A6ED-4A3A-4721-908C-4443BEFC6CB9","rank":"normal"}],"P49":[{"mainsnak":{"snaktype":"value","property":"P49","datavalue":{"value":"1\u201328","type":"string"},"datatype":"string"},"type":"statement","id":"Q429671$A74F4960-4465-417A-A8DD-FE1F5493936C","rank":"normal"}],"P57":[{"mainsnak":{"snaktype":"value","property":"P57","datavalue":{"value":{"time":"+2020-00-00T00:00:00Z","timezone":0,"before":0,"after":0,"precision":9,"calendarmodel":"http://www.wikidata.org/entity/Q1985727"},"type":"time"},"datatype":"time"},"type":"statement","id":"Q429671$0F20862D-CBB6-4966-A9C8-B415ABDF8208","rank":"normal"}],"P18":[{"mainsnak":{"snaktype":"value","property":"P18","datavalue":{"value":{"text":"Tobias Gottfried Schr\u00f6er [1791\u20131850, magyarosan: Oeser Kereszt\u00e9ly] az eszt\u00e9tikai gondolkod\u00e1s t\u00f6rt\u00e9net\u00e9t tanulm\u00e1nyozta. Eg\u00e9sz \u00e9let\u00e9ben Pozsony dolgozott, \u00e9s sz\u00e1mos \u00edr\u00e1sa foglalkozik politik\u00e1val, m\u0171v\u00e9szett\u00f6rt\u00e9nettel, eszt\u00e9tik\u00e1val stb.; legt\u00f6bbj\u00fck Magyarorsz\u00e1gon k\u00edv\u00fcl jelent meg, \u00e1ltal\u00e1ban \u00e1ln\u00e9ven.n Mik\u00f6zben az Evang\u00e9likus Id\u0151s Le\u00e1nyiskol\u00e1ban dolgozott, Schr\u00f6er c\u00e9lja az volt, hogy nevel\u00e9si elk\u00e9pzel\u00e9seit megval\u00f3s\u00edtsa a m\u0171v\u00e9szetekkel [k\u00fcl\u00f6n\u00f6sen az irodalommal \u00e9s a zen\u00e9vel] val\u00f3 \u00e1lland\u00f3 \u00e9l\u0151 kapcsolatteremt\u00e9s \u00e9s a j\u00e1t\u00e9k r\u00e9v\u00e9n. Ezeket az \u00f6tleteket, az eszt\u00e9tikai elm\u00e9let alapjaival, a t\u00f6rt\u00e9nelemmel \u00e9s a m\u0171v\u00e9szett\u00edpusok elm\u00e9leteivel egy\u00fctt felaj\u00e1nlja egy kiterjedt Weihgeschenk f\u00fcr deutsche Jungfrauen c\u00edm\u0171 munk\u00e1ban, Briefen an Selma \u00fcber hohere Bildung von Ch. Oeser [1838]. A n\u0151i ifj\u00fas\u00e1g nevel\u00e9s\u00e9nek k\u00e9rd\u00e9seivel foglalkoz\u00f3 tank\u00f6nyv [\u00f6sszesen 26 kiad\u00e1s] rendk\u00edv\u00fcl n\u00e9pszer\u0171 volt a n\u00e9met nyelv\u0171 orsz\u00e1gokban a 20. sz\u00e1zad els\u0151 \u00e9vtizedeiig. nIsagoge in eruditionem aestheticam [1842] c\u00edm\u0171 m\u0171ve egyike annak a k\u00e9t eddig ismert eszt\u00e9tikai k\u00e9zik\u00f6nyvnek, amelyek a 19. sz\u00e1zadban jelentek meg. A m\u0171vet az eperjesi Evang\u00e9likus L\u00edceum hallgat\u00f3i sz\u00e1m\u00e1ra \u00edrta, amely alc\u00edm\u00e9ben is szerepel.","language":"en"},"type":"monolingualtext"},"datatype":"monolingualtext"},"type":"statement","id":"Q429671$BBCB768F-61EB-42C9-9067-DC9895CF70BA","rank":"normal"}]},"sitelinks":{}}}}

Tobias Gottfried Schröer and his compendium of aesthetics Isagoge in eruditionem aestheticam [1842]

Kopčáková Slávka, tanulmány, Kultúrne dejiny, 2020

mib2013Kopcáková 2020

Kopčáková Slávka

Tobias Gottfried Schröer [1791–1850, magyarosan: Oeser Keresztély] az esztétikai gondolkodás történetét tanulmányozta. Egész életében Pozsony dolgozott, és számos írása foglalkozik politikával, művészettörténettel, esztétikával stb.; legtöbbjük Magyarországon kívül jelent meg, általában álnéven.n Miközben az Evangélikus Idős Leányiskolában dolgozott, Schröer célja az volt, hogy nevelési elképzeléseit megvalósítsa a művészetekkel [különösen az irodalommal és a zenével] való állandó élő kapcsolatteremtés és a játék révén. Ezeket az ötleteket, az esztétikai elmélet alapjaival, a történelemmel és a művészettípusok elméleteivel együtt felajánlja egy kiterjedt Weihgeschenk für deutsche Jungfrauen című munkában, Briefen an Selma über hohere Bildung von Ch. Oeser [1838]. A női ifjúság nevelésének kérdéseivel foglalkozó tankönyv [összesen 26 kiadás] rendkívül népszerű volt a német nyelvű országokban a 20. század első évtizedeiig. nIsagoge in eruditionem aestheticam [1842] című műve egyike annak a két eddig ismert esztétikai kézikönyvnek, amelyek a 19. században jelentek meg. A művet az eperjesi Evangélikus Líceum hallgatói számára írta, amely alcímében is szerepel.
