{"entities":{"Q428719":{"pageid":397902,"ns":120,"title":"Item:Q428719","lastrevid":1035420,"modified":"2025-04-14T22:01:27Z","type":"item","id":"Q428719","labels":{"hu":{"language":"hu","value":"Sz\u00ednh\u00e1z, jelent\u00e9s, eml\u00e9kezet"},"en":{"language":"en","value":"Sz\u00ednh\u00e1z, jelent\u00e9s, eml\u00e9kezet"}},"descriptions":{"hu":{"language":"hu","value":", konferenciak\u00f6tet, 2013"}},"aliases":{},"claims":{"P1":[{"mainsnak":{"snaktype":"value","property":"P1","datavalue":{"value":{"entity-type":"item","numeric-id":24104,"id":"Q24104"},"type":"wikibase-entityid"},"datatype":"wikibase-item"},"type":"statement","id":"Q428719$83ED4FCA-E278-4F88-8D6E-B2BBFF963013","rank":"normal"}],"P17":[{"mainsnak":{"snaktype":"value","property":"P17","datavalue":{"value":{"entity-type":"item","numeric-id":2138,"id":"Q2138"},"type":"wikibase-entityid"},"datatype":"wikibase-item"},"type":"statement","id":"Q428719$0BF727CE-416F-486C-9808-BE734EF5E4D8","rank":"normal"}],"P225":[{"mainsnak":{"snaktype":"value","property":"P225","datavalue":{"value":"mib2013K\u00e9rchy 2013","type":"string"},"datatype":"string"},"type":"statement","id":"Q428719$75349B17-48A4-452D-9293-71572EEABC85","rank":"normal"}],"P41":[{"mainsnak":{"snaktype":"value","property":"P41","datavalue":{"value":{"entity-type":"item","numeric-id":24109,"id":"Q24109"},"type":"wikibase-entityid"},"datatype":"wikibase-item"},"type":"statement","id":"Q428719$96997C97-9B7D-4FFC-80C6-1F4E22A34F22","rank":"normal"}],"P57":[{"mainsnak":{"snaktype":"value","property":"P57","datavalue":{"value":{"time":"+2013-00-00T00:00:00Z","timezone":0,"before":0,"after":0,"precision":9,"calendarmodel":"http://www.wikidata.org/entity/Q1985727"},"type":"time"},"datatype":"time"},"type":"statement","id":"Q428719$9EA85AE9-B934-4BDB-BEEF-1A5E6E606BAD","rank":"normal"}],"P18":[{"mainsnak":{"snaktype":"value","property":"P18","datavalue":{"value":{"text":"A Szegeden, 2012. m\u00e1jus 3\u20134-\u00e9n megrendezett jubileumi sz\u00ednh\u00e1ztudom\u00e1nyi konferencia el\u0151ad\u00e1sainak szerkesztett v\u00e1ltozata. Imre Zolt\u00e1n:,A magyar sz\u00ednh\u00e1zr\u00f3l \u00e9s elm\u00e9let\u00e9r\u0151l\u201d \u2013 2012. 11; Kov\u00e1cs Fl\u00f3ra:,A rem\u00e9ny horizontja\u201d. Az eml\u00e9kez\u00e9s Visky Andr\u00e1s Tan\u00edtv\u00e1nyok c\u00edm\u0171 dr\u00e1m\u00e1j\u00e1ban. 133; Egyed Emese: Papag\u00e9n\u00f3: Eszt\u00e9tikai lecke 1810-b\u0151l. 185; Malgot Istv\u00e1n gondolatai a sz\u00ednh\u00e1zr\u00f3l. 211; [Magyar sz\u00ednh\u00e1z: Pint\u00e9r B\u00e9la, Moh\u00e1csi testv\u00e9rek] 211;","language":"en"},"type":"monolingualtext"},"datatype":"monolingualtext"},"type":"statement","id":"Q428719$B4969E39-4DF5-4682-94C2-B85CA3A3BAB7","rank":"normal"}]},"sitelinks":{}}}}

Színház, jelentés, emlékezet

, konferenciakötet, 2013

mib2013Kérchy 2013

A Szegeden, 2012. május 3–4-én megrendezett jubileumi színháztudományi konferencia előadásainak szerkesztett változata. Imre Zoltán:,A magyar színházról és elméletéről” – 2012. 11; Kovács Flóra:,A remény horizontja”. Az emlékezés Visky András Tanítványok című drámájában. 133; Egyed Emese: Papagénó: Esztétikai lecke 1810-ből. 185; Malgot István gondolatai a színházról. 211; [Magyar színház: Pintér Béla, Mohácsi testvérek] 211;
