{"entities":{"Q426663":{"pageid":395860,"ns":120,"title":"Item:Q426663","lastrevid":1035210,"modified":"2025-04-14T21:57:56Z","type":"item","id":"Q426663","labels":{"hu":{"language":"hu","value":"Batthy\u00e1ny I. \u00c1d\u00e1m \u00e9s k\u00f6re"},"en":{"language":"en","value":"Batthy\u00e1ny I. \u00c1d\u00e1m \u00e9s k\u00f6re"}},"descriptions":{"hu":{"language":"hu","value":", konferenciak\u00f6tet, 2013"}},"aliases":{},"claims":{"P1":[{"mainsnak":{"snaktype":"value","property":"P1","datavalue":{"value":{"entity-type":"item","numeric-id":24104,"id":"Q24104"},"type":"wikibase-entityid"},"datatype":"wikibase-item"},"type":"statement","id":"Q426663$A29AF89F-455D-4046-905E-FF69EE41F642","rank":"normal"}],"P17":[{"mainsnak":{"snaktype":"value","property":"P17","datavalue":{"value":{"entity-type":"item","numeric-id":2138,"id":"Q2138"},"type":"wikibase-entityid"},"datatype":"wikibase-item"},"type":"statement","id":"Q426663$A8D54614-3CB8-4759-99ED-DA08042EC7D0","rank":"normal"}],"P225":[{"mainsnak":{"snaktype":"value","property":"P225","datavalue":{"value":"mib2013J.","type":"string"},"datatype":"string"},"type":"statement","id":"Q426663$34AA0427-50FA-44C1-8F30-BAEEDEA0EA20","rank":"normal"}],"P41":[{"mainsnak":{"snaktype":"value","property":"P41","datavalue":{"value":{"entity-type":"item","numeric-id":24109,"id":"Q24109"},"type":"wikibase-entityid"},"datatype":"wikibase-item"},"type":"statement","id":"Q426663$93F5958A-872A-4B49-B06F-6EB96C80537E","rank":"normal"}],"P57":[{"mainsnak":{"snaktype":"value","property":"P57","datavalue":{"value":{"time":"+2013-00-00T00:00:00Z","timezone":0,"before":0,"after":0,"precision":9,"calendarmodel":"http://www.wikidata.org/entity/Q1985727"},"type":"time"},"datatype":"time"},"type":"statement","id":"Q426663$5500C570-9305-465A-97EB-2B319DE9125B","rank":"normal"}],"P18":[{"mainsnak":{"snaktype":"value","property":"P18","datavalue":{"value":{"text":"1. k\u00f6t. J. \u00dajv\u00e1ry Zsuzsanna: A Batthy\u00e1nyakr\u00f3l. 7; Zim\u00e1nyi Vera: A Magyar Orsz\u00e1gos Lev\u00e9lt\u00e1rba ker\u00fclt Batthy\u00e1ny Hercegi Lev\u00e9lt\u00e1r Sorsa. 13; M\u00f3ricz P\u00e9ter: Batthy\u00e1ny I. \u00c1d\u00e1m k\u00f6rmendi eml\u00e9kezete. 23; A Batthy\u00e1ny csal\u00e1d \u00e9s a dun\u00e1nt\u00fali hat\u00e1rv\u00e9delem a XVI \u2013XVIII. sz\u00e1zadban. 35;.2. k\u00f6t. Czig\u00e1ny Istv\u00e1n: A Kanizs\u00e1val szembeni v\u00e9gvid\u00e9k v\u00e9delmi rendszere a XVII. sz\u00e1zad k\u00f6zep\u00e9n. 7; Hegyi Kl\u00e1ra: A dun\u00e1nt\u00fali t\u00f6r\u00f6k hader\u0151 a XVII. sz\u00e1zad els\u0151 fel\u00e9ben. 31; Sebesty\u00e9n Hajnalka: Az \u0150rs\u00e9g katonaparasztjai Batthy\u00e1ny I. \u00c1d\u00e1m idej\u00e9n. 37; Illik P\u00e9ter: \u201e\u2026az fiadat az janics\u00e1roknak eladom\u2026\u201d: T\u00f6r\u00f6k fenyeget\u00e9sek \u00e9s puszt\u00edt\u00e1sok a Batthy\u00e1ny birtokokon a XVII. sz\u00e1zad k\u00f6zep\u00e9n. 45;. 3. k\u00f6t. J. \u00dajv\u00e1ry Zsuzsanna: Batthy\u00e1ny I. \u00c1d\u00e1m, a vit\u00e9z katona. 7;. 4. k\u00f6t. Tark\u00f3 Ilona: Sarcalku Batthy\u00e1ny I. \u00c1d\u00e1m idej\u00e9n. 7; Szalai Vera: Batthy\u00e1ny I. \u00c1d\u00e1m, a f\u00f6ldes\u00far. 35; Benda Borb\u00e1la: \u201eV\u00edgan voltunk\u2026\u201d- Akikkel Batthy\u00e1ny \u00c1d\u00e1m egy\u00fctt mulatott. 43; Kas G\u00e9za: Batthy\u00e1ny I. \u00c1d\u00e1m \u00e9s Sz\u00e9ch\u00e9nyi Gy\u00f6rgy kapcsolata levelez\u00e9s\u00fck t\u00fckr\u00e9ben. 51;.5. k\u00f6t. Koltai Andr\u00e1s: Adatok N\u00e9met\u00fajv\u00e1r topogr\u00e1fi\u00e1j\u00e1hoz a XVII. sz\u00e1zadban. 7;.6. k\u00f6t. Kir\u00e1ly P\u00e9ter: Rezidenci\u00e1lis zene h\u00e1rom XVII. sz\u00e1zadi f\u0151\u00far, Batthy\u00e1ny I. \u00c1d\u00e1m, N\u00e1dasdy III. Ferenc \u00e9s Esterh\u00e1zy P\u00e1l udvar\u00e1ban. 7; Nagy-T\u00f3th M\u00e1ria: Jakob Klain: egy patikus Batthy\u00e1ny I. \u00c1d\u00e1m szolg\u00e1lat\u00e1ban. 27; 7. k\u00f6t. Medgyesy S. Norbert: N\u00e9p\u00e9nekdallamok Perenye hagyom\u00e1ny\u00e1ban Batthy\u00e1ny I. \u00c1d\u00e1m kor\u00e1b\u00f3l. 7; Macz\u00e1k Ibolya: Aurora consurgens Batthy\u00e1ny I. \u00c1d\u00e1m feles\u00e9ge, Formentini Aur\u00f3ra Katalin temet\u00e9sekor mondott halotti besz\u00e9dek. 31.","language":"en"},"type":"monolingualtext"},"datatype":"monolingualtext"},"type":"statement","id":"Q426663$4264A208-C980-4F02-BB94-D56B9AE565E3","rank":"normal"}]},"sitelinks":{}}}}

Batthyány I. Ádám és köre

, konferenciakötet, 2013

1. köt. J. Újváry Zsuzsanna: A Batthyányakról. 7; Zimányi Vera: A Magyar Országos Levéltárba került Batthyány Hercegi Levéltár Sorsa. 13; Móricz Péter: Batthyány I. Ádám körmendi emlékezete. 23; A Batthyány család és a dunántúli határvédelem a XVI –XVIII. században. 35;.2. köt. Czigány István: A Kanizsával szembeni végvidék védelmi rendszere a XVII. század közepén. 7; Hegyi Klára: A dunántúli török haderő a XVII. század első felében. 31; Sebestyén Hajnalka: Az Őrség katonaparasztjai Batthyány I. Ádám idején. 37; Illik Péter: „…az fiadat az janicsároknak eladom…”: Török fenyegetések és pusztítások a Batthyány birtokokon a XVII. század közepén. 45;. 3. köt. J. Újváry Zsuzsanna: Batthyány I. Ádám, a vitéz katona. 7;. 4. köt. Tarkó Ilona: Sarcalku Batthyány I. Ádám idején. 7; Szalai Vera: Batthyány I. Ádám, a földesúr. 35; Benda Borbála: „Vígan voltunk…”- Akikkel Batthyány Ádám együtt mulatott. 43; Kas Géza: Batthyány I. Ádám és Széchényi György kapcsolata levelezésük tükrében. 51;.5. köt. Koltai András: Adatok Németújvár topográfiájához a XVII. században. 7;.6. köt. Király Péter: Rezidenciális zene három XVII. századi főúr, Batthyány I. Ádám, Nádasdy III. Ferenc és Esterházy Pál udvarában. 7; Nagy-Tóth Mária: Jakob Klain: egy patikus Batthyány I. Ádám szolgálatában. 27; 7. köt. Medgyesy S. Norbert: Népénekdallamok Perenye hagyományában Batthyány I. Ádám korából. 7; Maczák Ibolya: Aurora consurgens Batthyány I. Ádám felesége, Formentini Auróra Katalin temetésekor mondott halotti beszédek. 31.
