{"entities":{"Q426629":{"pageid":395826,"ns":120,"title":"Item:Q426629","lastrevid":715602,"modified":"2024-01-14T12:36:00Z","type":"item","id":"Q426629","labels":{"hu":{"language":"hu","value":"K\u00e1lm\u00e1n Miksz\u00e1th a jeho s\u00fa\u010dasn\u00edci: regionalizmus v kontexte literat\u00fary stredoeur\u00f3pskych n\u00e1rodov na konci 19. storo\u010dia / Miksz\u00e1th K\u00e1lm\u00e1n \u00e9s kort\u00e1rsai: Regionalizmus a 19. sz\u00e1zad v\u00e9g\u00e9n a k\u00f6z\u00e9p-eur\u00f3pai irodalmak kontextus\u00e1ban. Zborn\u00edk pr\u00edspekov medzin\u00e1rodnej vedeckej konferencie konanej pri pr\u00edle\u017eitosti 100. vyro\u010dia \u00famrtia K\u00e1lm\u00e1n\u00e1 Miksz\u00e1tha d\u0148a 21. m\u00e1ja 2010 v Bratislave v Slovenskom n\u00e1rodnom m\u00fazeu \u2013 M\u00fazeu kult\u00fary Ma\u0111arov na Slovensku. Ed. Szilvia Sipos. Bratislava: SNM \u2013 M\u00fazeum kult\u00fary Ma\u0111arov na Slovensku, Ob\u010dianske zdru\u017eenie Trad\u00edcie a hodnoty, 2011, 190 s. ISBN 978\u201380\u2013970580\u20133\u20136."},"en":{"language":"en","value":"K\u00e1lm\u00e1n Miksz\u00e1th a jeho s\u00fa\u010dasn\u00edci: regionalizmus v kontexte literat\u00fary stredoeur\u00f3pskych n\u00e1rodov na konci 19. storo\u010dia / Miksz\u00e1th K\u00e1lm\u00e1n \u00e9s kort\u00e1rsai: Regionalizmus a 19. sz\u00e1zad v\u00e9g\u00e9n a k\u00f6z\u00e9p-eur\u00f3pai irodalmak kontextus\u00e1ban. Zborn\u00edk pr\u00edspekov medzin\u00e1rodnej vedeckej konferencie konanej pri pr\u00edle\u017eitosti 100. vyro\u010dia \u00famrtia K\u00e1lm\u00e1n\u00e1 Miksz\u00e1tha d\u0148a 21. m\u00e1ja 2010 v Bratislave v Slovenskom n\u00e1rodnom m\u00fazeu \u2013 M\u00fazeu kult\u00fary Ma\u0111arov na Slovensku. Ed. Szilvia Sipos. Bratislava: SNM \u2013 M\u00fazeum kult\u00fary Ma\u0111arov na Slovensku, Ob\u010dianske zdru\u017eenie Trad\u00edcie a hodnoty, 2011, 190 s. ISBN 978\u201380\u2013970580\u20133\u20136."}},"descriptions":{"hu":{"language":"hu","value":"Ivanov\u00e1, M\u00e1ria, recenzi\u00f3, Kult\u00farne dejiny, 2013"}},"aliases":{},"claims":{"P1":[{"mainsnak":{"snaktype":"value","property":"P1","datavalue":{"value":{"entity-type":"item","numeric-id":24,"id":"Q24"},"type":"wikibase-entityid"},"datatype":"wikibase-item"},"type":"statement","id":"Q426629$DC959D33-66A0-4D73-9EA0-5CE48CA3692F","rank":"normal"}],"P17":[{"mainsnak":{"snaktype":"value","property":"P17","datavalue":{"value":{"entity-type":"item","numeric-id":2138,"id":"Q2138"},"type":"wikibase-entityid"},"datatype":"wikibase-item"},"type":"statement","id":"Q426629$E31461D1-7247-465C-B48B-6E91DE1A974A","rank":"normal"}],"P18":[{"mainsnak":{"snaktype":"value","property":"P18","datavalue":{"value":{"text":"Miksz\u00e1th K\u00e1lm\u00e1n \u00e9s kort\u00e1rsai. Regionalizmus a 19. sz\u00e1zad v\u00e9g\u00e9n a k\u00f6z\u00e9p-eur\u00f3pai irodalmak kontextus\u00e1ban, K\u00e1lm\u00e1n Miksz\u00e1th a jeho s\u00fa\u010dasn\u00edci: Regionalizmus v kontexte literat\u00fary stredoeur\u00f3pskych n\u00e1rodov na konci 19. storo\u010dia, [Tanulm\u00e1nyok] Szerk: Sipos Szilvia. Pozsony, Hagyom\u00e1nyok \u00e9s \u00c9rt\u00e9kek Polg\u00e1ri T\u00e1rsul\u00e1s, Szlov\u00e1k Nemzeti M\u00fazeum \u2013 A Szlov\u00e1kiai Magyar Kult\u00fara M\u00fazeuma, Pozsony, 2011, 192 l. Miksz\u00e1th hal\u00e1l\u00e1nak 100. \u00e9vfordul\u00f3ja alkalm\u00e1b\u00f3l 2010. m\u00e1jus 21-\u00e9n Pozsonyban magyar, szlov\u00e1k, lengyel \u00e9s cseh el\u0151ad\u00f3k r\u00e9szv\u00e9tel\u00e9vel rendezett irodalomtudom\u00e1nyi konferencia anyaga.","language":"hu"},"type":"monolingualtext"},"datatype":"monolingualtext"},"type":"statement","id":"Q426629$560BC4D7-B593-4C9E-BDDD-7F9A8CA8E8B4","rank":"normal"}],"P192":[{"mainsnak":{"snaktype":"value","property":"P192","datavalue":{"value":{"entity-type":"item","numeric-id":244650,"id":"Q244650"},"type":"wikibase-entityid"},"datatype":"wikibase-item"},"type":"statement","id":"Q426629$C62E22BA-8CA3-4B08-B795-9A72915E9897","rank":"normal"}],"P225":[{"mainsnak":{"snaktype":"value","property":"P225","datavalue":{"value":"mib2013Ivanov\u00e1 2013","type":"string"},"datatype":"string"},"type":"statement","id":"Q426629$4BE2CA5C-1752-4FE7-8F21-77D8D689CEB8","rank":"normal"}],"P37":[{"mainsnak":{"snaktype":"value","property":"P37","datavalue":{"value":"Ivanov\u00e1, M\u00e1ria","type":"string"},"datatype":"string"},"type":"statement","id":"Q426629$DCCA6D3A-C834-411D-81D4-0A810793EF85","rank":"normal"}],"P41":[{"mainsnak":{"snaktype":"value","property":"P41","datavalue":{"value":{"entity-type":"item","numeric-id":29,"id":"Q29"},"type":"wikibase-entityid"},"datatype":"wikibase-item"},"type":"statement","id":"Q426629$A3EB4695-EF46-426F-9157-A081FB380550","rank":"normal"}],"P44":[{"mainsnak":{"snaktype":"value","property":"P44","datavalue":{"value":{"entity-type":"item","numeric-id":23896,"id":"Q23896"},"type":"wikibase-entityid"},"datatype":"wikibase-item"},"type":"statement","id":"Q426629$2B3EEBA2-CD65-44B0-AA2F-F9FB37B5A5AD","rank":"normal"}],"P45":[{"mainsnak":{"snaktype":"value","property":"P45","datavalue":{"value":"4","type":"string"},"datatype":"string"},"type":"statement","id":"Q426629$7E3F7C5D-95CD-4633-8631-DEC339D66BC9","rank":"normal"}],"P46":[{"mainsnak":{"snaktype":"value","property":"P46","datavalue":{"value":"2","type":"string"},"datatype":"string"},"type":"statement","id":"Q426629$024CD6A6-3E68-4BDB-8355-F59EBDA2034B","rank":"normal"}],"P49":[{"mainsnak":{"snaktype":"value","property":"P49","datavalue":{"value":"302\u2013305","type":"string"},"datatype":"string"},"type":"statement","id":"Q426629$CC91A805-11F8-46EB-83E1-3C60CD1BA962","rank":"normal"}],"P57":[{"mainsnak":{"snaktype":"value","property":"P57","datavalue":{"value":{"time":"+2013-00-00T00:00:00Z","timezone":0,"before":0,"after":0,"precision":9,"calendarmodel":"http://www.wikidata.org/entity/Q1985727"},"type":"time"},"datatype":"time"},"type":"statement","id":"Q426629$7D1A55A5-9625-4964-A260-F3EEDE4B7052","rank":"normal"}]},"sitelinks":{}}}}

Kálmán Mikszáth a jeho súčasníci: regionalizmus v kontexte literatúry stredoeurópskych národov na konci 19. storočia / Mikszáth Kálmán és kortársai: Regionalizmus a 19. század végén a közép-európai irodalmak kontextusában. Zborník príspekov medzinárodnej vedeckej konferencie konanej pri príležitosti 100. vyročia úmrtia Kálmáná Mikszátha dňa 21. mája 2010 v Bratislave v Slovenskom národnom múzeu – Múzeu kultúry Mađarov na Slovensku. Ed. Szilvia Sipos. Bratislava: SNM – Múzeum kultúry Mađarov na Slovensku, Občianske združenie Tradície a hodnoty, 2011, 190 s. ISBN 978–80–970580–3–6.

Ivanová, Mária, recenzió, Kultúrne dejiny, 2013

Mikszáth Kálmán és kortársai. Regionalizmus a 19. század végén a közép-európai irodalmak kontextusában, Kálmán Mikszáth a jeho súčasníci: Regionalizmus v kontexte literatúry stredoeurópskych národov na konci 19. storočia, [Tanulmányok] Szerk: Sipos Szilvia. Pozsony, Hagyományok és Értékek Polgári Társulás, Szlovák Nemzeti Múzeum – A Szlovákiai Magyar Kultúra Múzeuma, Pozsony, 2011, 192 l. Mikszáth halálának 100. évfordulója alkalmából 2010. május 21-én Pozsonyban magyar, szlovák, lengyel és cseh előadók részvételével rendezett irodalomtudományi konferencia anyaga.

mib2013Ivanová 2013

Ivanová, Mária
