{"entities":{"Q424996":{"pageid":394216,"ns":120,"title":"Item:Q424996","lastrevid":1035038,"modified":"2025-04-14T21:55:08Z","type":"item","id":"Q424996","labels":{"hu":{"language":"hu","value":"Hermann Hesse und die Moderne. Diskurse zwischen \u00c4sthetik, Ethik und Politik: Beitr\u00e4ge der internationalen Tagung aus Anlass des f\u00fcnfzigsten Todestages des Dichters vom 2. bis 5. Mai am Germanistischen Institut der Universit\u00e4t Szeged"},"en":{"language":"en","value":"Hermann Hesse und die Moderne. Diskurse zwischen \u00c4sthetik, Ethik und Politik: Beitr\u00e4ge der internationalen Tagung aus Anlass des f\u00fcnfzigsten Todestages des Dichters vom 2. bis 5. Mai am Germanistischen Institut der Universit\u00e4t Szeged"}},"descriptions":{"hu":{"language":"hu","value":", konferenciak\u00f6tet, 2013"}},"aliases":{},"claims":{"P1":[{"mainsnak":{"snaktype":"value","property":"P1","datavalue":{"value":{"entity-type":"item","numeric-id":24104,"id":"Q24104"},"type":"wikibase-entityid"},"datatype":"wikibase-item"},"type":"statement","id":"Q424996$CD68EE31-00AB-4D85-A4DF-FC7F9086B3A1","rank":"normal"}],"P17":[{"mainsnak":{"snaktype":"value","property":"P17","datavalue":{"value":{"entity-type":"item","numeric-id":2138,"id":"Q2138"},"type":"wikibase-entityid"},"datatype":"wikibase-item"},"type":"statement","id":"Q424996$7B1B6E28-F32D-4177-8D99-9DE562CD43EC","rank":"normal"}],"P225":[{"mainsnak":{"snaktype":"value","property":"P225","datavalue":{"value":"mib2013Haberland 2013","type":"string"},"datatype":"string"},"type":"statement","id":"Q424996$28494663-F970-4894-A60C-06E1902AD9EC","rank":"normal"}],"P41":[{"mainsnak":{"snaktype":"value","property":"P41","datavalue":{"value":{"entity-type":"item","numeric-id":24109,"id":"Q24109"},"type":"wikibase-entityid"},"datatype":"wikibase-item"},"type":"statement","id":"Q424996$B9E13C73-FCBB-4220-9D60-80E57391E7DA","rank":"normal"}],"P57":[{"mainsnak":{"snaktype":"value","property":"P57","datavalue":{"value":{"time":"+2013-00-00T00:00:00Z","timezone":0,"before":0,"after":0,"precision":9,"calendarmodel":"http://www.wikidata.org/entity/Q1985727"},"type":"time"},"datatype":"time"},"type":"statement","id":"Q424996$E9CF780B-1335-4D7D-A167-B8A18BF89C13","rank":"normal"}],"P18":[{"mainsnak":{"snaktype":"value","property":"P18","datavalue":{"value":{"text":"Anita Czegl\u00e9dy: Hermann Hesse \u2013 Karl Ker\u00e9nyi: Briefwechsel aus der N\u00e4he. 194; Istv\u00e1n Fried: S\u00e1ndor M\u00e1rai liest [?] Hesse. 274; Detler Haberland: Er\u00f6ffnung der Begleitausstellung zur Hesse-Tagung in der Universit\u00e4tsbibliothek Szeged. 338;","language":"en"},"type":"monolingualtext"},"datatype":"monolingualtext"},"type":"statement","id":"Q424996$4ED122D1-B9E0-49B4-9318-B979F23280E8","rank":"normal"}]},"sitelinks":{}}}}

Hermann Hesse und die Moderne. Diskurse zwischen Ästhetik, Ethik und Politik: Beiträge der internationalen Tagung aus Anlass des fünfzigsten Todestages des Dichters vom 2. bis 5. Mai am Germanistischen Institut der Universität Szeged

, konferenciakötet, 2013

Anita Czeglédy: Hermann Hesse – Karl Kerényi: Briefwechsel aus der Nähe. 194; István Fried: Sándor Márai liest [?] Hesse. 274; Detler Haberland: Eröffnung der Begleitausstellung zur Hesse-Tagung in der Universitätsbibliothek Szeged. 338;
