{"entities":{"Q422723":{"pageid":391964,"ns":120,"title":"Item:Q422723","lastrevid":1034852,"modified":"2025-04-14T21:49:52Z","type":"item","id":"Q422723","labels":{"hu":{"language":"hu","value":"\u201eMagam ut\u00e1n h\u00fazom magam\u201d. Nemes Nagy \u00c1gnes k\u00f6lt\u0151i \u00e9letm\u0171v\u00e9nek integrit\u00e1sa"},"en":{"language":"en","value":"\u201eMagam ut\u00e1n h\u00fazom magam\u201d. Nemes Nagy \u00c1gnes k\u00f6lt\u0151i \u00e9letm\u0171v\u00e9nek integrit\u00e1sa"}},"descriptions":{"hu":{"language":"hu","value":"Ferencz Gy\u0151z\u0151, tanulm\u00e1ny, sz\u00f6vegkiad\u00e1s, Vigilia, 2016"}},"aliases":{},"claims":{"P1":[{"mainsnak":{"snaktype":"value","property":"P1","datavalue":{"value":{"entity-type":"item","numeric-id":24,"id":"Q24"},"type":"wikibase-entityid"},"datatype":"wikibase-item"},"type":"statement","id":"Q422723$ADA64158-D389-4356-9B3A-33B332BF9314","rank":"normal"}],"P17":[{"mainsnak":{"snaktype":"value","property":"P17","datavalue":{"value":{"entity-type":"item","numeric-id":2138,"id":"Q2138"},"type":"wikibase-entityid"},"datatype":"wikibase-item"},"type":"statement","id":"Q422723$F60C634E-D0B1-4D32-AC12-3942FE5FD1FC","rank":"normal"}],"P192":[{"mainsnak":{"snaktype":"value","property":"P192","datavalue":{"value":{"entity-type":"item","numeric-id":47297,"id":"Q47297"},"type":"wikibase-entityid"},"datatype":"wikibase-item"},"type":"statement","id":"Q422723$9F7125F1-ADF4-488F-9415-FF95591FCCB1","rank":"normal"}],"P225":[{"mainsnak":{"snaktype":"value","property":"P225","datavalue":{"value":"mib2013Ferencz 2016","type":"string"},"datatype":"string"},"type":"statement","id":"Q422723$A4562CAD-E945-4552-831D-E447E6DF8984","rank":"normal"}],"P37":[{"mainsnak":{"snaktype":"value","property":"P37","datavalue":{"value":"Ferencz Gy\u0151z\u0151","type":"string"},"datatype":"string"},"type":"statement","id":"Q422723$3B3277A1-38A7-404B-9E90-2D8E2DA9AFAA","rank":"normal"}],"P41":[{"mainsnak":{"snaktype":"value","property":"P41","datavalue":{"value":{"entity-type":"item","numeric-id":329375,"id":"Q329375"},"type":"wikibase-entityid"},"datatype":"wikibase-item"},"type":"statement","id":"Q422723$EB7DED4A-9F56-45F0-AD57-3092560E1D71","rank":"normal"},{"mainsnak":{"snaktype":"value","property":"P41","datavalue":{"value":{"entity-type":"item","numeric-id":242357,"id":"Q242357"},"type":"wikibase-entityid"},"datatype":"wikibase-item"},"type":"statement","id":"Q422723$E7840645-7552-479A-A2AC-3823DB887D7C","rank":"normal"}],"P44":[{"mainsnak":{"snaktype":"value","property":"P44","datavalue":{"value":{"entity-type":"item","numeric-id":23866,"id":"Q23866"},"type":"wikibase-entityid"},"datatype":"wikibase-item"},"type":"statement","id":"Q422723$7745ACD7-3913-47C8-BA2B-357FE0064179","rank":"normal"}],"P45":[{"mainsnak":{"snaktype":"value","property":"P45","datavalue":{"value":"81","type":"string"},"datatype":"string"},"type":"statement","id":"Q422723$50FB7F62-F20A-4750-98B9-5D9D609D74B9","rank":"normal"}],"P46":[{"mainsnak":{"snaktype":"value","property":"P46","datavalue":{"value":"11","type":"string"},"datatype":"string"},"type":"statement","id":"Q422723$7AE4D40E-E5E1-4C18-828A-4AE83AFB1EF7","rank":"normal"}],"P49":[{"mainsnak":{"snaktype":"value","property":"P49","datavalue":{"value":"802\u2013813","type":"string"},"datatype":"string"},"type":"statement","id":"Q422723$0C7BC7B6-6F59-4BF9-AFFA-8BD91F3462CD","rank":"normal"}],"P57":[{"mainsnak":{"snaktype":"value","property":"P57","datavalue":{"value":{"time":"+2016-00-00T00:00:00Z","timezone":0,"before":0,"after":0,"precision":9,"calendarmodel":"http://www.wikidata.org/entity/Q1985727"},"type":"time"},"datatype":"time"},"type":"statement","id":"Q422723$E2FF3852-06E2-45FD-B134-20FE1C1E1911","rank":"normal"}],"P18":[{"mainsnak":{"snaktype":"value","property":"P18","datavalue":{"value":{"text":"Nemes Nagy \u00c1gnes: Kett\u0151s vil\u00e1gban; Napfordul\u00f3; Sz\u00e1razvill\u00e1m; Sz\u00f6k\u0151k\u00fat; K\u00f6z\u00f6tt; A F\u00f6ld eml\u00e9kei c. k\u00f6teteir\u0151l, k\u00e9ziratos hagyat\u00e9k\u00e1r\u00f3l, f\u00fczeteir\u0151l; Ap\u00e1d; F\u00e1j; Majom; A t\u00e1voz\u00f3; Men\u0151ben, \u201eOly furcsa ez a d\u00e9lut\u00e1n\u2026\u201d; \u201eOlyan nagyon f\u00e1j ez a d\u00e9lut\u00e1n\u2026\u201d c. versek k\u00f6zl\u00e9s\u00e9vel. Eml\u00edtve: az Erk\u00f6lcs \u00e9s r\u00e9m\u00fclet k\u00f6z\u00f6tt. In memoriam Nemes Nagy \u00c1gnes [szerk. Domokos M\u00e1ty\u00e1s, Lengyel Bal\u00e1zs] c. k\u00f6tet. A Pet\u0151fi Irodalmi M\u00fazeumban rendezett Nemes Nagy \u00c1gnes- \u00e9s \u00dajhold konferenci\u00e1n [Budapest, 2016. szeptember 29\u201330.] elhangzott el\u0151ad\u00e1s szerkesztett v\u00e1ltozata.","language":"en"},"type":"monolingualtext"},"datatype":"monolingualtext"},"type":"statement","id":"Q422723$CE104C96-D0DC-4845-90C9-653F5D5379C8","rank":"normal"}]},"sitelinks":{}}}}

„Magam után húzom magam”. Nemes Nagy Ágnes költői életművének integritása

Ferencz Győző, tanulmány, szövegkiadás, Vigilia, 2016

Ferencz Győző

Nemes Nagy Ágnes: Kettős világban; Napforduló; Szárazvillám; Szökőkút; Között; A Föld emlékei c. köteteiről, kéziratos hagyatékáról, füzeteiről; Apád; Fáj; Majom; A távozó; Menőben, „Oly furcsa ez a délután…”; „Olyan nagyon fáj ez a délután…” c. versek közlésével. Említve: az Erkölcs és rémület között. In memoriam Nemes Nagy Ágnes [szerk. Domokos Mátyás, Lengyel Balázs] c. kötet. A Petőfi Irodalmi Múzeumban rendezett Nemes Nagy Ágnes- és Újhold konferencián [Budapest, 2016. szeptember 29–30.] elhangzott előadás szerkesztett változata.
