{"entities":{"Q419453":{"pageid":388747,"ns":120,"title":"Item:Q419453","lastrevid":1068743,"modified":"2025-04-16T05:17:47Z","type":"item","id":"Q419453","labels":{"hu":{"language":"hu","value":"Doktori \u00e9rtekez\u00e9sek v\u00e9d\u00e9se 2018-ban"},"en":{"language":"en","value":"Doktori \u00e9rtekez\u00e9sek v\u00e9d\u00e9se 2018-ban"}},"descriptions":{"hu":{"language":"hu","value":"Cseke P\u00e9ter, tanulm\u00e1ny, M\u00e9dia\u2013t\u00f6rt\u00e9net\u2013kommunik\u00e1ci\u00f3 \u2013 Media\u2013istoria presei\u2013comunicare \u2013 Media\u2013History\u2013Communication (Kolozsv\u00e1r), 2018"}},"aliases":{},"claims":{"P1":[{"mainsnak":{"snaktype":"value","property":"P1","datavalue":{"value":{"entity-type":"item","numeric-id":24,"id":"Q24"},"type":"wikibase-entityid"},"datatype":"wikibase-item"},"type":"statement","id":"Q419453$E6D2B92E-8BEA-42ED-B9A1-C41A7D4EC0A0","rank":"normal"}],"P17":[{"mainsnak":{"snaktype":"value","property":"P17","datavalue":{"value":{"entity-type":"item","numeric-id":2138,"id":"Q2138"},"type":"wikibase-entityid"},"datatype":"wikibase-item"},"type":"statement","id":"Q419453$1B42AEEC-0619-4A2F-A8D5-325142F4CE0C","rank":"normal"}],"P225":[{"mainsnak":{"snaktype":"value","property":"P225","datavalue":{"value":"mib2013Cseke 2018c","type":"string"},"datatype":"string"},"type":"statement","id":"Q419453$516D1D14-51CB-4E80-A45D-14DA69AD2BE8","rank":"normal"}],"P37":[{"mainsnak":{"snaktype":"value","property":"P37","datavalue":{"value":"Cseke P\u00e9ter","type":"string"},"datatype":"string"},"type":"statement","id":"Q419453$7FA4F1EA-993F-46CC-BC85-B7A542AD463C","rank":"normal"}],"P41":[{"mainsnak":{"snaktype":"value","property":"P41","datavalue":{"value":{"entity-type":"item","numeric-id":329375,"id":"Q329375"},"type":"wikibase-entityid"},"datatype":"wikibase-item"},"type":"statement","id":"Q419453$6B7AE7A7-765B-4E3C-BD19-533F3DD8B9D4","rank":"normal"}],"P44":[{"mainsnak":{"snaktype":"value","property":"P44","datavalue":{"value":{"entity-type":"item","numeric-id":328158,"id":"Q328158"},"type":"wikibase-entityid"},"datatype":"wikibase-item"},"type":"statement","id":"Q419453$82931FF2-1D9B-4C07-AA46-4BDFA8CEA251","rank":"normal"}],"P45":[{"mainsnak":{"snaktype":"value","property":"P45","datavalue":{"value":"13","type":"string"},"datatype":"string"},"type":"statement","id":"Q419453$B4B1EA3F-3DE1-4A67-8296-A0B9551BE9C8","rank":"normal"}],"P46":[{"mainsnak":{"snaktype":"value","property":"P46","datavalue":{"value":"4","type":"string"},"datatype":"string"},"type":"statement","id":"Q419453$5A294623-2F99-47A7-98EA-81341DF0ECAD","rank":"normal"}],"P49":[{"mainsnak":{"snaktype":"value","property":"P49","datavalue":{"value":"105\u2013117","type":"string"},"datatype":"string"},"type":"statement","id":"Q419453$2DFBE328-84E9-4E4C-9BA0-CCF9B9F0C03A","rank":"normal"}],"P57":[{"mainsnak":{"snaktype":"value","property":"P57","datavalue":{"value":{"time":"+2018-00-00T00:00:00Z","timezone":0,"before":0,"after":0,"precision":9,"calendarmodel":"http://www.wikidata.org/entity/Q1985727"},"type":"time"},"datatype":"time"},"type":"statement","id":"Q419453$D7541446-45E4-4DB9-8F2D-A41E2CA22ABE","rank":"normal"}],"P18":[{"mainsnak":{"snaktype":"value","property":"P18","datavalue":{"value":{"text":"A Babe\u015f-Bolyai Egyetem \u00dajs\u00e1g\u00edr\u00e1s \u00e9s Digit\u00e1lis M\u00e9dia tansz\u00e9k\u00e9nek doktori \u00e9rtekez\u00e9seir\u0151l. Csibi L\u00e1szl\u00f3: Gr\u00f3f Teleki Samu Afrik\u00e1ban. A felfedez\u0151\u00fat \u00edr\u00e1sos \u00e9s k\u00e9pi hagyat\u00e9ka; Szusz\u00e1mi Zsuzsanna: K\u00e9pz\u0151m\u0171v\u00e9szet \u00e9s lapkult\u00fara az 1968-as korszakv\u00e1lt\u00e1sban. M\u0171v\u00e9szeti \u00fatkeres\u00e9sek a rom\u00e1niai magyar sajt\u00f3ban 1965\u20131975 k\u00f6z\u00f6tt; R\u00e1cz \u00c9va-M\u00e1ria: A k\u00f6zszolg\u00e1lati r\u00e1di\u00f3 \u00e1talakul\u00e1sa 1989 ut\u00e1n. Esettanulm\u00e1ny: a Kolozsv\u00e1ri R\u00e1di\u00f3; Bauer B\u00e9la: \u00c9rt\u00e9kek \u00e9s lehet\u0151s\u00e9gek a multikulturalizmus kor\u00e1ban. A hagyom\u00e1nyos \u00e9s az \u2019\u00fajkult\u00fara\u2019, \u2019\u00fajm\u0171velts\u00e9g\u2019, \u2019\u00fajm\u00e9dia\u2019 szerepe az ezredfordul\u00f3n.","language":"en"},"type":"monolingualtext"},"datatype":"monolingualtext"},"type":"statement","id":"Q419453$F3B1E912-A213-4B63-B6B6-8F03B8F5ABF9","rank":"normal"}]},"sitelinks":{}}}}

Doktori értekezések védése 2018-ban

Cseke Péter, tanulmány, Média–történet–kommunikáció – Media–istoria presei–comunicare – Media–History–Communication (Kolozsvár), 2018

Cseke Péter

A Babeş-Bolyai Egyetem Újságírás és Digitális Média tanszékének doktori értekezéseiről. Csibi László: Gróf Teleki Samu Afrikában. A felfedezőút írásos és képi hagyatéka; Szuszámi Zsuzsanna: Képzőművészet és lapkultúra az 1968-as korszakváltásban. Művészeti útkeresések a romániai magyar sajtóban 1965–1975 között; Rácz Éva-Mária: A közszolgálati rádió átalakulása 1989 után. Esettanulmány: a Kolozsvári Rádió; Bauer Béla: Értékek és lehetőségek a multikulturalizmus korában. A hagyományos és az ’újkultúra’, ’újműveltség’, ’újmédia’ szerepe az ezredfordulón.
