{"entities":{"Q392970":{"pageid":368047,"ns":120,"title":"Item:Q392970","lastrevid":687813,"modified":"2024-01-13T14:04:03Z","type":"item","id":"Q392970","labels":{"hu":{"language":"hu","value":"Succincta medicorum Hungariae et Transilvaniae biographia. Magyarorsz\u00e1g \u00e9s Erd\u00e9ly orvosainak r\u00f6vid \u00e9letrajza. 1\u20134. k\u00f6t."},"en":{"language":"en","value":"Succincta medicorum Hungariae et Transilvaniae biographia. Magyarorsz\u00e1g \u00e9s Erd\u00e9ly orvosainak r\u00f6vid \u00e9letrajza. 1\u20134. k\u00f6t."}},"descriptions":{"hu":{"language":"hu","value":"Weszpr\u00e9mi Istv\u00e1n, 1960"}},"aliases":{},"claims":{"P1":[{"mainsnak":{"snaktype":"value","property":"P1","datavalue":{"value":{"entity-type":"item","numeric-id":24104,"id":"Q24104"},"type":"wikibase-entityid"},"datatype":"wikibase-item"},"type":"statement","id":"Q392970$DCA39D45-9C02-4619-9229-CA7E63291B36","rank":"normal"}],"P17":[{"mainsnak":{"snaktype":"value","property":"P17","datavalue":{"value":{"entity-type":"item","numeric-id":2138,"id":"Q2138"},"type":"wikibase-entityid"},"datatype":"wikibase-item"},"type":"statement","id":"Q392970$616D1A02-A713-42BA-9D69-CC3B565B8BF2","rank":"normal"}],"P18":[{"mainsnak":{"snaktype":"value","property":"P18","datavalue":{"value":{"text":"\u2013 Ism.: Tarnai Andor, ItK 1960. 726- 728.- Benda K\u00e1lm\u00e1n, Sz\u00e1z 1963. 725\u2013726.","language":"hu"},"type":"monolingualtext"},"datatype":"monolingualtext"},"type":"statement","id":"Q392970$546A6F03-9667-4AE6-8DFC-859D701B1012","rank":"normal"}],"P225":[{"mainsnak":{"snaktype":"value","property":"P225","datavalue":{"value":"mib02K\u00f6nyv 1960-1970","type":"string"},"datatype":"string"},"type":"statement","id":"Q392970$2CF34CA6-4E8D-426E-8776-18E9F3DC45B6","rank":"normal"}],"P226":[{"mainsnak":{"snaktype":"value","property":"P226","datavalue":{"value":"II. Egyes szerz\u0151k/Weszpr\u00e9mi Istv\u00e1n 1723\u20131799/Sz\u00f6vegek/Kiad\u00e1sok","type":"string"},"datatype":"string"},"type":"statement","id":"Q392970$99B533B8-534D-4EFD-8C1F-F0BD3860AA4D","rank":"normal"}],"P37":[{"mainsnak":{"snaktype":"value","property":"P37","datavalue":{"value":"Weszpr\u00e9mi Istv\u00e1n","type":"string"},"datatype":"string"},"type":"statement","id":"Q392970$876AD484-032D-422C-8EC4-83965ADFF703","rank":"normal"}],"P57":[{"mainsnak":{"snaktype":"value","property":"P57","datavalue":{"value":{"time":"+1960-00-00T00:00:00Z","timezone":0,"before":0,"after":0,"precision":9,"calendarmodel":"http://www.wikidata.org/entity/Q1985727"},"type":"time"},"datatype":"time"},"type":"statement","id":"Q392970$DAB19554-4E2B-4868-AD31-75C37F0A55B6","rank":"normal"}]},"sitelinks":{}}}}

Succincta medicorum Hungariae et Transilvaniae biographia. Magyarország és Erdély orvosainak rövid életrajza. 1–4. köt.

Weszprémi István, 1960

– Ism.: Tarnai Andor, ItK 1960. 726- 728.- Benda Kálmán, Száz 1963. 725–726.

mib02Könyv 1960-1970

II. Egyes szerzők/Weszprémi István 1723–1799/Szövegek/Kiadások

Weszprémi István
