{"entities":{"Q392886":{"pageid":367972,"ns":120,"title":"Item:Q392886","lastrevid":687738,"modified":"2024-01-13T14:01:40Z","type":"item","id":"Q392886","labels":{"hu":{"language":"hu","value":"A magyar sz\u00f3t\u00e1rirodalom a felvil\u00e1gosod\u00e1s kor\u00e1ban \u00e9s a reformkorban. F\u00fcggel\u00e9k\u00fcl Pais Dezs\u0151, B\u00e1rczi G\u00e9za, M\u00e9sz\u00f6ly Gedeon hozz\u00e1sz\u00f3l\u00e1sa"},"en":{"language":"en","value":"A magyar sz\u00f3t\u00e1rirodalom a felvil\u00e1gosod\u00e1s kor\u00e1ban \u00e9s a reformkorban. F\u00fcggel\u00e9k\u00fcl Pais Dezs\u0151, B\u00e1rczi G\u00e9za, M\u00e9sz\u00f6ly Gedeon hozz\u00e1sz\u00f3l\u00e1sa"}},"descriptions":{"hu":{"language":"hu","value":"G\u00e1ldi L\u00e1szl\u00f3, 1957"}},"aliases":{},"claims":{"P1":[{"mainsnak":{"snaktype":"value","property":"P1","datavalue":{"value":{"entity-type":"item","numeric-id":24104,"id":"Q24104"},"type":"wikibase-entityid"},"datatype":"wikibase-item"},"type":"statement","id":"Q392886$0BFF4A7E-6FC5-4B90-8738-3268259AC007","rank":"normal"}],"P17":[{"mainsnak":{"snaktype":"value","property":"P17","datavalue":{"value":{"entity-type":"item","numeric-id":2138,"id":"Q2138"},"type":"wikibase-entityid"},"datatype":"wikibase-item"},"type":"statement","id":"Q392886$FCE30B5A-738B-4199-84EF-B65796F9E2B5","rank":"normal"}],"P18":[{"mainsnak":{"snaktype":"value","property":"P18","datavalue":{"value":{"text":"\u2013 Ism.: Kelemen J\u00f3zsef, NyK 1958. 488\u2013498. \u2013 Sz\u00e9pe Gy\u00f6rgy, MNyr 1958. 386\u2013390. \u2013 Teresty\u00e9ni Ferenc, MTud 1958. 454\u2013456. \u2013 Albert G\u00e1bor, MKsz 1959. 147. \u2013 Martink\u00f3 Andr\u00e1s, ItK 1960. 511\u2013514.","language":"hu"},"type":"monolingualtext"},"datatype":"monolingualtext"},"type":"statement","id":"Q392886$07B91A94-E021-4CD9-A26E-A5F442C296CC","rank":"normal"}],"P225":[{"mainsnak":{"snaktype":"value","property":"P225","datavalue":{"value":"mib02K\u00f6nyv 1957e","type":"string"},"datatype":"string"},"type":"statement","id":"Q392886$CFFEF9DE-7494-43B3-8647-D7752EF4AF99","rank":"normal"}],"P226":[{"mainsnak":{"snaktype":"value","property":"P226","datavalue":{"value":"I. \u00c1ltal\u00e1nos r\u00e9sz/3. Az irodalmi m\u0171fajok, kifejez\u0151eszk\u00f6z\u00f6k elm\u00e9lete \u00e9s t\u00f6rt\u00e9nete/Az irodalmi kifejez\u0151eszk\u00f6z\u00f6k elm\u00e9lete \u00e9s t\u00f6rt\u00e9nete/Nyelv/Sz\u00f3t\u00e1rak/Irodalom/\u00d6sszefoglal\u00f3 munka","type":"string"},"datatype":"string"},"type":"statement","id":"Q392886$F870587D-59A2-40E5-AAC1-34E34E984D55","rank":"normal"}],"P37":[{"mainsnak":{"snaktype":"value","property":"P37","datavalue":{"value":"G\u00e1ldi L\u00e1szl\u00f3","type":"string"},"datatype":"string"},"type":"statement","id":"Q392886$FDB86E77-C4C5-4839-B170-94A89C2B7BD2","rank":"normal"}],"P57":[{"mainsnak":{"snaktype":"value","property":"P57","datavalue":{"value":{"time":"+1957-00-00T00:00:00Z","timezone":0,"before":0,"after":0,"precision":9,"calendarmodel":"http://www.wikidata.org/entity/Q1985727"},"type":"time"},"datatype":"time"},"type":"statement","id":"Q392886$49DEDF49-83E3-40BB-82CD-D1F53F1A0171","rank":"normal"}]},"sitelinks":{}}}}

A magyar szótárirodalom a felvilágosodás korában és a reformkorban. Függelékül Pais Dezső, Bárczi Géza, Mészöly Gedeon hozzászólása

Gáldi László, 1957

– Ism.: Kelemen József, NyK 1958. 488–498. – Szépe György, MNyr 1958. 386–390. – Terestyéni Ferenc, MTud 1958. 454–456. – Albert Gábor, MKsz 1959. 147. – Martinkó András, ItK 1960. 511–514.

mib02Könyv 1957e

I. Általános rész/3. Az irodalmi műfajok, kifejezőeszközök elmélete és története/Az irodalmi kifejezőeszközök elmélete és története/Nyelv/Szótárak/Irodalom/Összefoglaló munka

Gáldi László
