{"entities":{"Q392785":{"pageid":367883,"ns":120,"title":"Item:Q392785","lastrevid":687649,"modified":"2024-01-13T13:58:59Z","type":"item","id":"Q392785","labels":{"hu":{"language":"hu","value":"A magyar irodalom a felvil\u00e1gosod\u00e1s kor\u00e1ban"},"en":{"language":"en","value":"A magyar irodalom a felvil\u00e1gosod\u00e1s kor\u00e1ban"}},"descriptions":{"hu":{"language":"hu","value":"Waldapfel J\u00f3zsef, 1954"}},"aliases":{},"claims":{"P1":[{"mainsnak":{"snaktype":"value","property":"P1","datavalue":{"value":{"entity-type":"item","numeric-id":24104,"id":"Q24104"},"type":"wikibase-entityid"},"datatype":"wikibase-item"},"type":"statement","id":"Q392785$A3366F06-D960-4394-8B9A-1BF54D553A0D","rank":"normal"}],"P17":[{"mainsnak":{"snaktype":"value","property":"P17","datavalue":{"value":{"entity-type":"item","numeric-id":2138,"id":"Q2138"},"type":"wikibase-entityid"},"datatype":"wikibase-item"},"type":"statement","id":"Q392785$6C415ABD-A266-437E-87C7-D23CFBA595AA","rank":"normal"}],"P18":[{"mainsnak":{"snaktype":"value","property":"P18","datavalue":{"value":{"text":"\u2014 2. kiad. Bp. 1957. 343 l. \u2014 3. jav., b\u0151v. kiad. Bp. 1963. 349 l. Ism.: Barta J\u00e1nos, It 1955. 350\u2013359. \u2013 P\u00e1ndi P\u00e1l, T\u00e1rsSz 1955. 1. sz. 129\u2013133. \u2013 Jancs\u00f3 Elem\u00e9r, IgSz\u00f3 1956. 116\u2013117. \u2013 Szauder J\u00f3zsef, MTA I. OK 1956. VIII. 333\u2013347. \u2013 W\u00e9ber A[ntal], ALitt 1957. 279\u2013281. \u2013 Kov\u00e1cs Gy\u0151z\u0151, ItK 1958. 405\u2013406","language":"hu"},"type":"monolingualtext"},"datatype":"monolingualtext"},"type":"statement","id":"Q392785$6BD6C809-209A-43B3-B84B-C692527AFA81","rank":"normal"}],"P225":[{"mainsnak":{"snaktype":"value","property":"P225","datavalue":{"value":"mib02K\u00f6nyv 1954d","type":"string"},"datatype":"string"},"type":"statement","id":"Q392785$361A9001-389E-4422-95D6-A2429EDD11DC","rank":"normal"}],"P226":[{"mainsnak":{"snaktype":"value","property":"P226","datavalue":{"value":"I. \u00c1ltal\u00e1nos r\u00e9sz/1. Seg\u00e9dk\u00f6nyvek, \u00f6sszefoglal\u00f3 munk\u00e1k/A korszak szint\u00e9zisei","type":"string"},"datatype":"string"},"type":"statement","id":"Q392785$750BEAED-F171-494C-8139-051C06EB0891","rank":"normal"}],"P37":[{"mainsnak":{"snaktype":"value","property":"P37","datavalue":{"value":"Waldapfel J\u00f3zsef","type":"string"},"datatype":"string"},"type":"statement","id":"Q392785$C457701C-D002-4B38-8644-2977FF2248CC","rank":"normal"}],"P57":[{"mainsnak":{"snaktype":"value","property":"P57","datavalue":{"value":{"time":"+1954-00-00T00:00:00Z","timezone":0,"before":0,"after":0,"precision":9,"calendarmodel":"http://www.wikidata.org/entity/Q1985727"},"type":"time"},"datatype":"time"},"type":"statement","id":"Q392785$73D1D8F3-5AC9-46F6-9F75-DD2BF150C3F6","rank":"normal"}]},"sitelinks":{}}}}

A magyar irodalom a felvilágosodás korában

Waldapfel József, 1954

— 2. kiad. Bp. 1957. 343 l. — 3. jav., bőv. kiad. Bp. 1963. 349 l. Ism.: Barta János, It 1955. 350–359. – Pándi Pál, TársSz 1955. 1. sz. 129–133. – Jancsó Elemér, IgSzó 1956. 116–117. – Szauder József, MTA I. OK 1956. VIII. 333–347. – Wéber A[ntal], ALitt 1957. 279–281. – Kovács Győző, ItK 1958. 405–406

mib02Könyv 1954d

I. Általános rész/1. Segédkönyvek, összefoglaló munkák/A korszak szintézisei

Waldapfel József
