{"entities":{"Q392670":{"pageid":367775,"ns":120,"title":"Item:Q392670","lastrevid":687541,"modified":"2024-01-13T13:56:13Z","type":"item","id":"Q392670","labels":{"hu":{"language":"hu","value":"A szabads\u00e1gharc f\u0151v\u00e1rosa Debrecen, 1849 janu\u00e1r\u2013m\u00e1jus"},"en":{"language":"en","value":"A szabads\u00e1gharc f\u0151v\u00e1rosa Debrecen, 1849 janu\u00e1r\u2013m\u00e1jus"}},"descriptions":{"hu":{"language":"hu","value":", 1949"}},"aliases":{},"claims":{"P1":[{"mainsnak":{"snaktype":"value","property":"P1","datavalue":{"value":{"entity-type":"item","numeric-id":24104,"id":"Q24104"},"type":"wikibase-entityid"},"datatype":"wikibase-item"},"type":"statement","id":"Q392670$5D383B02-BC49-49D3-93E3-E05327DA45B1","rank":"normal"}],"P17":[{"mainsnak":{"snaktype":"value","property":"P17","datavalue":{"value":{"entity-type":"item","numeric-id":2138,"id":"Q2138"},"type":"wikibase-entityid"},"datatype":"wikibase-item"},"type":"statement","id":"Q392670$649DD768-C03E-4F56-A943-F6203FF4E705","rank":"normal"}],"P18":[{"mainsnak":{"snaktype":"value","property":"P18","datavalue":{"value":{"text":"[Tanulm\u00e1nyok 1848/49 alapvet\u0151 k\u00e9rd\u00e9seir\u0151l]","language":"hu"},"type":"monolingualtext"},"datatype":"monolingualtext"},"type":"statement","id":"Q392670$00BCDE01-5E34-4474-80ED-064ADBE1B722","rank":"normal"}],"P225":[{"mainsnak":{"snaktype":"value","property":"P225","datavalue":{"value":"mib02K\u00f6nyv 1949c","type":"string"},"datatype":"string"},"type":"statement","id":"Q392670$3673B5C1-107E-456D-9A08-EA24BA1CEDFA","rank":"normal"}],"P226":[{"mainsnak":{"snaktype":"value","property":"P226","datavalue":{"value":"I. \u00c1ltal\u00e1nos r\u00e9sz/4. Az irodalmi folyamat t\u00f6rt\u00e9nete/Kort\u00f6rt\u00e9neti \u00e1ttekint\u00e9sek/T\u00f6rt\u00e9neti irodalom/Forradalom \u00e9s szabads\u00e1gharc","type":"string"},"datatype":"string"},"type":"statement","id":"Q392670$56D932A1-4B6D-4CA5-983E-3E091564CA4A","rank":"normal"}],"P57":[{"mainsnak":{"snaktype":"value","property":"P57","datavalue":{"value":{"time":"+1949-00-00T00:00:00Z","timezone":0,"before":0,"after":0,"precision":9,"calendarmodel":"http://www.wikidata.org/entity/Q1985727"},"type":"time"},"datatype":"time"},"type":"statement","id":"Q392670$F982A978-49B0-4B53-9BF4-D31E07A80DC1","rank":"normal"}]},"sitelinks":{}}}}

A szabadságharc fővárosa Debrecen, 1849 január–május

[Tanulmányok 1848/49 alapvető kérdéseiről]

mib02Könyv 1949c

I. Általános rész/4. Az irodalmi folyamat története/Kortörténeti áttekintések/Történeti irodalom/Forradalom és szabadságharc
