{"entities":{"Q392647":{"pageid":367753,"ns":120,"title":"Item:Q392647","lastrevid":687519,"modified":"2024-01-13T13:55:40Z","type":"item","id":"Q392647","labels":{"hu":{"language":"hu","value":"Vasv\u00e1ri P\u00e1l v\u00e1logatott politikai \u00edr\u00e1sai"},"en":{"language":"en","value":"Vasv\u00e1ri P\u00e1l v\u00e1logatott politikai \u00edr\u00e1sai"}},"descriptions":{"hu":{"language":"hu","value":", 1948"}},"aliases":{},"claims":{"P1":[{"mainsnak":{"snaktype":"value","property":"P1","datavalue":{"value":{"entity-type":"item","numeric-id":24104,"id":"Q24104"},"type":"wikibase-entityid"},"datatype":"wikibase-item"},"type":"statement","id":"Q392647$5438FB45-09AB-4C04-88DB-B18C84C6F27F","rank":"normal"}],"P17":[{"mainsnak":{"snaktype":"value","property":"P17","datavalue":{"value":{"entity-type":"item","numeric-id":2138,"id":"Q2138"},"type":"wikibase-entityid"},"datatype":"wikibase-item"},"type":"statement","id":"Q392647$D6C569D2-7CC5-4B48-8C98-077A1A150E98","rank":"normal"}],"P18":[{"mainsnak":{"snaktype":"value","property":"P18","datavalue":{"value":{"text":"\u2013 \u201eT\u00e9pj\u00e9tek le a s\u00f6t\u00e9ts\u00e9g bilincseit.\u201d XVIII. sz\u00e1zadi magyar r\u00f6piratok a feud\u00e1lis egyh\u00e1zr\u00f3l. Szerk. \u00e9s bev. Kat\u00f3 Istv\u00e1n, s. al\u00e1 rend. Tarnai Andor. Bp. 1950. 148 l. \u2013 Ism.: Gimes Mikl\u00f3s, SzabN 1950. 117. sz. 11. \u2013 He., T\u00e1rsSz 1950. 658. \u2013 Szauder J\u00f3zsef, It 1950. 2. sz. 125\u2013126.","language":"hu"},"type":"monolingualtext"},"datatype":"monolingualtext"},"type":"statement","id":"Q392647$B7682277-92C0-4E93-A7E2-4D34B39B9581","rank":"normal"}],"P225":[{"mainsnak":{"snaktype":"value","property":"P225","datavalue":{"value":"mib02K\u00f6nyv 1948d","type":"string"},"datatype":"string"},"type":"statement","id":"Q392647$9C5E99BB-74F7-4A2C-B589-F013356C978B","rank":"normal"}],"P226":[{"mainsnak":{"snaktype":"value","property":"P226","datavalue":{"value":"I. \u00c1ltal\u00e1nos r\u00e9sz/3. Az irodalmi m\u0171fajok, kifejez\u0151eszk\u00f6z\u00f6k elm\u00e9lete \u00e9s t\u00f6rt\u00e9nete/R\u00e9szletes m\u0171fajelm\u00e9let \u00e9s m\u0171fajt\u00f6rt\u00e9net/\u00datirajz. Publicisztikai \u00e9s politikai irodalom. Memo\u00e1r \u00e9s napl\u00f3/Politikai Irodalom/Tanulm\u00e1nyok, cikkek","type":"string"},"datatype":"string"},"type":"statement","id":"Q392647$37769848-2074-45E5-8249-3F4F9948EBEF","rank":"normal"}],"P57":[{"mainsnak":{"snaktype":"value","property":"P57","datavalue":{"value":{"time":"+1948-00-00T00:00:00Z","timezone":0,"before":0,"after":0,"precision":9,"calendarmodel":"http://www.wikidata.org/entity/Q1985727"},"type":"time"},"datatype":"time"},"type":"statement","id":"Q392647$A1391FD5-C6CA-4611-8316-785404D9EB98","rank":"normal"}]},"sitelinks":{}}}}

Vasvári Pál válogatott politikai írásai

– „Tépjétek le a sötétség bilincseit.” XVIII. századi magyar röpiratok a feudális egyházról. Szerk. és bev. Kató István, s. alá rend. Tarnai Andor. Bp. 1950. 148 l. – Ism.: Gimes Miklós, SzabN 1950. 117. sz. 11. – He., TársSz 1950. 658. – Szauder József, It 1950. 2. sz. 125–126.

mib02Könyv 1948d

I. Általános rész/3. Az irodalmi műfajok, kifejezőeszközök elmélete és története/Részletes műfajelmélet és műfajtörténet/Útirajz. Publicisztikai és politikai irodalom. Memoár és napló/Politikai Irodalom/Tanulmányok, cikkek
