{"entities":{"Q392484":{"pageid":367601,"ns":120,"title":"Item:Q392484","lastrevid":687367,"modified":"2024-01-13T13:51:03Z","type":"item","id":"Q392484","labels":{"hu":{"language":"hu","value":"Sz\u00e9chenyi Istv\u00e1n \u00e9s Waldstein J\u00e1nos keleti utaz\u00e1sa 1830-ban"},"en":{"language":"en","value":"Sz\u00e9chenyi Istv\u00e1n \u00e9s Waldstein J\u00e1nos keleti utaz\u00e1sa 1830-ban"}},"descriptions":{"hu":{"language":"hu","value":", 1942"}},"aliases":{},"claims":{"P1":[{"mainsnak":{"snaktype":"value","property":"P1","datavalue":{"value":{"entity-type":"item","numeric-id":24104,"id":"Q24104"},"type":"wikibase-entityid"},"datatype":"wikibase-item"},"type":"statement","id":"Q392484$9477558B-62B7-4355-9D36-2914C907E380","rank":"normal"}],"P17":[{"mainsnak":{"snaktype":"value","property":"P17","datavalue":{"value":{"entity-type":"item","numeric-id":2138,"id":"Q2138"},"type":"wikibase-entityid"},"datatype":"wikibase-item"},"type":"statement","id":"Q392484$E3CEC71D-E528-4B22-A648-8FB11D048085","rank":"normal"}],"P18":[{"mainsnak":{"snaktype":"value","property":"P18","datavalue":{"value":{"text":"\u2013 Ism.: Horv\u00e1th K\u00e1roly, ProTan\u00fcgyiSz 1943. 120. \u2013 Nagy P\u00e9ter, MCsill 1943. I. 52\u201354. \u2013 \u00d6st\u00f6r J\u00f3zsef, MSz 1943. 109\u2013112.","language":"hu"},"type":"monolingualtext"},"datatype":"monolingualtext"},"type":"statement","id":"Q392484$0013690B-4313-4B27-A2E6-9F0E2C43BD41","rank":"normal"}],"P225":[{"mainsnak":{"snaktype":"value","property":"P225","datavalue":{"value":"mib02K\u00f6nyv 1942h","type":"string"},"datatype":"string"},"type":"statement","id":"Q392484$D59B3C3E-2656-4D8F-B5F6-AD49F0D1B674","rank":"normal"}],"P226":[{"mainsnak":{"snaktype":"value","property":"P226","datavalue":{"value":"I. \u00c1ltal\u00e1nos r\u00e9sz/3. Az irodalmi m\u0171fajok, kifejez\u0151eszk\u00f6z\u00f6k elm\u00e9lete \u00e9s t\u00f6rt\u00e9nete/R\u00e9szletes m\u0171fajelm\u00e9let \u00e9s m\u0171fajt\u00f6rt\u00e9net/\u00datirajz. Publicisztikai \u00e9s politikai irodalom. Memo\u00e1r \u00e9s napl\u00f3/\u00datirajz/Sz\u00f6vegek","type":"string"},"datatype":"string"},"type":"statement","id":"Q392484$37CECA86-6304-4E96-BC37-5602C908DBBD","rank":"normal"}],"P57":[{"mainsnak":{"snaktype":"value","property":"P57","datavalue":{"value":{"time":"+1942-00-00T00:00:00Z","timezone":0,"before":0,"after":0,"precision":9,"calendarmodel":"http://www.wikidata.org/entity/Q1985727"},"type":"time"},"datatype":"time"},"type":"statement","id":"Q392484$B7E36528-DE78-4DF7-8F5C-1E7785802743","rank":"normal"}]},"sitelinks":{}}}}

Széchenyi István és Waldstein János keleti utazása 1830-ban

– Ism.: Horváth Károly, ProTanügyiSz 1943. 120. – Nagy Péter, MCsill 1943. I. 52–54. – Östör József, MSz 1943. 109–112.

mib02Könyv 1942h

I. Általános rész/3. Az irodalmi műfajok, kifejezőeszközök elmélete és története/Részletes műfajelmélet és műfajtörténet/Útirajz. Publicisztikai és politikai irodalom. Memoár és napló/Útirajz/Szövegek
