{"entities":{"Q392187":{"pageid":367324,"ns":120,"title":"Item:Q392187","lastrevid":687090,"modified":"2024-01-13T13:41:56Z","type":"item","id":"Q392187","labels":{"hu":{"language":"hu","value":"A r\u00e9gi Pest-Buda. Egykor\u00fa k\u00e9pek \u00e9s le\u00edr\u00e1sok"},"en":{"language":"en","value":"A r\u00e9gi Pest-Buda. Egykor\u00fa k\u00e9pek \u00e9s le\u00edr\u00e1sok"}},"descriptions":{"hu":{"language":"hu","value":"Trencs\u00e9nyi-Waldapfel Imre, 1937"}},"aliases":{},"claims":{"P1":[{"mainsnak":{"snaktype":"value","property":"P1","datavalue":{"value":{"entity-type":"item","numeric-id":24104,"id":"Q24104"},"type":"wikibase-entityid"},"datatype":"wikibase-item"},"type":"statement","id":"Q392187$A5762B15-8E37-470F-9BE0-5AB56E319A22","rank":"normal"}],"P17":[{"mainsnak":{"snaktype":"value","property":"P17","datavalue":{"value":{"entity-type":"item","numeric-id":2138,"id":"Q2138"},"type":"wikibase-entityid"},"datatype":"wikibase-item"},"type":"statement","id":"Q392187$F5750B98-E0E0-4F3D-AD89-4ACC10CD6A24","rank":"normal"}],"P18":[{"mainsnak":{"snaktype":"value","property":"P18","datavalue":{"value":{"text":"\u2013 Ism.: Lit 1937. 242\u2013243. \u2013 Szeml\u00e9r Ferenc, Pt\u0171z 1938. 508.","language":"hu"},"type":"monolingualtext"},"datatype":"monolingualtext"},"type":"statement","id":"Q392187$8B7B747C-CE5D-480D-AC35-422000A94315","rank":"normal"}],"P225":[{"mainsnak":{"snaktype":"value","property":"P225","datavalue":{"value":"mib02K\u00f6nyv 1937v","type":"string"},"datatype":"string"},"type":"statement","id":"Q392187$E106B736-AD50-4FEA-9F3E-7832C68A6728","rank":"normal"}],"P226":[{"mainsnak":{"snaktype":"value","property":"P226","datavalue":{"value":"I. \u00c1ltal\u00e1nos r\u00e9sz/5. Az irodalmi \u00e9let \u00e9s keretei/Irodalmi \u00e9let \u00e1ltal\u00e1ban. Az irodalmi \u00e9let egyes k\u00e9rd\u00e9sei/Egyes orsz\u00e1gr\u00e9szek, v\u00e1rosok irodalmi \u00e9lete/Budapest/\u00d6sszefoglal\u00f3 munk\u00e1k","type":"string"},"datatype":"string"},"type":"statement","id":"Q392187$AD2052A7-64C2-4C8E-9F5B-20BB00C398C5","rank":"normal"}],"P37":[{"mainsnak":{"snaktype":"value","property":"P37","datavalue":{"value":"Trencs\u00e9nyi-Waldapfel Imre","type":"string"},"datatype":"string"},"type":"statement","id":"Q392187$32AFB394-DC1B-4B0D-9A17-19856112BEAF","rank":"normal"}],"P57":[{"mainsnak":{"snaktype":"value","property":"P57","datavalue":{"value":{"time":"+1937-00-00T00:00:00Z","timezone":0,"before":0,"after":0,"precision":9,"calendarmodel":"http://www.wikidata.org/entity/Q1985727"},"type":"time"},"datatype":"time"},"type":"statement","id":"Q392187$6AD900B7-807C-47EA-9735-B3892B0C4E94","rank":"normal"}]},"sitelinks":{}}}}

A régi Pest-Buda. Egykorú képek és leírások

Trencsényi-Waldapfel Imre, 1937

– Ism.: Lit 1937. 242–243. – Szemlér Ferenc, Ptűz 1938. 508.

mib02Könyv 1937v

I. Általános rész/5. Az irodalmi élet és keretei/Irodalmi élet általában. Az irodalmi élet egyes kérdései/Egyes országrészek, városok irodalmi élete/Budapest/Összefoglaló munkák

Trencsényi-Waldapfel Imre
