{"entities":{"Q391725":{"pageid":366921,"ns":120,"title":"Item:Q391725","lastrevid":686677,"modified":"2024-01-13T13:29:25Z","type":"item","id":"Q391725","labels":{"hu":{"language":"hu","value":"A magyar szabads\u00e1gharc visszhangja a francia irodalomban 1848\u20131851"},"en":{"language":"en","value":"A magyar szabads\u00e1gharc visszhangja a francia irodalomban 1848\u20131851"}},"descriptions":{"hu":{"language":"hu","value":"Sipos Lajos, 1929"}},"aliases":{},"claims":{"P1":[{"mainsnak":{"snaktype":"value","property":"P1","datavalue":{"value":{"entity-type":"item","numeric-id":24104,"id":"Q24104"},"type":"wikibase-entityid"},"datatype":"wikibase-item"},"type":"statement","id":"Q391725$B8FCDDC5-3DBA-4C28-9AD8-3AF4744E0160","rank":"normal"}],"P17":[{"mainsnak":{"snaktype":"value","property":"P17","datavalue":{"value":{"entity-type":"item","numeric-id":2138,"id":"Q2138"},"type":"wikibase-entityid"},"datatype":"wikibase-item"},"type":"statement","id":"Q391725$39637BF7-D716-4215-9B2B-F419F4BCD5CA","rank":"normal"}],"P18":[{"mainsnak":{"snaktype":"value","property":"P18","datavalue":{"value":{"text":"\u2013 Ism.: Asztalos Mikl\u00f3s, ProtSz 1929. 635\u2013636. \u2013 Hajnal Istv\u00e1n, Sz\u00e1z 1929. 433\u2013434. \u2013 [Orsz\u00e1gh L\u00e1szl\u00f3] O. L., EPhK 1929. 245. \u2013 Benk\u0151 Katinka, Sz\u00e9ph 1931. 218.","language":"hu"},"type":"monolingualtext"},"datatype":"monolingualtext"},"type":"statement","id":"Q391725$AE36FDBB-AB7D-449B-BB3F-17AFA7C70DE5","rank":"normal"}],"P225":[{"mainsnak":{"snaktype":"value","property":"P225","datavalue":{"value":"mib02K\u00f6nyv 1929aa","type":"string"},"datatype":"string"},"type":"statement","id":"Q391725$BD11FAE7-A31B-48DA-B059-BC17FF0418BF","rank":"normal"}],"P226":[{"mainsnak":{"snaktype":"value","property":"P226","datavalue":{"value":"I. \u00c1ltal\u00e1nos r\u00e9sz/6. A magyar irodalom \u00e9s a vil\u00e1girodalom k\u00f6lcs\u00f6nhat\u00e1sai/A magyar irodalom kapcsolata egyes n\u00e9pek irodalm\u00e1val/Francia\u2013magyar kapcsolatok/Irodalom/A magyar irodalmi, szellemi \u00e9s politikai \u00e9let franciaorsz\u00e1gi visszhangja","type":"string"},"datatype":"string"},"type":"statement","id":"Q391725$61AEE510-2416-4EBA-B97B-ED75F64CBF88","rank":"normal"}],"P37":[{"mainsnak":{"snaktype":"value","property":"P37","datavalue":{"value":"Sipos Lajos","type":"string"},"datatype":"string"},"type":"statement","id":"Q391725$9D7E05DA-F6EE-4C81-AA3C-C9CB3B878670","rank":"normal"}],"P57":[{"mainsnak":{"snaktype":"value","property":"P57","datavalue":{"value":{"time":"+1929-00-00T00:00:00Z","timezone":0,"before":0,"after":0,"precision":9,"calendarmodel":"http://www.wikidata.org/entity/Q1985727"},"type":"time"},"datatype":"time"},"type":"statement","id":"Q391725$82DD9A57-A0D5-4731-A95F-7F99814A1D54","rank":"normal"}]},"sitelinks":{}}}}

A magyar szabadságharc visszhangja a francia irodalomban 1848–1851

– Ism.: Asztalos Miklós, ProtSz 1929. 635–636. – Hajnal István, Száz 1929. 433–434. – [Országh László] O. L., EPhK 1929. 245. – Benkő Katinka, Széph 1931. 218.

mib02Könyv 1929aa

I. Általános rész/6. A magyar irodalom és a világirodalom kölcsönhatásai/A magyar irodalom kapcsolata egyes népek irodalmával/Francia–magyar kapcsolatok/Irodalom/A magyar irodalmi, szellemi és politikai élet franciaországi visszhangja
