{"entities":{"Q391615":{"pageid":366825,"ns":120,"title":"Item:Q391615","lastrevid":686578,"modified":"2024-01-13T13:26:32Z","type":"item","id":"Q391615","labels":{"hu":{"language":"hu","value":"Adatok a Magyar Tudom\u00e1nyos Akad\u00e9mia \u00e9s a XIX. sz\u00e1zad els\u0151 fel\u00e9nek t\u00f6rt\u00e9net\u00e9hez. [Ferenczy Zolt\u00e1n: Sz\u00e9chenyi [Istv\u00e1n] eml\u00e9kezete. \u2013 B\u00e1rtfai Szab\u00f3 L\u00e1szl\u00f3: Adatok a M. Tud. Akad. t\u00f6rt\u00e9net\u00e9hez 1825\u20131849-ig]"},"en":{"language":"en","value":"Adatok a Magyar Tudom\u00e1nyos Akad\u00e9mia \u00e9s a XIX. sz\u00e1zad els\u0151 fel\u00e9nek t\u00f6rt\u00e9net\u00e9hez. [Ferenczy Zolt\u00e1n: Sz\u00e9chenyi [Istv\u00e1n] eml\u00e9kezete. \u2013 B\u00e1rtfai Szab\u00f3 L\u00e1szl\u00f3: Adatok a M. Tud. Akad. t\u00f6rt\u00e9net\u00e9hez 1825\u20131849-ig]"}},"descriptions":{"hu":{"language":"hu","value":", 1926"}},"aliases":{},"claims":{"P1":[{"mainsnak":{"snaktype":"value","property":"P1","datavalue":{"value":{"entity-type":"item","numeric-id":24104,"id":"Q24104"},"type":"wikibase-entityid"},"datatype":"wikibase-item"},"type":"statement","id":"Q391615$E5310CAB-8A8E-4C33-B9B6-28DA091007A5","rank":"normal"}],"P17":[{"mainsnak":{"snaktype":"value","property":"P17","datavalue":{"value":{"entity-type":"item","numeric-id":2138,"id":"Q2138"},"type":"wikibase-entityid"},"datatype":"wikibase-item"},"type":"statement","id":"Q391615$54F4A89D-B99D-475A-AEA7-4F22D2340FDF","rank":"normal"}],"P225":[{"mainsnak":{"snaktype":"value","property":"P225","datavalue":{"value":"mib02K\u00f6nyv 1926l","type":"string"},"datatype":"string"},"type":"statement","id":"Q391615$81E1904F-0A53-4999-A7AC-F1B2AE71CAF6","rank":"normal"}],"P226":[{"mainsnak":{"snaktype":"value","property":"P226","datavalue":{"value":"I. \u00c1ltal\u00e1nos r\u00e9sz/5. Az irodalmi \u00e9let \u00e9s keretei/Irodalmi \u00e9let \u00e1ltal\u00e1ban. Az irodalmi \u00e9let egyes k\u00e9rd\u00e9sei/Az irodalmi \u00e9let egyes k\u00e9rd\u00e9sei/A Magyar Tudom\u00e1nyos Akad\u00e9mia t\u00f6rt\u00e9nete alap\u00edt\u00e1s\u00e1t\u00f3l 1849-ig/Nem egykor\u00fa","type":"string"},"datatype":"string"},"type":"statement","id":"Q391615$2EA10F95-8763-4CAF-A464-903981063C37","rank":"normal"}],"P57":[{"mainsnak":{"snaktype":"value","property":"P57","datavalue":{"value":{"time":"+1926-00-00T00:00:00Z","timezone":0,"before":0,"after":0,"precision":9,"calendarmodel":"http://www.wikidata.org/entity/Q1985727"},"type":"time"},"datatype":"time"},"type":"statement","id":"Q391615$F0A81D78-3A98-40B4-8306-63A49FD8B798","rank":"normal"}]},"sitelinks":{}}}}

Adatok a Magyar Tudományos Akadémia és a XIX. század első felének történetéhez. [Ferenczy Zoltán: Széchenyi [István] emlékezete. – Bártfai Szabó László: Adatok a M. Tud. Akad. történetéhez 1825–1849-ig]

mib02Könyv 1926l

I. Általános rész/5. Az irodalmi élet és keretei/Irodalmi élet általában. Az irodalmi élet egyes kérdései/Az irodalmi élet egyes kérdései/A Magyar Tudományos Akadémia története alapításától 1849-ig/Nem egykorú
