{"entities":{"Q391607":{"pageid":366817,"ns":120,"title":"Item:Q391607","lastrevid":686569,"modified":"2024-01-13T13:26:12Z","type":"item","id":"Q391607","labels":{"hu":{"language":"hu","value":"Iratok a magyar \u00e1llamnyelv k\u00e9rd\u00e9s\u00e9nek t\u00f6rt\u00e9net\u00e9hez. 1790\u20131848"},"en":{"language":"en","value":"Iratok a magyar \u00e1llamnyelv k\u00e9rd\u00e9s\u00e9nek t\u00f6rt\u00e9net\u00e9hez. 1790\u20131848"}},"descriptions":{"hu":{"language":"hu","value":"Szekf\u0171 Gyula, 1926"}},"aliases":{},"claims":{"P1":[{"mainsnak":{"snaktype":"value","property":"P1","datavalue":{"value":{"entity-type":"item","numeric-id":24104,"id":"Q24104"},"type":"wikibase-entityid"},"datatype":"wikibase-item"},"type":"statement","id":"Q391607$4D1D0027-3FE4-44E0-B2F4-02158E1EDC3F","rank":"normal"}],"P17":[{"mainsnak":{"snaktype":"value","property":"P17","datavalue":{"value":{"entity-type":"item","numeric-id":2138,"id":"Q2138"},"type":"wikibase-entityid"},"datatype":"wikibase-item"},"type":"statement","id":"Q391607$A870D245-7386-4088-A38A-5C7CC91DFAF6","rank":"normal"}],"P18":[{"mainsnak":{"snaktype":"value","property":"P18","datavalue":{"value":{"text":"[A bevezet\u0151ben: a k\u00e9rd\u00e9s t\u00f6rt\u00e9nete. \u2013 Kritikai visszhangj\u00e1t ld. a ,,Forr\u00e1sok\u201d c. fejezetben]","language":"hu"},"type":"monolingualtext"},"datatype":"monolingualtext"},"type":"statement","id":"Q391607$C3254956-48FC-40E7-8164-BFA8338F0291","rank":"normal"}],"P225":[{"mainsnak":{"snaktype":"value","property":"P225","datavalue":{"value":"mib02K\u00f6nyv 1926d","type":"string"},"datatype":"string"},"type":"statement","id":"Q391607$252ECD9E-8A3E-4A74-AA08-47766B19C3CC","rank":"normal"}],"P226":[{"mainsnak":{"snaktype":"value","property":"P226","datavalue":{"value":"I. \u00c1ltal\u00e1nos r\u00e9sz/3. Az irodalmi m\u0171fajok, kifejez\u0151eszk\u00f6z\u00f6k elm\u00e9lete \u00e9s t\u00f6rt\u00e9nete/Az irodalmi kifejez\u0151eszk\u00f6z\u00f6k elm\u00e9lete \u00e9s t\u00f6rt\u00e9nete/Nyelv/Nyelvi r\u00e9tegek/Hivatalos nyelv. \u00c1llamnyelv/\u00d6sszefoglal\u00f3 munk\u00e1k","type":"string"},"datatype":"string"},"type":"statement","id":"Q391607$8103C9AA-9883-4E39-BCD1-ADEB6500EE6E","rank":"normal"}],"P37":[{"mainsnak":{"snaktype":"value","property":"P37","datavalue":{"value":"Szekf\u0171 Gyula","type":"string"},"datatype":"string"},"type":"statement","id":"Q391607$BEF8CE1F-A3F8-4D3E-A201-1609CE0C27A3","rank":"normal"}],"P57":[{"mainsnak":{"snaktype":"value","property":"P57","datavalue":{"value":{"time":"+1926-00-00T00:00:00Z","timezone":0,"before":0,"after":0,"precision":9,"calendarmodel":"http://www.wikidata.org/entity/Q1985727"},"type":"time"},"datatype":"time"},"type":"statement","id":"Q391607$59619CA5-9DA4-4ED6-BA61-F9491AB47ECA","rank":"normal"}]},"sitelinks":{}}}}

Iratok a magyar államnyelv kérdésének történetéhez. 1790–1848

Szekfű Gyula, 1926

[A bevezetőben: a kérdés története. – Kritikai visszhangját ld. a ,,Források” c. fejezetben]

mib02Könyv 1926d

I. Általános rész/3. Az irodalmi műfajok, kifejezőeszközök elmélete és története/Az irodalmi kifejezőeszközök elmélete és története/Nyelv/Nyelvi rétegek/Hivatalos nyelv. Államnyelv/Összefoglaló munkák

Szekfű Gyula
