{"entities":{"Q391137":{"pageid":366431,"ns":120,"title":"Item:Q391137","lastrevid":686173,"modified":"2024-01-13T13:13:03Z","type":"item","id":"Q391137","labels":{"hu":{"language":"hu","value":"Adal\u00e9kok a magyar iskolai dr\u00e1m\u00e1k t\u00f6rt\u00e9net\u00e9hez"},"en":{"language":"en","value":"Adal\u00e9kok a magyar iskolai dr\u00e1m\u00e1k t\u00f6rt\u00e9net\u00e9hez"}},"descriptions":{"hu":{"language":"hu","value":"Gerencs\u00e9r Istv\u00e1n, 1909"}},"aliases":{},"claims":{"P1":[{"mainsnak":{"snaktype":"value","property":"P1","datavalue":{"value":{"entity-type":"item","numeric-id":24104,"id":"Q24104"},"type":"wikibase-entityid"},"datatype":"wikibase-item"},"type":"statement","id":"Q391137$B18C623D-A100-4E3A-A3C3-1900367C9429","rank":"normal"}],"P17":[{"mainsnak":{"snaktype":"value","property":"P17","datavalue":{"value":{"entity-type":"item","numeric-id":2138,"id":"Q2138"},"type":"wikibase-entityid"},"datatype":"wikibase-item"},"type":"statement","id":"Q391137$2731D48E-52C3-433C-AB7E-2B73075753BE","rank":"normal"}],"P18":[{"mainsnak":{"snaktype":"value","property":"P18","datavalue":{"value":{"text":"\u2013 Ism.: Alszeghy Zsolt, EPhK 1909. 755\u2013757. \u2013 G\u00e1los Rezs\u0151, Sz\u00e1z 1910. 331.","language":"hu"},"type":"monolingualtext"},"datatype":"monolingualtext"},"type":"statement","id":"Q391137$EB15D545-B28D-45D0-A93B-C1366199D9BD","rank":"normal"}],"P225":[{"mainsnak":{"snaktype":"value","property":"P225","datavalue":{"value":"mib02K\u00f6nyv 1909ca","type":"string"},"datatype":"string"},"type":"statement","id":"Q391137$6479A254-A693-42C6-A25F-69CDE25BD7C1","rank":"normal"}],"P226":[{"mainsnak":{"snaktype":"value","property":"P226","datavalue":{"value":"I. \u00c1ltal\u00e1nos r\u00e9sz/3. Az irodalmi m\u0171fajok, kifejez\u0151eszk\u00f6z\u00f6k elm\u00e9lete \u00e9s t\u00f6rt\u00e9nete/R\u00e9szletes m\u0171fajelm\u00e9let \u00e9s m\u0171fajt\u00f6rt\u00e9net/M\u0171k\u00f6lt\u00e9szet. Sz\u00e9ppr\u00f3za. Dr\u00e1ma/Dr\u00e1ma/Dr\u00e1mai m\u0171fajok/Iskoladr\u00e1ma/Irodalom","type":"string"},"datatype":"string"},"type":"statement","id":"Q391137$904AE9EE-AB6E-420B-B7C3-46B6ED8F89BE","rank":"normal"}],"P37":[{"mainsnak":{"snaktype":"value","property":"P37","datavalue":{"value":"Gerencs\u00e9r Istv\u00e1n","type":"string"},"datatype":"string"},"type":"statement","id":"Q391137$168D5DE7-493D-49AB-B3BA-74E1A8535E6E","rank":"normal"}],"P57":[{"mainsnak":{"snaktype":"value","property":"P57","datavalue":{"value":{"time":"+1909-00-00T00:00:00Z","timezone":0,"before":0,"after":0,"precision":9,"calendarmodel":"http://www.wikidata.org/entity/Q1985727"},"type":"time"},"datatype":"time"},"type":"statement","id":"Q391137$BA58ADF5-AFA4-47EE-AB89-50E5C8DFDF47","rank":"normal"}]},"sitelinks":{}}}}

Adalékok a magyar iskolai drámák történetéhez

Gerencsér István, 1909

– Ism.: Alszeghy Zsolt, EPhK 1909. 755–757. – Gálos Rezső, Száz 1910. 331.

mib02Könyv 1909ca

I. Általános rész/3. Az irodalmi műfajok, kifejezőeszközök elmélete és története/Részletes műfajelmélet és műfajtörténet/Műköltészet. Széppróza. Dráma/Dráma/Drámai műfajok/Iskoladráma/Irodalom

Gerencsér István
