{"entities":{"Q390190":{"pageid":365549,"ns":120,"title":"Item:Q390190","lastrevid":685291,"modified":"2024-01-13T12:47:38Z","type":"item","id":"Q390190","labels":{"hu":{"language":"hu","value":"Az esztergomi \u00e9rseki-f\u0151megye paps\u00e1g\u00e1nak k\u00f6zm\u0171velts\u00e9gre hat\u00f3 irodalmi m\u0171k\u00f6d\u00e9se a leg\u00fajabb korban"},"en":{"language":"en","value":"Az esztergomi \u00e9rseki-f\u0151megye paps\u00e1g\u00e1nak k\u00f6zm\u0171velts\u00e9gre hat\u00f3 irodalmi m\u0171k\u00f6d\u00e9se a leg\u00fajabb korban"}},"descriptions":{"hu":{"language":"hu","value":"Majer Istv\u00e1n, 1873"}},"aliases":{},"claims":{"P1":[{"mainsnak":{"snaktype":"value","property":"P1","datavalue":{"value":{"entity-type":"item","numeric-id":24104,"id":"Q24104"},"type":"wikibase-entityid"},"datatype":"wikibase-item"},"type":"statement","id":"Q390190$C7D22F96-4AB9-42D6-AFDF-5E896447F405","rank":"normal"}],"P17":[{"mainsnak":{"snaktype":"value","property":"P17","datavalue":{"value":{"entity-type":"item","numeric-id":2138,"id":"Q2138"},"type":"wikibase-entityid"},"datatype":"wikibase-item"},"type":"statement","id":"Q390190$00EDC129-4F75-4E42-BDAA-E23D1055B1DA","rank":"normal"}],"P18":[{"mainsnak":{"snaktype":"value","property":"P18","datavalue":{"value":{"text":"\u2013 Ism.: Maszlaghy [Ferenc], \u00dajMSion 1873. 385\u2013387","language":"hu"},"type":"monolingualtext"},"datatype":"monolingualtext"},"type":"statement","id":"Q390190$72F2ECAF-F439-47F8-94F2-FB848BC11B68","rank":"normal"}],"P225":[{"mainsnak":{"snaktype":"value","property":"P225","datavalue":{"value":"mib02K\u00f6nyv 1873i","type":"string"},"datatype":"string"},"type":"statement","id":"Q390190$A89AF1EF-E081-4B3B-B834-8CCB958241B9","rank":"normal"}],"P226":[{"mainsnak":{"snaktype":"value","property":"P226","datavalue":{"value":"I. \u00c1ltal\u00e1nos r\u00e9sz/5. Az irodalmi \u00e9let \u00e9s keretei/Egyh\u00e1zak, felekezetek \u00e9s az irodalmi \u00e9let/Katolikus egyh\u00e1z","type":"string"},"datatype":"string"},"type":"statement","id":"Q390190$908B4353-516B-4B25-9B8A-7ECA3219DAE9","rank":"normal"}],"P37":[{"mainsnak":{"snaktype":"value","property":"P37","datavalue":{"value":"Majer Istv\u00e1n","type":"string"},"datatype":"string"},"type":"statement","id":"Q390190$A927B726-4018-4347-883E-01D381B484D0","rank":"normal"}],"P57":[{"mainsnak":{"snaktype":"value","property":"P57","datavalue":{"value":{"time":"+1873-00-00T00:00:00Z","timezone":0,"before":0,"after":0,"precision":9,"calendarmodel":"http://www.wikidata.org/entity/Q1985727"},"type":"time"},"datatype":"time"},"type":"statement","id":"Q390190$4FA71081-7470-415F-9E96-5D719163DCD9","rank":"normal"}]},"sitelinks":{}}}}

Az esztergomi érseki-főmegye papságának közműveltségre ható irodalmi működése a legújabb korban

Majer István, 1873

– Ism.: Maszlaghy [Ferenc], ÚjMSion 1873. 385–387

mib02Könyv 1873i

I. Általános rész/5. Az irodalmi élet és keretei/Egyházak, felekezetek és az irodalmi élet/Katolikus egyház

Majer István
