{"entities":{"Q354878":{"pageid":333213,"ns":120,"title":"Item:Q354878","lastrevid":1037950,"modified":"2025-04-14T22:43:27Z","type":"item","id":"Q354878","labels":{"hu":{"language":"hu","value":"Cso\u00f3ri S\u00e1ndor \u00e9s Csurka Istv\u00e1n szilenciuma a nyolcvanas \u00e9vekben"},"en":{"language":"en","value":"Cso\u00f3ri S\u00e1ndor \u00e9s Csurka Istv\u00e1n szilenciuma a nyolcvanas \u00e9vekben"}},"descriptions":{"hu":{"language":"hu","value":"\u00c1cs Margit, essz\u00e9, Hitel, 2013"}},"aliases":{},"claims":{"P1":[{"mainsnak":{"snaktype":"value","property":"P1","datavalue":{"value":{"entity-type":"item","numeric-id":24,"id":"Q24"},"type":"wikibase-entityid"},"datatype":"wikibase-item"},"type":"statement","id":"Q354878$88E061E9-556B-4698-94D5-E21F37A7B926","rank":"normal"}],"P17":[{"mainsnak":{"snaktype":"value","property":"P17","datavalue":{"value":{"entity-type":"item","numeric-id":2138,"id":"Q2138"},"type":"wikibase-entityid"},"datatype":"wikibase-item"},"type":"statement","id":"Q354878$426E40B4-0B71-4533-BBA7-42E7CB35C213","rank":"normal"}],"P192":[{"mainsnak":{"snaktype":"value","property":"P192","datavalue":{"value":{"entity-type":"item","numeric-id":240662,"id":"Q240662"},"type":"wikibase-entityid"},"datatype":"wikibase-item"},"type":"statement","id":"Q354878$113013AB-7A68-41D7-970A-D2CB83DD581E","rank":"normal"},{"mainsnak":{"snaktype":"value","property":"P192","datavalue":{"value":{"entity-type":"item","numeric-id":42688,"id":"Q42688"},"type":"wikibase-entityid"},"datatype":"wikibase-item"},"type":"statement","id":"Q354878$99AB6CE6-85E3-4D43-A136-99D19912DB00","rank":"normal"}],"P225":[{"mainsnak":{"snaktype":"value","property":"P225","datavalue":{"value":"mib2013\u00c1cs 2013c","type":"string"},"datatype":"string"},"type":"statement","id":"Q354878$D314A2BF-F0C2-4400-9226-3346F6B39F8C","rank":"normal"}],"P37":[{"mainsnak":{"snaktype":"value","property":"P37","datavalue":{"value":"\u00c1cs Margit","type":"string"},"datatype":"string"},"type":"statement","id":"Q354878$F2EA800E-3E79-4610-9263-688404C4DAA2","rank":"normal"}],"P41":[{"mainsnak":{"snaktype":"value","property":"P41","datavalue":{"value":{"entity-type":"item","numeric-id":33,"id":"Q33"},"type":"wikibase-entityid"},"datatype":"wikibase-item"},"type":"statement","id":"Q354878$0EAAC64C-EBCC-48A1-8361-32C6CD15C614","rank":"normal"}],"P44":[{"mainsnak":{"snaktype":"value","property":"P44","datavalue":{"value":{"entity-type":"item","numeric-id":23741,"id":"Q23741"},"type":"wikibase-entityid"},"datatype":"wikibase-item"},"type":"statement","id":"Q354878$3CDA148F-1A2E-491C-B209-BBDB786CA991","rank":"normal"}],"P45":[{"mainsnak":{"snaktype":"value","property":"P45","datavalue":{"value":"26","type":"string"},"datatype":"string"},"type":"statement","id":"Q354878$704BEF58-04E8-4075-BB98-873C9061B494","rank":"normal"}],"P46":[{"mainsnak":{"snaktype":"value","property":"P46","datavalue":{"value":"11","type":"string"},"datatype":"string"},"type":"statement","id":"Q354878$05E15797-7666-4FF3-B965-D582736FBBC3","rank":"normal"}],"P49":[{"mainsnak":{"snaktype":"value","property":"P49","datavalue":{"value":"23\u201329","type":"string"},"datatype":"string"},"type":"statement","id":"Q354878$C86D8163-5E6C-4ABB-87B5-6CF5BC4E4428","rank":"normal"}],"P57":[{"mainsnak":{"snaktype":"value","property":"P57","datavalue":{"value":{"time":"+2013-00-00T00:00:00Z","timezone":0,"before":0,"after":0,"precision":9,"calendarmodel":"http://www.wikidata.org/entity/Q1985727"},"type":"time"},"datatype":"time"},"type":"statement","id":"Q354878$F3DB1249-C765-4FA8-8872-3CD10A120C95","rank":"normal"}],"P18":[{"mainsnak":{"snaktype":"value","property":"P18","datavalue":{"value":{"text":"Eml\u00edtve: Major Tam\u00e1s, Acz\u00e9l Gy\u00f6rgy, P\u00e1ndi P\u00e1l, G\u00f6r\u00f6mbei Andr\u00e1s, Kiss Ferenc, Fekete Gyula, Duray Mikl\u00f3s, M\u00e9sz\u00f6ly Mikl\u00f3s, Cseres Tibor, Vajda Gy\u00f6rgy. Eml\u00edtett m\u0171vek: Csurka Istv\u00e1n: Az eszt\u00e9ta, D\u00f6gl\u00f6tt akn\u00e1k, Az elfogadhatatlan realit\u00e1s; Cso\u00f3ri S\u00e1ndor: Kapaszkod\u00e1s a megmarad\u00e1s\u00e9rt; Illy\u00e9s Gyula: Szellem \u00e9s er\u0151szak. Eml\u00edtett foly\u00f3iratok: Kritika, Mozg\u00f3 Vil\u00e1g, Tiszat\u00e1j, Magyar Nemzet, Hitel.","language":"en"},"type":"monolingualtext"},"datatype":"monolingualtext"},"type":"statement","id":"Q354878$90864179-9437-43F9-8246-D89A45BC51AF","rank":"normal"}]},"sitelinks":{}}}}

Csoóri Sándor és Csurka István szilenciuma a nyolcvanas években

Ács Margit, esszé, Hitel, 2013

mib2013Ács 2013c

Ács Margit

Említve: Major Tamás, Aczél György, Pándi Pál, Görömbei András, Kiss Ferenc, Fekete Gyula, Duray Miklós, Mészöly Miklós, Cseres Tibor, Vajda György. Említett művek: Csurka István: Az esztéta, Döglött aknák, Az elfogadhatatlan realitás; Csoóri Sándor: Kapaszkodás a megmaradásért; Illyés Gyula: Szellem és erőszak. Említett folyóiratok: Kritika, Mozgó Világ, Tiszatáj, Magyar Nemzet, Hitel.
