{"entities":{"Q349275":{"pageid":327857,"ns":120,"title":"Item:Q349275","lastrevid":629202,"modified":"2023-12-02T07:10:51Z","type":"item","id":"Q349275","labels":{"hu":{"language":"hu","value":"Z\u00e1por"},"en":{"language":"en","value":"Z\u00e1por"}},"descriptions":{"hu":{"language":"hu","value":"K\u00f6lcsey Ferenc, vers, Cs\u00e1sz\u00e1r Ferenc, Ungarische Sprachlehre, 1834"}},"aliases":{"hu":[{"language":"hu","value":"Der Regengu\u00df"}]},"claims":{"P1":[{"mainsnak":{"snaktype":"value","property":"P1","datavalue":{"value":{"entity-type":"item","numeric-id":12,"id":"Q12"},"type":"wikibase-entityid"},"datatype":"wikibase-item"},"type":"statement","id":"Q349275$addb6263-4561-256f-6f3f-5a7cd0c0c557","rank":"normal"}],"P7":[{"mainsnak":{"snaktype":"value","property":"P7","datavalue":{"value":{"entity-type":"item","numeric-id":54265,"id":"Q54265"},"type":"wikibase-entityid"},"datatype":"wikibase-item"},"type":"statement","id":"Q349275$86c9e68e-4f9f-bcbb-e92f-7eaa4f7ce653","rank":"normal"}],"P41":[{"mainsnak":{"snaktype":"value","property":"P41","datavalue":{"value":{"entity-type":"item","numeric-id":35,"id":"Q35"},"type":"wikibase-entityid"},"datatype":"wikibase-item"},"type":"statement","id":"Q349275$91a1717a-4f1b-f1e3-e0bb-b3ef3c533acb","rank":"normal"}],"P44":[{"mainsnak":{"snaktype":"value","property":"P44","datavalue":{"value":{"entity-type":"item","numeric-id":349274,"id":"Q349274"},"type":"wikibase-entityid"},"datatype":"wikibase-item"},"type":"statement","id":"Q349275$983d9c1b-4485-9668-8ce9-48019cfda0c6","rank":"normal"}],"P57":[{"mainsnak":{"snaktype":"value","property":"P57","datavalue":{"value":{"time":"+1834-00-00T00:00:00Z","timezone":0,"before":0,"after":0,"precision":9,"calendarmodel":"http://www.wikidata.org/entity/Q1985727"},"type":"time"},"datatype":"time"},"type":"statement","id":"Q349275$cf91cf1d-42a5-cd23-fa4d-701624005035","rank":"normal"}],"P49":[{"mainsnak":{"snaktype":"value","property":"P49","datavalue":{"value":"189\u2013192.","type":"string"},"datatype":"string"},"type":"statement","id":"Q349275$51bdb628-420e-d915-a2a1-fcf1a7fc96ce","rank":"normal"}],"P18":[{"mainsnak":{"snaktype":"value","property":"P18","datavalue":{"value":{"text":"A szerz\u0151 nev\u00e9nek megnevez\u00e9se n\u00e9lk\u00fcl.","language":"hu"},"type":"monolingualtext"},"datatype":"monolingualtext"},"type":"statement","id":"Q349275$35bf93e5-4334-3c24-bd7e-94206fe39b66","rank":"normal"},{"mainsnak":{"snaktype":"value","property":"P18","datavalue":{"value":{"text":"Forr\u00e1s az Aurora vagy a Hb sz\u00f6vege; a verssz\u00f6veg alatt folyamatosann\u00e9met nyelv\u0171 sz\u00f3szedet (c\u00edm: Der Regengu\u00df), a lapok alj\u00e1n folyamatosan k\u00f6zli Tretter ford\u00edt\u00e1s\u00e1t, mely a Hb II. k\u00f6tet\u00e9nek f\u00fcggel\u00e9k\u00e9ben jelent meg Das Gewitter c\u00edmmel. (Nem jelzi a ford\u00edt\u00f3 nev\u00e9t sem.)","language":"hu"},"type":"monolingualtext"},"datatype":"monolingualtext"},"type":"statement","id":"Q349275$2e829d9c-4df0-e343-af39-e278b403abec","rank":"normal"}]},"sitelinks":{}}}}

Zápor

Kölcsey Ferenc, vers, Császár Ferenc, Ungarische Sprachlehre, 1834

Der Regenguß

A szerző nevének megnevezése nélkül.

Forrás az Aurora vagy a Hb szövege; a versszöveg alatt folyamatosannémet nyelvű szószedet (cím: Der Regenguß), a lapok alján folyamatosan közli Tretter fordítását, mely a Hb II. kötetének függelékében jelent meg Das Gewitter címmel. (Nem jelzi a fordító nevét sem.)
