{"entities":{"Q347708":{"pageid":326259,"ns":120,"title":"Item:Q347708","lastrevid":643871,"modified":"2023-12-21T23:44:18Z","type":"item","id":"Q347708","labels":{"hu":{"language":"hu","value":"Pet\u0151fi S\u00e1ndor 1846-os verseinek autogr\u00e1f gy\u0171jtem\u00e9nye"},"en":{"language":"en","value":"Pet\u0151fi S\u00e1ndor 1846-os verseinek autogr\u00e1f gy\u0171jtem\u00e9nye"}},"descriptions":{"hu":{"language":"hu","value":"Pet\u0151fi S\u00e1ndor, k\u00e9zirat, OSZK Kt. Fond VII/97."},"en":{"language":"en","value":"S\u00e1ndor Pet\u0151fi, manuscript, OSZK Kt. Fond VII/97."}},"aliases":{"hu":[{"language":"hu","value":"versgy\u0171jt\u0151 f\u00fczet"}]},"claims":{"P1":[{"mainsnak":{"snaktype":"value","property":"P1","datavalue":{"value":{"entity-type":"item","numeric-id":15,"id":"Q15"},"type":"wikibase-entityid"},"datatype":"wikibase-item"},"type":"statement","id":"Q347708$99c463bc-49d4-0ade-b7a7-9e955252f20f","rank":"normal"}],"P7":[{"mainsnak":{"snaktype":"value","property":"P7","datavalue":{"value":{"entity-type":"item","numeric-id":149546,"id":"Q149546"},"type":"wikibase-entityid"},"datatype":"wikibase-item"},"type":"statement","id":"Q347708$9c5f58a5-44cb-600f-43c1-eabccacc5d66","rank":"normal"}],"P43":[{"mainsnak":{"snaktype":"value","property":"P43","datavalue":{"value":{"entity-type":"item","numeric-id":89,"id":"Q89"},"type":"wikibase-entityid"},"datatype":"wikibase-item"},"type":"statement","id":"Q347708$96f7e784-4b6f-1de2-8c28-1924951ca0e1","rank":"normal"}],"P18":[{"mainsnak":{"snaktype":"value","property":"P18","datavalue":{"value":{"text":"\"210 x 263 mm nagys\u00e1g\u00fa lapokb\u00f3l, \u00e1ll\u00f3 form\u00e1tumban \u00f6ssze\u00e1ll\u00edtott, 12 f. terjedelm\u0171 f\u00fcz., amelynek c\u00edm- \u00e9s el\u0151z\u00e9klapja hi\u00e1nyzik. Idegen k\u00e9z \u00edr\u00e1s\u00e1val k\u00e9sz\u00fclt cenz\u00farap\u00e9ld\u00e1ny. Kov\u00e1cs Mih\u00e1ly t\u00farkevei tan\u00edt\u00f3 k\u00fcldte be 1883-ban, majd Gyulai P\u00e1l, a DK szerkeszt\u0151je juttatta el a nemzeti k\u00f6nyvt\u00e1rba. Pallium\u00e1ra dr. Sebesty\u00e9n Gyula, a k\u00e9ziratt\u00e1r akkori \u0151re ezeket jegyezte f\u00f6l: \"Pet\u0151fi S\u00e1ndor tizenn\u00e9gy [val\u00f3j\u00e1ban 16] k\u00f6ltem\u00e9ny\u00e9nek idegen k\u00e9zzel irt m\u00e1solata, 1846\u201447-b\u0151l [(val\u00f3j\u00e1ban csak 1846-b\u00f3l (Cenzurai p\u00e9ld\u00e1ny, 24 lap.) (Gyulai P\u00e1l let\u00e9tem\u00e9nye 1893III/1.)\" A Kov\u00e1cs Mih\u00e1ly-f\u00e9le k\u00e9ziratokat v\u00e9g\u00fcl 1900-ban v\u00e1s\u00e1rolta meg a k\u00f6nyvt\u00e1r, I. Sebesty\u00e9n r\u00e1jegyz\u00e9s\u00e9t a Fond VII/93. k\u00e9ziratra (-> III. 408.)! Ak\u00e9zirategy\u00fcttes t\u00f6rt\u00e9net\u00e9t \u00e9s ismertet\u00e9s\u00e9t l. Ferenczi Zolt\u00e1n: A Kov\u00e1cs Mih\u00e1ly f\u00e9le k\u00e9ziratok. PetMuz VI. \u00e9vf. 6. sz. [1893. nov.] 138\u2014139. A f\u00fczet v\u00e9g\u00e9n \u2014 az utols\u00f3 vers, a Dalaim v\u00e9gs\u0151 str\u00f3f\u00e1j\u00e1nak t\u00f6rl\u00e9s\u00e9t k\u00f6vet\u0151en \u2014 a cenzori enged\u00e9ly olvashat\u00f3: \"Mell\u0151zv\u00e9n a t\u00f6rl\u00f6tteket, kinyomathatik. 6/8 1846. Reseta m[aga]. k[ez\u00e9vel].\" Ferenczi a d\u00e1tumot j\u00fan. 8-nak oldotta fel, pedig helyesen: aug. 6. (Err\u0151l a PIM Kt. P-an. P 54. jelzet\u0171, szint\u00e9n Reseta enged\u00e9lyezte m\u00e1sik cenz\u00farap\u00e9ld\u00e1ny gy\u0151z meg, az \u00d6K r\u00e9szlete, amely a f\u00e9lre\u00e9rthetetlen 12/1 847 = 1847.jan. 12. d\u00e1tumot viseli. F\u00e9lre\u00e9rthetetlen, mert 1846. decemberi verseket is tartalmaz, az \u00d6K1 pedig 1847. m\u00e1rc. 15-\u00e9n jelent meg, teh\u00e1t a d\u00e1tumnak dec, 1-ji olvasata/\u00e9rtelmez\u00e9se nem lehets\u00e9ges.) A d\u00e1tum helyes felold\u00e1sa az\u00e9rt fontos, mert kor\u00e1bban, a j\u00fan. 8. tudat\u00e1ban aT\u00edzek T\u00e1rsas\u00e1ga \u00e1ltal, Pesti F\u00fczetek n\u00e9ven tervezett foly\u00f3irat sz\u00e1m\u00e1ra \u00f6ssze\u00edrtnak felt\u00e9telezhett\u00fck. Az aug. 6. viszont amellett sz\u00f3l, hogy Pet\u0151fi ekkor az Emich Guszt\u00e1vval 1846. j\u00fan. 22-\u00e9n megk\u00f6t\u00f6tt szerz\u0151d\u00e9se \u00e9rtelm\u00e9ben (sz\u00f6veg\u00e9t I. VPVII. 638.) m\u00e1r az \u00d6K1 sz\u00e1m\u00e1ra \u00edratta \u00f6ssze verseit. \u00cdgy k\u00e9pet alkothatunk arr\u00f3l is, mivel t\u00f6lt\u00f6tte 1846 j\u00falius\u00e1t a k\u00f6lt\u0151, amikorr\u00f3l felt\u0171n\u0151en kev\u00e9s k\u00f6ltem\u00e9nye keltezhet\u0151.\"[Ker\u00e9nyi Ferenc jegyzete=Pet\u0151fi S\u00e1ndor \u00f6sszes k\u00f6ltem\u00e9nyei (1845. augusztus - 1846), Akad\u00e9miai Kiad\u00f3, Budapest, 2003. 414. o.]","language":"hu"},"type":"monolingualtext"},"datatype":"monolingualtext"},"type":"statement","id":"Q347708$1bfb2eec-4913-a529-e765-30c94d4840c2","rank":"normal"}],"P190":[{"mainsnak":{"snaktype":"value","property":"P190","datavalue":{"value":"OSZK Kt. Fond VII/97.","type":"string"},"datatype":"string"},"type":"statement","id":"Q347708$93a68bd8-41fe-b159-56b4-f49690db4bad","rank":"normal"}]},"sitelinks":{}}}}

Petőfi Sándor 1846-os verseinek autográf gyűjteménye

Petőfi Sándor, kézirat, OSZK Kt. Fond VII/97.

Sándor Petőfi, manuscript, OSZK Kt. Fond VII/97.

versgyűjtő füzet

"210 x 263 mm nagyságú lapokból, álló formátumban összeállított, 12 f. terjedelmű füz., amelynek cím- és előzéklapja hiányzik. Idegen kéz írásával készült cenzúrapéldány. Kovács Mihály túrkevei tanító küldte be 1883-ban, majd Gyulai Pál, a DK szerkesztője juttatta el a nemzeti könyvtárba. Palliumára dr. Sebestyén Gyula, a kézirattár akkori őre ezeket jegyezte föl: "Petőfi Sándor tizennégy [valójában 16] költeményének idegen kézzel irt másolata, 1846—47-ből [(valójában csak 1846-ból (Cenzurai példány, 24 lap.) (Gyulai Pál letéteménye 1893III/1.)" A Kovács Mihály-féle kéziratokat végül 1900-ban vásárolta meg a könyvtár, I. Sebestyén rájegyzését a Fond VII/93. kéziratra (-> III. 408.)! Akézirategyüttes történetét és ismertetését l. Ferenczi Zoltán: A Kovács Mihály féle kéziratok. PetMuz VI. évf. 6. sz. [1893. nov.] 138—139. A füzet végén — az utolsó vers, a Dalaim végső strófájának törlését követően — a cenzori engedély olvasható: "Mellőzvén a törlötteket, kinyomathatik. 6/8 1846. Reseta m[aga]. k[ezével]." Ferenczi a dátumot jún. 8-nak oldotta fel, pedig helyesen: aug. 6. (Erről a PIM Kt. P-an. P 54. jelzetű, szintén Reseta engedélyezte másik cenzúrapéldány győz meg, az ÖK részlete, amely a félreérthetetlen 12/1 847 = 1847.jan. 12. dátumot viseli. Félreérthetetlen, mert 1846. decemberi verseket is tartalmaz, az ÖK1 pedig 1847. márc. 15-én jelent meg, tehát a dátumnak dec, 1-ji olvasata/értelmezése nem lehetséges.) A dátum helyes feloldása azért fontos, mert korábban, a jún. 8. tudatában aTízek Társasága által, Pesti Füzetek néven tervezett folyóirat számára összeírtnak feltételezhettük. Az aug. 6. viszont amellett szól, hogy Petőfi ekkor az Emich Gusztávval 1846. jún. 22-én megkötött szerződése értelmében (szövegét I. VPVII. 638.) már az ÖK1 számára íratta össze verseit. Így képet alkothatunk arról is, mivel töltötte 1846 júliusát a költő, amikorról feltűnően kevés költeménye keltezhető."[Kerényi Ferenc jegyzete=Petőfi Sándor összes költeményei (1845. augusztus - 1846), Akadémiai Kiadó, Budapest, 2003. 414. o.]
