{"entities":{"Q347651":{"pageid":326202,"ns":120,"title":"Item:Q347651","lastrevid":644665,"modified":"2023-12-28T08:39:54Z","type":"item","id":"Q347651","labels":{"hu":{"language":"hu","value":"F\u00fcnfzehnmal Keule"},"en":{"language":"en","value":"F\u00fcnfzehnmal Keule"}},"descriptions":{"hu":{"language":"hu","value":"Christoph Schr\u00f6der, laud\u00e1ci\u00f3, Frankfurter Rundschau, 2004"}},"aliases":{},"claims":{"P17":[{"mainsnak":{"snaktype":"value","property":"P17","datavalue":{"value":{"entity-type":"item","numeric-id":329199,"id":"Q329199"},"type":"wikibase-entityid"},"datatype":"wikibase-item"},"type":"statement","id":"Q347651$2e74d5e2-4fe7-6de9-c623-89e0c93ee8b3","rank":"normal"}],"P1":[{"mainsnak":{"snaktype":"value","property":"P1","datavalue":{"value":{"entity-type":"item","numeric-id":23,"id":"Q23"},"type":"wikibase-entityid"},"datatype":"wikibase-item"},"type":"statement","id":"Q347651$352ea491-499f-08ef-e620-8fc62db6033e","rank":"normal"}],"P41":[{"mainsnak":{"snaktype":"value","property":"P41","datavalue":{"value":{"entity-type":"item","numeric-id":24127,"id":"Q24127"},"type":"wikibase-entityid"},"datatype":"wikibase-item"},"type":"statement","id":"Q347651$2cb69541-43d7-26b9-88a5-9eadbe7b969b","rank":"normal"}],"P57":[{"mainsnak":{"snaktype":"value","property":"P57","datavalue":{"value":{"time":"+2004-10-11T00:00:00Z","timezone":0,"before":0,"after":0,"precision":11,"calendarmodel":"http://www.wikidata.org/entity/Q1985727"},"type":"time"},"datatype":"time"},"type":"statement","id":"Q347651$b86c1c5b-4471-8f86-0b77-924032d3f7f3","rank":"normal"}],"P49":[{"mainsnak":{"snaktype":"value","property":"P49","datavalue":{"value":"12.","type":"string"},"datatype":"string"},"type":"statement","id":"Q347651$cd71fa6c-4a5b-d17d-13bc-29a178f6f4b6","rank":"normal"}],"P43":[{"mainsnak":{"snaktype":"value","property":"P43","datavalue":{"value":{"entity-type":"item","numeric-id":2966,"id":"Q2966"},"type":"wikibase-entityid"},"datatype":"wikibase-item"},"type":"statement","id":"Q347651$bd9f3971-4039-8c38-98b8-749f9dacf162","rank":"normal"}],"P18":[{"mainsnak":{"snaktype":"value","property":"P18","datavalue":{"value":{"text":"Esterh\u00e1zy P\u00e9ter (1950-2016), Friedenspreis des Deutschen Buchhandels","language":"de"},"type":"monolingualtext"},"datatype":"monolingualtext"},"type":"statement","id":"Q347651$8487cd29-4967-f68d-b8c8-4a2a28c2bbbb","rank":"normal"}]},"sitelinks":{}}}}

Fünfzehnmal Keule

Christoph Schröder, laudáció, Frankfurter Rundschau, 2004

Esterházy Péter (1950-2016), Friedenspreis des Deutschen Buchhandels
