{"entities":{"Q25745":{"pageid":25921,"ns":120,"title":"Item:Q25745","lastrevid":495885,"modified":"2023-06-27T11:30:13Z","type":"item","id":"Q25745","labels":{"hu":{"language":"hu","value":"Carmen Novum"},"en":{"language":"en","value":"Carmen Novum"}},"descriptions":{"hu":{"language":"hu","value":"Babits Mih\u00e1ly, vers, Nyugat, 1917"},"en":{"language":"en","value":"Mih\u00e1ly Babits, poem, Nyugat, 1917"}},"aliases":{},"claims":{"P18":[{"mainsnak":{"snaktype":"value","property":"P18","datavalue":{"value":{"text":"Arany-eml\u00e9ksz\u00e1m","language":"hu"},"type":"monolingualtext"},"datatype":"monolingualtext"},"type":"statement","id":"Q25745$0428ee42-4965-1915-37ee-419e726576c2","rank":"normal"}],"P1":[{"mainsnak":{"snaktype":"value","property":"P1","datavalue":{"value":{"entity-type":"item","numeric-id":12,"id":"Q12"},"type":"wikibase-entityid"},"datatype":"wikibase-item"},"type":"statement","id":"Q25745$3db433fc-40c8-b4f8-7628-6ed19fcfde59","rank":"normal"}],"P41":[{"mainsnak":{"snaktype":"value","property":"P41","datavalue":{"value":{"entity-type":"item","numeric-id":35,"id":"Q35"},"type":"wikibase-entityid"},"datatype":"wikibase-item"},"type":"statement","id":"Q25745$95df2ae6-47e7-022e-92cc-e996f6baedf7","rank":"normal"}],"P7":[{"mainsnak":{"snaktype":"value","property":"P7","datavalue":{"value":{"entity-type":"item","numeric-id":156,"id":"Q156"},"type":"wikibase-entityid"},"datatype":"wikibase-item"},"type":"statement","id":"Q25745$a67afb0a-4f37-9d0c-760f-6eac0ab32a58","rank":"normal"}],"P61":[{"mainsnak":{"snaktype":"value","property":"P61","datavalue":{"value":{"text":"\"\u00c9sz! mikor esztelen csat\u00e1kban teuton \u00f6rv\u00e9ny elragadt,\"","language":"hu"},"type":"monolingualtext"},"datatype":"monolingualtext"},"type":"statement","id":"Q25745$2732513e-4b34-ac59-8171-59de73bf6cff","rank":"normal"}],"P44":[{"mainsnak":{"snaktype":"value","property":"P44","datavalue":{"value":{"entity-type":"item","numeric-id":155,"id":"Q155"},"type":"wikibase-entityid"},"datatype":"wikibase-item"},"type":"statement","id":"Q25745$dbb4beeb-453c-12ac-e603-570dd1a231eb","rank":"normal"}],"P45":[{"mainsnak":{"snaktype":"value","property":"P45","datavalue":{"value":"10.","type":"string"},"datatype":"string"},"type":"statement","id":"Q25745$8901cc0f-41ae-d5c6-65ff-304c99486ae4","rank":"normal"}],"P46":[{"mainsnak":{"snaktype":"value","property":"P46","datavalue":{"value":"5.","type":"string"},"datatype":"string"},"type":"statement","id":"Q25745$0d09206f-4c2d-a56d-f707-7f12822a0d22","rank":"normal"}],"P57":[{"mainsnak":{"snaktype":"value","property":"P57","datavalue":{"value":{"time":"+1917-03-01T00:00:00Z","timezone":0,"before":0,"after":0,"precision":11,"calendarmodel":"http://www.wikidata.org/entity/Q1985727"},"type":"time"},"datatype":"time"},"type":"statement","id":"Q25745$7a9f0dc4-4978-b0b0-ad49-e63fe392ee40","rank":"normal"}],"P49":[{"mainsnak":{"snaktype":"value","property":"P49","datavalue":{"value":"496\u2013498.","type":"string"},"datatype":"string"},"type":"statement","id":"Q25745$9dd441ae-43fa-1a63-52be-e9555f85097d","rank":"normal"}],"P108":[{"mainsnak":{"snaktype":"value","property":"P108","datavalue":{"value":{"text":"lyrico-philosophicum In Memoriam Aemilii LASE professoris philosophiae Heydelbergiensis Obiit Pro Patria Anno 1915. In Galicia. (Szilasi Vilmosnak.)","language":"hu"},"type":"monolingualtext"},"datatype":"monolingualtext"},"type":"statement","id":"Q25745$a7e4f3fe-481a-f3eb-ddc5-f78e4ddfe1c5","rank":"normal"}],"P17":[{"mainsnak":{"snaktype":"value","property":"P17","datavalue":{"value":{"entity-type":"item","numeric-id":332512,"id":"Q332512"},"type":"wikibase-entityid"},"datatype":"wikibase-item"},"type":"statement","id":"Q25745$05aab3ba-4456-913f-7fcc-35f80f5f3278","rank":"normal"}]},"sitelinks":{}}}}

Babits Mihály, vers, Nyugat, 1917

Mihály Babits, poem, Nyugat, 1917

Arany-emlékszám

"Ész! mikor esztelen csatákban teuton örvény elragadt,"
