{"entities":{"Q24502":{"pageid":24663,"ns":120,"title":"Item:Q24502","lastrevid":522141,"modified":"2023-09-18T08:47:53Z","type":"item","id":"Q24502","labels":{"hu":{"language":"hu","value":"A kis vil\u00e1g, amelyben a nagy tartja pr\u00f3b\u00e1j\u00e1t. Moritz Cs\u00e1ky: Das Ged\u00e4chtnis Zentraleuropas. Kulturelle und literarische Projektionen auf eine Region"},"en":{"language":"en","value":"A kis vil\u00e1g, amelyben a nagy tartja pr\u00f3b\u00e1j\u00e1t. Moritz Cs\u00e1ky: Das Ged\u00e4chtnis Zentraleuropas. Kulturelle und literarische Projektionen auf eine Region"}},"descriptions":{"hu":{"language":"hu","value":"Taraf\u00e1s Imre, recenzi\u00f3, Irodalomt\u00f6rt\u00e9net, 2021"}},"aliases":{},"claims":{"P1":[{"mainsnak":{"snaktype":"value","property":"P1","datavalue":{"value":{"entity-type":"item","numeric-id":29,"id":"Q29"},"type":"wikibase-entityid"},"datatype":"wikibase-item"},"type":"statement","id":"Q24502$364d303f-41f2-91f0-6243-46c2b6f97230","rank":"normal"}],"P44":[{"mainsnak":{"snaktype":"value","property":"P44","datavalue":{"value":{"entity-type":"item","numeric-id":23784,"id":"Q23784"},"type":"wikibase-entityid"},"datatype":"wikibase-item"},"type":"statement","id":"Q24502$3604ca10-49b3-0b21-49a8-80919e33d296","rank":"normal"}],"P45":[{"mainsnak":{"snaktype":"value","property":"P45","datavalue":{"value":"52(102).","type":"string"},"datatype":"string"},"type":"statement","id":"Q24502$255f20fe-4d03-0e92-6ed1-32130927301e","rank":"normal"}],"P57":[{"mainsnak":{"snaktype":"value","property":"P57","datavalue":{"value":{"time":"+2021-00-00T00:00:00Z","timezone":0,"before":0,"after":0,"precision":9,"calendarmodel":"http://www.wikidata.org/entity/Q1985727"},"type":"time"},"datatype":"time"},"type":"statement","id":"Q24502$3de2e2c1-4f9e-9b40-89de-406dbc04906d","rank":"normal"}],"P46":[{"mainsnak":{"snaktype":"value","property":"P46","datavalue":{"value":"1.","type":"string"},"datatype":"string"},"type":"statement","id":"Q24502$de2d9948-4690-144d-0ffb-0619497ee628","rank":"normal"}],"P49":[{"mainsnak":{"snaktype":"value","property":"P49","datavalue":{"value":"97\u2013107.","type":"string"},"datatype":"string"},"type":"statement","id":"Q24502$b1c9b56a-40b2-50d5-a2a5-63bfab2f4d7f","rank":"normal"}],"P147":[{"mainsnak":{"snaktype":"value","property":"P147","datavalue":{"value":"Cs\u00e1ky M\u00f3ric","type":"string"},"datatype":"string"},"type":"statement","qualifiers":{"P100":[{"snaktype":"value","property":"P100","hash":"f09fb657c10fdb68365352d4e6ec6f16cd71cf43","datavalue":{"value":"PIM49749","type":"string"},"datatype":"external-id"}]},"qualifiers-order":["P100"],"id":"Q24502$a06764eb-43f8-a095-070b-f9e5b9805dc7","rank":"normal"}],"P18":[{"mainsnak":{"snaktype":"value","property":"P18","datavalue":{"value":{"text":"Moritz Cs\u00e1ky: Das Ged\u00e4chtnis Zentraleuropas. Kulturelle und literarische Projektionen auf eine Region [K\u00f6z\u00e9p-Eur\u00f3pa eml\u00e9kezete. Kultur\u00e1lis \u00e9s irodalmi vet\u00edt\u00e9sek egy r\u00e9gi\u00f3ra] [Monogr\u00e1fia], Wien\u2013K\u00f6ln\u2013Weimar, B\u00f6hlau Verlag, 2019, 392 l. A b\u00e9csi modernit\u00e1s t\u00f6rt\u00e9nete, a heterog\u00e9n kultur\u00e1lis k\u00f6rnyezet stimul\u00e1l\u00f3 hat\u00e1sa a sz\u00e1zadfordul\u00f3s B\u00e9csben.","language":"hu"},"type":"monolingualtext"},"datatype":"monolingualtext"},"type":"statement","id":"Q24502$83171e8f-48c8-b207-8bb2-201584235558","rank":"normal"}],"P17":[{"mainsnak":{"snaktype":"value","property":"P17","datavalue":{"value":{"entity-type":"item","numeric-id":2138,"id":"Q2138"},"type":"wikibase-entityid"},"datatype":"wikibase-item"},"type":"statement","id":"Q24502$f5b27830-476e-6666-90be-12218a44f1a8","rank":"normal"}],"P7":[{"mainsnak":{"snaktype":"value","property":"P7","datavalue":{"value":{"entity-type":"item","numeric-id":169277,"id":"Q169277"},"type":"wikibase-entityid"},"datatype":"wikibase-item"},"type":"statement","id":"Q24502$1dc6ac1b-4847-34f0-c17e-b65a48f0eaa3","rank":"normal"}]},"sitelinks":{}}}}

A kis világ, amelyben a nagy tartja próbáját. Moritz Csáky: Das Gedächtnis Zentraleuropas. Kulturelle und literarische Projektionen auf eine Region

Tarafás Imre, recenzió, Irodalomtörténet, 2021

Csáky Móric

Moritz Csáky: Das Gedächtnis Zentraleuropas. Kulturelle und literarische Projektionen auf eine Region [Közép-Európa emlékezete. Kulturális és irodalmi vetítések egy régióra] [Monográfia], Wien–Köln–Weimar, Böhlau Verlag, 2019, 392 l. A bécsi modernitás története, a heterogén kulturális környezet stimuláló hatása a századfordulós Bécsben.
